000
CXUS56 KSEW 011034
CLMUIL
CLIMATE REPORT
NATIONAL WEATHER SERVICE SEATTLE
334 AM PDT SAT JUL 01 2023
...................................
...THE QUILLAYUTE WA AIRPORT CLIMATE SUMMARY FOR THE MONTH OF JUNE 2023...
CLIMATE NORMAL PERIOD 1991 TO 2020
CLIMATE RECORD PERIOD 1966 TO 2023
WEATHER OBSERVED NORMAL DEPART LAST YEAR`S
VALUE DATE(S) VALUE FROM VALUE DATE(S)
NORMAL
................................................................
TEMPERATURE (F)
RECORD
HIGH 110 06/28/2021
LOW 33 06/02/1976
06/01/1976
HIGHEST 89 06/06 MM MM 87 06/25
LOWEST 36 06/05 MM MM 40 06/07
AVG. MAXIMUM 66.1 63.3 2.8 62.9
AVG. MINIMUM 48.7 47.7 1.0 48.5
MEAN 57.4 55.5 1.9 55.7
DAYS MAX >= 90 0 0.3 -0.3 0
DAYS MAX <= 32 0 0.0 0.0 0
DAYS MIN <= 32 0 0.0 0.0 0
DAYS MIN <= 0 0 0.0 0.0 0
PRECIPITATION (INCHES)
RECORD
MAXIMUM 8.83 1997
MINIMUM 0.20 2015
TOTALS 0.66 3.30 -2.64 4.15
DAILY AVG. 0.02 0.11 -0.09 0.14
DAYS >= .01 8 14.5 -6.5 19
DAYS >= .10 3 7.1 -4.1 8
DAYS >= .50 0 1.8 -1.8 3
DAYS >= 1.00 0 0.5 -0.5 1
GREATEST
24 HR. TOTAL 0.29 06/19 TO 06/20
DEGREE DAYS
HEATING TOTAL 220 288 -68 267
SINCE 7/1 5171 5650 -479 MM
COOLING TOTAL 0 3 -3 1
SINCE 1/1 18 4 14 MM
................................................................
WIND (MPH)
AVERAGE WIND SPEED 5.2
HIGHEST WIND SPEED/DIRECTION 21/350 DATE 06/04
HIGHEST GUST SPEED/DIRECTION 32/320 DATE 06/04
SKY COVER
POSSIBLE SUNSHINE (PERCENT) MM
AVERAGE SKY COVER 0.63
NUMBER OF DAYS FAIR 7
NUMBER OF DAYS PC 8
NUMBER OF DAYS CLOUDY 15
AVERAGE RH (PERCENT) 72
WEATHER CONDITIONS. NUMBER OF DAYS WITH
THUNDERSTORM 0 MIXED PRECIP 0
HEAVY RAIN 0 RAIN 1
LIGHT RAIN 9 FREEZING RAIN 0
LT FREEZING RAIN 0 HAIL 0
HEAVY SNOW 0 SNOW 0
LIGHT SNOW 0 SLEET 0
FOG 16 FOG W/VIS <= 1/4 MILE 1
HAZE 4
- INDICATES NEGATIVE NUMBERS.
R INDICATES RECORD WAS SET OR TIED.
MM INDICATES DATA IS MISSING.
T INDICATES TRACE AMOUNT.
$$