000
CXUS56 KEKA 011330
CF6UKI
PRELIMINARY LOCAL CLIMATOLOGICAL DATA (WS FORM: F-6)
STATION: UKIAH CA
MONTH: FEBRUARY
YEAR: 2024
LATITUDE: 39 7 N
LONGITUDE: 123 12 W
TEMPERATURE IN F: :PCPN: SNOW: WIND :SUNSHINE: SKY :PK WND
================================================================================
1 2 3 4 5 6A 6B 7 8 9 10 11 12 13 14 15 16 17 18
12Z AVG MX 2MIN
DY MAX MIN AVG DEP HDD CDD WTR SNW DPTH SPD SPD DIR MIN PSBL S-S WX SPD DR
================================================================================
1 53 47 50 1 15 0 0.72 M M 1.8 10 330 M M 9 1 14 170
2 54 41 48 -1 17 0 0.11 M M 2.7 13 210 M M 8 1 17 210
3 54 41 48 -1 17 0 0.31 M M 4.3 15 190 M M 7 22 180
4 55 43 49 0 16 0 2.15 M M 9.8 28 150 M M 10 1 53 150
5 55 43 49 0 16 0 0.32 M M 6.3 21 150 M M 9 1 30 160
6 57 41 49 0 16 0 0.00 M M 3.5 15 310 M M 7 22 300
7 48 37 43 -6 22 0 0.30 M M 4.6 20 320 M M 6 18 32 340
8 55 31 43 -6 22 0 0.00 M M 1.3 8 310 M M 1 18 12 300
9 58 37 48 -1 17 0 0.00 M M 1.3 13 290 M M 1 17 280
10 66 35 51 2 14 0 0.00 M M 0.7 9 320 M M 0 18 12 320
11 64 37 51 2 14 0 0.00 M M 0.8 9 300 M M 2 128 13 310
12 60 40 50 0 15 0 0.00 M M 1.4 7 10 M M 6 1 11 30
13 62 46 54 4 11 0 0.00 M M 1.9 9 300 M M 7 14 360
14 54 49 52 2 13 0 0.50 M M 6.2 17 160 M M 10 1 25 280
15 59 45 52 2 13 0 0.04 M M 2.4 9 330 M M 8 1 14 170
16 61 47 54 4 11 0 T M M 4.1 14 140 M M 5 12 20 150
17 56 50 53 3 12 0 1.25 M M 5.4 18 160 M M 10 1 31 170
18 61 47 54 4 11 0 1.06 M M 4.1 16 160 M M 9 1 28 180
19 60 48 54 4 11 0 1.24 M M 9.2 22 190 M M 10 1 37 160
20 53 45 49 -1 16 0 0.31 M M 3.6 14 160 M M 10 1 20 190
21 56 44 50 -1 15 0 0.15 M M 1.9 10 180 M M 9 1 15 190
22 63 43 53 2 12 0 0.00 M M 2.1 12 190 M M 5 1 17 150
23 66 37 52 1 13 0 0.00 M M 0.9 8 320 M M 3 12 11 330
24 73 37 55 4 10 0 0.00 M M 1.5 10 320 M M 0 14 310
25 70 41 56 5 9 0 0.00 M M 3.1 14 150 M M 1 20 160
26 59 45 52 1 13 0 0.01 M M 3.5 14 300 M M 6 1 23 340
27 64 34 49 -2 16 0 0.00 M M 2.1 8 330 M M 0 11 350
28 70 36 53 2 12 0 0.00 M M 1.2 10 230 M M 1 16 200
29 57 46 52 0 13 0 0.45 M M 7.1 16 170 M M 10 1 25 210
================================================================================
SM 1723 1213 412 0 8.92 M 98.8 M 170
================================================================================
AV 59.4 41.8 3.4 FASTST M M 6 MAX(MPH)
MISC ----> 28 150 53 150
================================================================================
NOTES:
# LAST OF SEVERAL OCCURRENCES
COLUMN 17 PEAK WIND IN M.P.H.
PRELIMINARY LOCAL CLIMATOLOGICAL DATA (WS FORM: F-6) , PAGE 2
STATION: UKIAH CA
MONTH: FEBRUARY
YEAR: 2024
LATITUDE: 39 7 N
LONGITUDE: 123 12 W
[TEMPERATURE DATA] [PRECIPITATION DATA] SYMBOLS USED IN COLUMN 16
AVERAGE MONTHLY: 50.6 TOTAL FOR MONTH: 8.92 1 = FOG OR MIST
DPTR FM NORMAL: 0.7 DPTR FM NORMAL: 2.65 2 = FOG REDUCING VISIBILITY
HIGHEST: 73 ON 24 GRTST 24HR 2.15 ON 4- 4 TO 1/4 MILE OR LESS
LOWEST: 31 ON 8 3 = THUNDER
SNOW, ICE PELLETS, HAIL 4 = ICE PELLETS
TOTAL MONTH: M 5 = HAIL
GRTST 24HR M ON M 6 = FREEZING RAIN OR DRIZZLE
GRTST DEPTH: M ON M 7 = DUSTSTORM OR SANDSTORM:
VSBY 1/2 MILE OR LESS
8 = SMOKE OR HAZE
[NO. OF DAYS WITH] [WEATHER - DAYS WITH] 9 = BLOWING SNOW
X = TORNADO
MAX 32 OR BELOW: 0 0.01 INCH OR MORE: 15
MAX 90 OR ABOVE: 0 0.10 INCH OR MORE: 13
MIN 32 OR BELOW: 1 0.50 INCH OR MORE: 6
MIN 0 OR BELOW: 0 1.00 INCH OR MORE: 4
[HDD (BASE 65) ]
TOTAL THIS MO. 412 CLEAR (SCALE 0-3) 9
DPTR FM NORMAL -11 PTCLDY (SCALE 4-7) 9
TOTAL FM JUL 1 1755 CLOUDY (SCALE 8-10) 11
DPTR FM NORMAL -347
[CDD (BASE 65) ]
TOTAL THIS MO. 0
DPTR FM NORMAL 0 [PRESSURE DATA]
TOTAL FM JAN 1 0 HIGHEST SLP 30.29 ON 22
DPTR FM NORMAL 0 LOWEST SLP 29.11 ON 4
[REMARKS]
#FINAL-02-24#