000
CXUS53 KSGF 010710
CF6UNO
PRELIMINARY LOCAL CLIMATOLOGICAL DATA (WS FORM: F-6)
STATION: WEST PLAINS MO
MONTH: MARCH
YEAR: 2021
LATITUDE: 36 52 N
LONGITUDE: 91 55 W
TEMPERATURE IN F: :PCPN: SNOW: WIND :SUNSHINE: SKY :PK WND
================================================================================
1 2 3 4 5 6A 6B 7 8 9 10 11 12 13 14 15 16 17 18
12Z AVG MX 2MIN
DY MAX MIN AVG DEP HDD CDD WTR SNW DPTH SPD SPD DIR MIN PSBL S-S WX SPD DR
================================================================================
1 54 31 43 1 22 0 0.00 M M 5.4 13 30 M M 0 21 350
2 57 26 42 0 23 0 0.00 M M 4.3 14 200 M M 0 20 210
3 68 31 50 7 15 0 0.00 M M 5.8 17 260 M M 0 24 250
4 71 37 54 11 11 0 0.00 M M 5.5 13 70 M M 0 18 80
5 52 34 43 -1 22 0 0.00 M M 8.1 16 80 M M 4 22 80
6 59 28 44 0 21 0 0.00 M M 2.4 9 120 M M 3 8 14 120
7 65 31 48 4 17 0 0.00 M M 5.8 14 190 M M 0 19 170
8 67 33 50 5 15 0 0.00 M M 7.2 17 170 M M 0 23 200
9 68 47 58 13 7 0 0.00 M M 10.4 21 190 M M 4 34 200
10 65 56 61 16 4 0 0.00 M M 12.9 24 190 M M 6 8 35 200
11 75 50 63 17 2 0 0.22 M M 10.6 20 210 M M 8 1 32 220
12 50 46 48 2 17 0 1.07 M M 9.6 18 70 M M 10 13 29 70
13 53 47 50 4 15 0 1.18 M M 8.1 14 90 M M 10 13 20 110
14 63 47 55 8 10 0 0.53 M M 11.3 20 250 M M 9 1 28 90
15 70 41 56 9 9 0 0.01 M M 5.5 24 200 M M 5 12 38 190
16 69 41 55 7 10 0 0.00 M M 4.2 12 150 M M 0 20 160
17 64 47 56 8 9 0 0.72 M M 7.6 22 270 M M 8 138 31 270
18 47 36 42 -6 23 0 0.11 M M 14.7 25 330 M M 10 1 36 350
19 58 35 47 -2 18 0 0.00 M M 10.8 21 40 M M 2 28 360
20 62 30 46 -3 19 0 0.00 M M 6.4 13 160 M M 0 22 150
21 66 41 54 5 11 0 0.00 M M 9.4 21 170 M M 0 30 130
22 66 38 52 2 13 0 T M M 8.3 21 160 M M 2 33 170
23 67 48 58 8 7 0 0.53 M M 11.9 25 160 M M 7 1 38 160
24 68 45 57 7 8 0 0.00 M M 7.6 16 220 M M 0 23 220
25 55 48 52 1 13 0 1.16 M M 9.3 23 280 M M 8 13 34 130
26 66 38 52 1 13 0 0.00 M M 5.1 13 280 M M 2 21 280
27 80 43 62 11 3 0 0.18 M M 6.2 24 310 M M 2 13 35 340
28 58 38 48 -4 17 0 0.00 M M 10.2 23 330 M M 1 36 320
29 68 35 52 0 13 0 0.00 M M 8.7 18 180 M M 0 25 160
30 66 46 56 4 9 0 T M M 9.4 20 10 M M 4 32 360
31 56 38 47 -6 18 0 0.00 M M 11.6 24 310 M M 3 36 310
================================================================================
SM 1953 1232 414 0 5.71 M 254.3 M 108
================================================================================
AV 63.0 39.7 8.2 FASTST M M 3 MAX(MPH)
MISC ----> # 25 330 # 38 190
================================================================================
NOTES:
# LAST OF SEVERAL OCCURRENCES
COLUMN 17 PEAK WIND IN M.P.H.
PRELIMINARY LOCAL CLIMATOLOGICAL DATA (WS FORM: F-6) , PAGE 2
STATION: WEST PLAINS MO
MONTH: MARCH
YEAR: 2021
LATITUDE: 36 52 N
LONGITUDE: 91 55 W
[TEMPERATURE DATA] [PRECIPITATION DATA] SYMBOLS USED IN COLUMN 16
AVERAGE MONTHLY: 51.4 TOTAL FOR MONTH: 5.71 1 = FOG OR MIST
DPTR FM NORMAL: 3.9 DPTR FM NORMAL: 1.42 2 = FOG REDUCING VISIBILITY
HIGHEST: 80 ON 27 GRTST 24HR 1.91 ON 12-13 TO 1/4 MILE OR LESS
LOWEST: 26 ON 2 3 = THUNDER
SNOW, ICE PELLETS, HAIL 4 = ICE PELLETS
TOTAL MONTH: M 5 = HAIL
GRTST 24HR M ON M 6 = FREEZING RAIN OR DRIZZLE
GRTST DEPTH: M ON M 7 = DUSTSTORM OR SANDSTORM:
VSBY 1/2 MILE OR LESS
8 = SMOKE OR HAZE
[NO. OF DAYS WITH] [WEATHER - DAYS WITH] 9 = BLOWING SNOW
X = TORNADO
MAX 32 OR BELOW: 0 0.01 INCH OR MORE: 10
MAX 90 OR ABOVE: 0 0.10 INCH OR MORE: 9
MIN 32 OR BELOW: 6 0.50 INCH OR MORE: 6
MIN 0 OR BELOW: 0 1.00 INCH OR MORE: 3
[HDD (BASE 65) ]
TOTAL THIS MO. 414 CLEAR (SCALE 0-3) 18
DPTR FM NORMAL -132 PTCLDY (SCALE 4-7) 8
TOTAL FM JUL 1 3806 CLOUDY (SCALE 8-10) 5
DPTR FM NORMAL -204
[CDD (BASE 65) ]
TOTAL THIS MO. 0
DPTR FM NORMAL -4 [PRESSURE DATA]
TOTAL FM JAN 1 0 HIGHEST SLP M ON M
DPTR FM NORMAL -4 LOWEST SLP 29.50 ON 17
[REMARKS]
#FINAL-03-21#