000
CXUS53 KUNR 011030
CF6UNR
PRELIMINARY LOCAL CLIMATOLOGICAL DATA (WS FORM: F-6)
STATION: EAST RAPID CITY SD
MONTH: FEBRUARY
YEAR: 2023
LATITUDE: 44 4 N
LONGITUDE: 103 13 W
TEMPERATURE IN F: :PCPN: SNOW: WIND :SUNSHINE: SKY :PK WND
================================================================================
1 2 3 4 5 6A 6B 7 8 9 10 11 12 13 14 15 16 17 18
12Z AVG MX 2MIN
DY MAX MIN AVG DEP HDD CDD WTR SNW DPTH SPD SPD DIR MIN PSBL S-S WX SPD DR
================================================================================
1 37 22 30 4 35 0 0.00 0.0 4 4.2 10 270 M M M 17 270
2 35 15 25 -1 40 0 T T 3 9.0 22 10 M M M 1 30 10
3 54 11 33 7 32 0 0.00 0.0 3 4.6 12 260 M M M 12 21 250
4 53 36 45 19 20 0 0.00 0.0 2 9.3 23 320 M M M 30 320
5 50 30 40 14 25 0 0.00 0.0 T 8.3 22 150 M M M 31 150
6 43 34 39 13 26 0 0.00 0.0 T 12.5 32 320 M M M 47 330
7 53 36 45 19 20 0 0.00 0.0 0 6.9 17 30 M M M 24 330
8 50 33 42 16 23 0 T 0.0 0 11.1 25 340 M M M 37 340
9 35 21 28 1 37 0 0.01 0.1 0 14.8 36 330 M M M 54 330
10 50 17 34 7 31 0 0.00 0.0 0 5.1 13 120 M M M 16 130
11 55 35 45 18 20 0 0.00 0.0 0 8.1 20 10 M M M 26 10
12 51 32 42 15 23 0 0.00 0.0 0 6.3 21 10 M M M 29 10
13 65 34 50 23 15 0 0.00 0.0 0 4.7 14 150 M M M 20 220
14 45 15 30 3 35 0 0.01 0.3 0 18.9 40 330 M M M 54 330
15 24 12 18 -10 47 0 0.00 0.0 T 12.6 26 330 M M M 37 350
16 35 15 25 -3 40 0 0.00 0.0 0 6.6 18 360 M M M 25 10
17 51 18 35 7 30 0 0.00 0.0 0 7.1 24 360 M M M 33 360
18 50 29 40 12 25 0 0.00 0.0 0 6.7 17 10 M M M 23 10
19 45 29 37 9 28 0 0.00 0.0 0 6.1 21 330 M M M 31 340
20 41 23 32 3 33 0 T T 0 9.6 26 330 M M M 43 350
21 50 2 26 -3 39 0 0.10 1.3 1 14.8 29 360 M M M 47 360
22 3 -10 -3 -32 68 0 0.36 7.2 3 13.8 22 340 M M M 31 340
23 -4 -14 -9 -39 74 0 T T 8 6.7 17 360 M M M 24 360
24 32 -15 9 -21 56 0 0.00 0.0 7 6.5 18 150 M M M 25 240
25 41 21 31 1 34 0 0.00 0.0 7 6.7 17 260 M M M 32 260
26 63 22 43 12 22 0 0.00 0.0 5 6.6 17 250 M M M 37 250
27 45 26 36 5 29 0 0.02 0.1 T 10.2 24 10 M M M 37 350
28 51 24 38 7 27 0 0.01 0.1 T 9.8 34 310 M M M 12 47 310
================================================================================
SM 1203 553 934 0 0.51 9.1 247.6 M M
================================================================================
AV 43.0 19.8 8.8 FASTST M M M MAX(MPH)
MISC ----> 40 330 # 54 330
================================================================================
NOTES:
# LAST OF SEVERAL OCCURRENCES
COLUMN 17 PEAK WIND IN M.P.H.
PRELIMINARY LOCAL CLIMATOLOGICAL DATA (WS FORM: F-6) , PAGE 2
STATION: EAST RAPID CITY SD
MONTH: FEBRUARY
YEAR: 2023
LATITUDE: 44 4 N
LONGITUDE: 103 13 W
[TEMPERATURE DATA] [PRECIPITATION DATA] SYMBOLS USED IN COLUMN 16
AVERAGE MONTHLY: 31.4 TOTAL FOR MONTH: 0.51 1 = FOG OR MIST
DPTR FM NORMAL: 3.5 DPTR FM NORMAL: -0.02 2 = FOG REDUCING VISIBILITY
HIGHEST: 65 ON 13 GRTST 24HR 0.36 ON 22-22 TO 1/4 MILE OR LESS
LOWEST: -15 ON 24 3 = THUNDER
SNOW, ICE PELLETS, HAIL 4 = ICE PELLETS
TOTAL MONTH: 9.1 INCHES 5 = HAIL
GRTST 24HR 7.2 ON 22-22 6 = FREEZING RAIN OR DRIZZLE
GRTST DEPTH: 8 ON 23 7 = DUSTSTORM OR SANDSTORM:
VSBY 1/2 MILE OR LESS
8 = SMOKE OR HAZE
[NO. OF DAYS WITH] [WEATHER - DAYS WITH] 9 = BLOWING SNOW
X = TORNADO
MAX 32 OR BELOW: 4 0.01 INCH OR MORE: 6
MAX 90 OR ABOVE: 0 0.10 INCH OR MORE: 2
MIN 32 OR BELOW: 22 0.50 INCH OR MORE: 0
MIN 0 OR BELOW: 3 1.00 INCH OR MORE: 0
[HDD (BASE 65) ]
TOTAL THIS MO. 934 CLEAR (SCALE 0-3) 0
DPTR FM NORMAL -105 PTCLDY (SCALE 4-7) 0
TOTAL FM JUL 1 4764 CLOUDY (SCALE 8-10) 28
DPTR FM NORMAL -169
[CDD (BASE 65) ]
TOTAL THIS MO. 0
DPTR FM NORMAL 0 [PRESSURE DATA]
TOTAL FM JAN 1 0 HIGHEST SLP M ON M
DPTR FM NORMAL 0 LOWEST SLP 26.02 ON 14
[REMARKS]
#FINAL-02-23#