000
CXUS53 KUNR 011030
CF6UNR
PRELIMINARY LOCAL CLIMATOLOGICAL DATA (WS FORM: F-6)
STATION: EAST RAPID CITY SD
MONTH: FEBRUARY
YEAR: 2022
LATITUDE: 44 4 N
LONGITUDE: 103 13 W
TEMPERATURE IN F: :PCPN: SNOW: WIND :SUNSHINE: SKY :PK WND
================================================================================
1 2 3 4 5 6A 6B 7 8 9 10 11 12 13 14 15 16 17 18
12Z AVG MX 2MIN
DY MAX MIN AVG DEP HDD CDD WTR SNW DPTH SPD SPD DIR MIN PSBL S-S WX SPD DR
================================================================================
1 33 6 20 -6 45 0 0.00 0.0 0 12.8 28 360 M M M 36 360
2 6 -2 2 -24 63 0 0.01 0.3 T 7.6 18 150 M M M 25 150
3 28 -4 12 -14 53 0 0.00 0.0 T 6.1 15 150 M M M 22 160
4 41 12 27 1 38 0 T T T 8.7 20 360 M M M 25 20
5 50 35 43 17 22 0 0.00 0.0 0 12.8 30 320 M M M 43 320
6 45 32 39 13 26 0 0.00 0.0 0 13.3 30 320 M M M 45 330
7 61 39 50 24 15 0 0.00 0.0 0 7.2 17 300 M M M 23 300
8 55 38 47 21 18 0 0.00 0.0 0 17.1 39 320 M M M 55 320
9 46 30 38 11 27 0 0.12 1.2 1 9.4 26 340 M M M 38 350
10 60 26 43 16 22 0 0.01 T 0 12.0 28 330 M M M 40 330
11 36 16 26 -1 39 0 0.05 1.1 1 18.5 38 350 M M M 58 350
12 41 16 29 2 36 0 T T 0 12.6 41 330 M M M 60 330
13 57 10 34 7 31 0 0.00 0.0 0 9.0 25 350 M M M 39 340
14 45 22 34 7 31 0 0.00 0.0 0 9.9 25 150 M M M 36 150
15 43 16 30 2 35 0 T T T 10.0 26 320 M M M 38 360
16 29 13 21 -7 44 0 0.07 1.2 T 12.6 23 350 M M M 31 350
17 40 4 22 -6 43 0 0.00 0.0 1 6.7 18 300 M M M 25 300
18 48 18 33 5 32 0 T 0.2 T 12.8 32 330 M M M 49 330
19 59 18 39 11 26 0 0.00 0.0 T 7.7 15 140 M M M 22 220
20 52 13 33 4 32 0 T T 0 9.0 21 130 M M M 28 130
21 13 -9 2 -27 63 0 0.05 1.4 T 18.4 28 350 M M M 40 360
22 -4 -12 -8 -37 73 0 0.03 0.7 1 14.8 23 360 M M M 33 340
23 2 -13 -5 -35 70 0 T T 2 9.3 21 150 M M M 28 150
24 10 -3 4 -26 61 0 0.01 0.3 2 8.0 15 130 M M M 18 130
25 23 0 12 -18 53 0 0.00 0.0 1 5.1 13 130 M M M 17 120
26 37 13 25 -6 40 0 0.00 0.0 1 5.9 13 130 M M M 18 260
27 57 23 40 9 25 0 0.00 0.0 T 5.7 15 140 M M M 18 140
28 62 40 51 20 14 0 0.00 0.0 0 6.6 16 350 M M M 23 310
================================================================================
SM 1075 397 1077 0 0.35 6.4 289.6 M M
================================================================================
AV 38.4 14.2 10.3 FASTST M M M MAX(MPH)
MISC ----> 41 330 60 330
================================================================================
NOTES:
# LAST OF SEVERAL OCCURRENCES
COLUMN 17 PEAK WIND IN M.P.H.
PRELIMINARY LOCAL CLIMATOLOGICAL DATA (WS FORM: F-6) , PAGE 2
STATION: EAST RAPID CITY SD
MONTH: FEBRUARY
YEAR: 2022
LATITUDE: 44 4 N
LONGITUDE: 103 13 W
[TEMPERATURE DATA] [PRECIPITATION DATA] SYMBOLS USED IN COLUMN 16
AVERAGE MONTHLY: 26.3 TOTAL FOR MONTH: 0.35 1 = FOG OR MIST
DPTR FM NORMAL: -1.6 DPTR FM NORMAL: -0.18 2 = FOG REDUCING VISIBILITY
HIGHEST: 62 ON 28 GRTST 24HR 0.12 ON 9- 9 TO 1/4 MILE OR LESS
LOWEST: -13 ON 23 3 = THUNDER
SNOW, ICE PELLETS, HAIL 4 = ICE PELLETS
TOTAL MONTH: 6.4 INCHES 5 = HAIL
GRTST 24HR 1.4 ON 21-21 6 = FREEZING RAIN OR DRIZZLE
GRTST DEPTH: 2 ON 24,23 7 = DUSTSTORM OR SANDSTORM:
VSBY 1/2 MILE OR LESS
8 = SMOKE OR HAZE
[NO. OF DAYS WITH] [WEATHER - DAYS WITH] 9 = BLOWING SNOW
X = TORNADO
MAX 32 OR BELOW: 8 0.01 INCH OR MORE: 8
MAX 90 OR ABOVE: 0 0.10 INCH OR MORE: 1
MIN 32 OR BELOW: 24 0.50 INCH OR MORE: 0
MIN 0 OR BELOW: 7 1.00 INCH OR MORE: 0
[HDD (BASE 65) ]
TOTAL THIS MO. 1077 CLEAR (SCALE 0-3) 0
DPTR FM NORMAL 38 PTCLDY (SCALE 4-7) 0
TOTAL FM JUL 1 4327 CLOUDY (SCALE 8-10) 28
DPTR FM NORMAL -606
[CDD (BASE 65) ]
TOTAL THIS MO. 0
DPTR FM NORMAL 0 [PRESSURE DATA]
TOTAL FM JAN 1 0 HIGHEST SLP M ON M
DPTR FM NORMAL 0 LOWEST SLP 29.34 ON 19
[REMARKS]
#FINAL-02-22#