000
CXUS54 KEWX 011010
CF6UVA
PRELIMINARY LOCAL CLIMATOLOGICAL DATA (WS FORM: F-6)
STATION: UVALDE
MONTH: SEPTEMBER
YEAR: 2021
LATITUDE: 29 12 N
LONGITUDE: 99 44 W
TEMPERATURE IN F: :PCPN: SNOW: WIND :SUNSHINE: SKY :PK WND
================================================================================
1 2 3 4 5 6A 6B 7 8 9 10 11 12 13 14 15 16 17 18
12Z AVG MX 2MIN
DY MAX MIN AVG DEP HDD CDD WTR SNW DPTH SPD SPD DIR MIN PSBL S-S WX SPD DR
================================================================================
1 98 75 87 M 0 22 0.00 M M 7.9 15 120 M M 3 1 21 120
2 97 73 85 M 0 20 0.00 M M 9.0 14 150 M M 3 1 24 90
3 98 76 87 M 0 22 0.00 M M 8.2 14 120 M M 5 20 120
4 98 73 86 M 0 21 0.00 M M 7.4 13 180 M M 3 18 170
5 98 70 84 M 0 19 0.00 M M 5.8 12 180 M M 0 M M
6 101 72 87 M 0 22 0.07 M M 6.2 17 50 M M 2 21 50
7 98 70 84 M 0 19 0.00 M M 5.5 16 60 M M 1 28 60
8 100 70 85 M 0 20 0.00 M M 5.6 12 90 M M 1 20 90
9 97 67 82 M 0 17 0.00 M M 7.0 12 100 M M 0 17 50
10 96 66 81 M 0 16 0.00 M M 5.8 12 100 M M 0 20 80
11 93 66 80 M 0 15 0.00 M M 6.1 10 100 M M 2 18 60
12 93 67 80 M 0 15 0.00 M M 5.1 16 130 M M 5 23 110
13 90 70 80 M 0 15 0.00 M M 7.0 15 110 M M 6 24 110
14 95 64 80 M 0 15 0.00 M M 3.8 12 90 M M 2 17 80
15 92 67 80 M 0 15 0.00 M M 5.5 13 30 M M 1 21 70
16 93 66 80 M 0 15 0.00 M M 3.9 8 120 M M 1 M M
17 98 68 83 M 0 18 0.00 M M 5.9 10 130 M M 1 21 130
18 95 71 83 M 0 18 0.04 M M 6.4 23 350 M M 2 32 350
19 97 69 83 M 0 18 0.00 M M 5.0 9 150 M M 2 1 16 230
20 101 69 85 M 0 20 0.00 M M 7.1 13 160 M M 0 17 180
21 97 73 85 M 0 20 0.13 M M 7.0 16 10 M M 4 13 32 10
22 87 61 74 M 0 9 0.00 M M 5.7 13 30 M M 3 23 290
23 89 56 73 M 0 8 0.00 M M 6.1 9 140 M M 0 M M
24 88 53 71 M 0 6 0.00 M M 6.4 12 90 M M 0 20 110
25 88 59 74 M 0 9 0.00 M M 6.0 10 120 M M 0 17 120
26 89 57 73 M 0 8 0.00 M M 6.5 10 110 M M 0 16 130
27 93 64 79 M 0 14 0.00 M M 6.9 12 180 M M 3 27 180
28 96 70 83 M 0 18 0.05 M M 6.2 12 140 M M 4 17 180
29 88 67 78 M 0 13 0.01 M M 7.3 14 70 M M 6 22 70
30 94 71 83 M 0 18 0.00 M M 9.1 17 120 M M 7 28 120
================================================================================
SM 2837 2020 0 485 0.30 M 191.4 M 67
================================================================================
AV 94.6 67.3 6.4 FASTST M M 2 MAX(MPH)
MISC ----> 23 350 # 32 350
================================================================================
NOTES:
# LAST OF SEVERAL OCCURRENCES
COLUMN 17 PEAK WIND IN M.P.H.
PRELIMINARY LOCAL CLIMATOLOGICAL DATA (WS FORM: F-6) , PAGE 2
STATION: UVALDE
MONTH: SEPTEMBER
YEAR: 2021
LATITUDE: 29 12 N
LONGITUDE: 99 44 W
[TEMPERATURE DATA] [PRECIPITATION DATA] SYMBOLS USED IN COLUMN 16
AVERAGE MONTHLY: 81.0 TOTAL FOR MONTH: 0.30 1 = FOG OR MIST
DPTR FM NORMAL: 0.0 DPTR FM NORMAL: M 2 = FOG REDUCING VISIBILITY
HIGHEST: 101 ON 20, 6 GRTST 24HR 0.13 ON 21-21 TO 1/4 MILE OR LESS
LOWEST: 53 ON 24 3 = THUNDER
SNOW, ICE PELLETS, HAIL 4 = ICE PELLETS
TOTAL MONTH: M 5 = HAIL
GRTST 24HR M ON M 6 = FREEZING RAIN OR DRIZZLE
GRTST DEPTH: M ON M 7 = DUSTSTORM OR SANDSTORM:
VSBY 1/2 MILE OR LESS
8 = SMOKE OR HAZE
[NO. OF DAYS WITH] [WEATHER - DAYS WITH] 9 = BLOWING SNOW
X = TORNADO
MAX 32 OR BELOW: 0 0.01 INCH OR MORE: 5
MAX 90 OR ABOVE: 24 0.10 INCH OR MORE: 1
MIN 32 OR BELOW: 0 0.50 INCH OR MORE: 0
MIN 0 OR BELOW: 0 1.00 INCH OR MORE: 0
[HDD (BASE 65) ]
TOTAL THIS MO. 0 CLEAR (SCALE 0-3) 21
DPTR FM NORMAL M PTCLDY (SCALE 4-7) 9
TOTAL FM JUL 1 0 CLOUDY (SCALE 8-10) 0
DPTR FM NORMAL M
[CDD (BASE 65) ]
TOTAL THIS MO. 485
DPTR FM NORMAL M [PRESSURE DATA]
TOTAL FM JAN 1 2686 HIGHEST SLP M ON M
DPTR FM NORMAL M LOWEST SLP M ON M
[REMARKS]
#FINAL-09-21#