000
CXUS56 KSTO 151111
CF6VCB
PRELIMINARY LOCAL CLIMATOLOGICAL DATA (WS FORM: F-6)
STATION: VACAVILLE
MONTH: JANUARY
YEAR: 2022
LATITUDE: 38 22 N
LONGITUDE: 121-58 E
TEMPERATURE IN F: :PCPN: SNOW: WIND :SUNSHINE: SKY :PK WND
================================================================================
1 2 3 4 5 6A 6B 7 8 9 10 11 12 13 14 15 16 17 18
12Z AVG MX 2MIN
DY MAX MIN AVG DEP HDD CDD WTR SNW DPTH SPD SPD DIR MIN PSBL S-S WX SPD DR
================================================================================
1 53 30 42 -5 23 0 0.00 0.0 M 5.1 13 350 M M 0 18 360
2 51 28 40 -7 25 0 0.00 M M 3.2 8 20 M M 2 1 11 20
3 53 39 46 -1 19 0 0.49 M M 5.4 15 180 M M 10 18 22 180
4 59 48 54 7 11 0 0.05 0.0 M 5.3 15 200 M M 7 1 19 180
5 63 44 54 7 11 0 0.00 0.0 M 4.5 10 350 M M 5 12 13 360
6 51 44 48 1 17 0 0.00 0.0 M 1.4 9 170 M M 10 12 13 190
7 57 39 48 1 17 0 0.00 M M 6.4 15 220 M M 5 1 18 210
8 59 36 48 1 17 0 0.00 M M 3.8 14 10 M M 2 1 17 10
9 58 35 47 0 18 0 0.00 0.0 M 4.5 10 30 M M 0 15 20
10 63 39 51 4 14 0 0.00 0.0 M 3.8 14 360 M M 2 18 340
11 61 36 49 2 16 0 0.00 0.0 M 1.7 7 10 M M 0 9 30
12 62 38 50 3 15 0 0.00 0.0 M 3.1 7 130 M M 0 18 9 130
13 61 37 49 2 16 0 0.00 0.0 M 1.3 6 340 M M 0 128 10 140
14 69 36 53 6 12 0 0.00 M M 5.6 20 360 M M 0 1 26 360
15 57 35 46 -1 19 0 0.00 M M 1.4 8 80 M M 0 18 9 80
16 62 39 51 3 14 0 0.00 M M 4.0 10 310 M M 1 128 14 120
17 63 36 50 2 15 0 0.00 M M 2.0 8 360 M M 4 1 10 360
18 62 36 49 1 16 0 0.00 M M 1.8 8 340 M M 0 1 10 340
19 66 35 51 3 14 0 0.00 M M 2.5 9 30 M M 0 1 11 30
20 64 36 50 2 15 0 0.00 0.0 M 0.6 7 280 M M 0 18 8 330
21 66 37 52 4 13 0 0.00 0.0 M 15.9 31 360 M M 0 1 41 360
22 70 40 55 7 10 0 0.00 0.0 M 16.2 32 360 M M 0 43 350
23 67 34 51 3 14 0 0.00 0.0 M 2.2 7 230 M M 0 1 11 20
24 62 31 47 -1 18 0 0.00 0.0 M 2.1 8 30 M M 0 18 11 340
25 69 33 51 3 14 0 0.00 M M 3.5 18 360 M M 0 18 23 350
26 62 35 49 1 16 0 0.00 M M 4.7 10 360 M M 0 1 13 340
27 68 40 54 5 11 0 0.00 0.0 M 2.7 10 30 M M 0 14 20
28 66 33 50 1 15 0 0.00 M M 2.2 8 40 M M 0 10 360
29 67 33 50 1 15 0 0.00 0.0 M 2.0 10 180 M M 0 12 180
30 63 33 48 -1 17 0 0.00 0.0 M 2.3 9 20 M M 0 18 11 20
31 67 37 52 3 13 0 0.00 0.0 M 2.8 14 340 M M 0 18 19 330
================================================================================
SM 1921 1132 480 0 0.54 0.0 124.0 M 48
================================================================================
AV 62.0 36.5 4.0 FASTST M M 2 MAX(MPH)
MISC ----> 32 360 43 350
================================================================================
NOTES:
# LAST OF SEVERAL OCCURRENCES
COLUMN 17 PEAK WIND IN M.P.H.
PRELIMINARY LOCAL CLIMATOLOGICAL DATA (WS FORM: F-6) , PAGE 2
STATION: VACAVILLE
MONTH: JANUARY
YEAR: 2022
LATITUDE: 38 22 N
LONGITUDE: 121-58 E
[TEMPERATURE DATA] [PRECIPITATION DATA] SYMBOLS USED IN COLUMN 16
AVERAGE MONTHLY: 49.2 TOTAL FOR MONTH: 0.54 1 = FOG OR MIST
DPTR FM NORMAL: 1.5 DPTR FM NORMAL: -4.72 2 = FOG REDUCING VISIBILITY
HIGHEST: 70 ON 22 GRTST 24HR 0.49 ON 3- 3 TO 1/4 MILE OR LESS
LOWEST: 28 ON 2 3 = THUNDER
SNOW, ICE PELLETS, HAIL 4 = ICE PELLETS
TOTAL MONTH: 0.0 INCH 5 = HAIL
GRTST 24HR 0.0 6 = FREEZING RAIN OR DRIZZLE
GRTST DEPTH: M ON M 7 = DUSTSTORM OR SANDSTORM:
VSBY 1/2 MILE OR LESS
8 = SMOKE OR HAZE
[NO. OF DAYS WITH] [WEATHER - DAYS WITH] 9 = BLOWING SNOW
X = TORNADO
MAX 32 OR BELOW: 0 0.01 INCH OR MORE: 2
MAX 90 OR ABOVE: 0 0.10 INCH OR MORE: 1
MIN 32 OR BELOW: 3 0.50 INCH OR MORE: 0
MIN 0 OR BELOW: 0 1.00 INCH OR MORE: 0
[HDD (BASE 65) ]
TOTAL THIS MO. 480 CLEAR (SCALE 0-3) 25
DPTR FM NORMAL -58 PTCLDY (SCALE 4-7) 4
TOTAL FM JUL 1 1483 CLOUDY (SCALE 8-10) 2
DPTR FM NORMAL -19
[CDD (BASE 65) ]
TOTAL THIS MO. 0
DPTR FM NORMAL 0 [PRESSURE DATA]
TOTAL FM JAN 1 0 HIGHEST SLP 30.49 ON 10
DPTR FM NORMAL 0 LOWEST SLP 29.92 ON 7
[REMARKS]
#FINAL-01-22#