000
CXUS56 KSTO 091827
CF6VCB
PRELIMINARY LOCAL CLIMATOLOGICAL DATA (WS FORM: F-6)
STATION: VACAVILLE AIRPORT CA
MONTH: AUGUST
YEAR: 2020
LATITUDE: 38 22 N
LONGITUDE: 121 58 W
TEMPERATURE IN F: :PCPN: SNOW: WIND :SUNSHINE: SKY :PK WND
================================================================================
1 2 3 4 5 6A 6B 7 8 9 10 11 12 13 14 15 16 17 18
12Z AVG MX 2MIN
DY MAX MIN AVG DEP HDD CDD WTR SNW DPTH SPD SPD DIR MIN PSBL S-S WX SPD DR
================================================================================
1 96 53 75 -1 0 10 0.00 0.0 0 4.4 13 210 M M 0 17 220
2 99 56 78 2 0 13 0.00 0.0 0 4.9 15 220 M M 0 19 220
3 101 60 81 5 0 16 0.00 0.0 0 4.7 17 220 M M 0 23 210
4 93 60 77 1 0 12 0.00 0.0 0 8.4 16 180 M M 0 24 210
5 82 59 71 -5 0 6 0.00 0.0 0 13.2 23 210 M M 0 35 220
6 91 54 73 -3 0 8 0.00 0.0 0 5.9 15 230 M M 0 23 210
7 93 59 76 0 0 11 0.00 0.0 0 4.8 14 220 M M 0 19 220
8 97 62 80 4 0 15 0.00 0.0 0 6.2 16 230 M M 0 19 230
9 100 62 81 5 0 16 0.00 0.0 0 3.8 14 250 M M 0 28 320
10 100 65 83 7 0 18 0.00 0.0 0 6.9 15 230 M M 0 19 210
11 93 62 78 2 0 13 0.00 0.0 0 8.8 20 180 M M 0 24 180
12 99 59 79 3 0 14 0.00 0.0 0 5.6 15 210 M M 0 21 220
13 103 57 80 4 0 15 0.00 0.0 0 3.9 14 240 M M 0 19 240
14 107 70 89 13 0 24 0.00 0.0 0 4.5 13 360 M M 0 18 30
15 111 70 91 15 0 26 0.00 0.0 0 3.5 15 220 M M 0 19 210
16 106 76 91 15 0 26 0.00 0.0 M 3.0 29 220 M M 0 8 45 220
17 106 75 91 15 0 26 0.00 0.0 0 5.0 23 270 M M 1 8 27 270
18 108 71 90 14 0 25 0.00 0.0 0 4.4 13 250 M M 3 8 17 260
19 101 70 86 10 0 21 0.00 0.0 0 3.1 8 220 M M 10 8 11 220
20 91 59 75 0 0 10 0.00 0.0 0 3.4 13 220 M M 10 8 15 220
21 96 58 77 2 0 12 0.00 0.0 0 3.3 15 220 M M 7 18 19 220
22 101 64 83 8 0 18 0.00 0.0 0 4.1 13 220 M M 4 8 18 210
23 97 62 80 5 0 15 T 0.0 0 8.1 24 220 M M 1 8 32 230
24 98 68 83 8 0 18 0.00 0.0 0 7.3 15 220 M M 5 8 20 220
25 96 68 82 7 0 17 0.00 0.0 0 6.4 13 180 M M 0 8 18 210
26 93 62 78 3 0 13 0.00 0.0 0 7.7 14 220 M M 0 8 19 220
27 91 56 74 -1 0 9 0.00 0.0 0 4.9 14 220 M M 0 17 220
28 96 59 78 3 0 13 0.00 0.0 0 5.3 14 210 M M 1 8 20 210
29 95 60 78 3 0 13 0.00 0.0 0 7.5 16 230 M M 1 8 21 230
30 92 59 76 1 0 11 0.00 0.0 0 4.3 9 230 M M 0 8 13 210
31 95 57 76 1 0 11 0.00 0.0 0 5.3 10 230 M M 2 8 16 190
================================================================================
SM 3027 1932 0 475 T 0.0 172.6 M 45
================================================================================
AV 97.7 62.3 5.6 FASTST M M 1 MAX(MPH)
MISC ----> # 29 220 # 45 220
================================================================================
NOTES:
# LAST OF SEVERAL OCCURRENCES
COLUMN 17 PEAK WIND IN M.P.H.
PRELIMINARY LOCAL CLIMATOLOGICAL DATA (WS FORM: F-6) , PAGE 2
STATION: VACAVILLE AIRPORT CA
MONTH: AUGUST
YEAR: 2020
LATITUDE: 38 22 N
LONGITUDE: 121 58 W
[TEMPERATURE DATA] [PRECIPITATION DATA] SYMBOLS USED IN COLUMN 16
AVERAGE MONTHLY: 80.0 TOTAL FOR MONTH: T 1 = FOG OR MIST
DPTR FM NORMAL: 4.5 DPTR FM NORMAL: -0.05 2 = FOG REDUCING VISIBILITY
HIGHEST: 111 ON 15 GRTST 24HR T ON 23-23 TO 1/4 MILE OR LESS
LOWEST: 53 ON 1 3 = THUNDER
SNOW, ICE PELLETS, HAIL 4 = ICE PELLETS
TOTAL MONTH: 0.0 INCH 5 = HAIL
GRTST 24HR 0.0 6 = FREEZING RAIN OR DRIZZLE
GRTST DEPTH: 0 7 = DUSTSTORM OR SANDSTORM:
VSBY 1/2 MILE OR LESS
8 = SMOKE OR HAZE
[NO. OF DAYS WITH] [WEATHER - DAYS WITH] 9 = BLOWING SNOW
X = TORNADO
MAX 32 OR BELOW: 0 0.01 INCH OR MORE: 0
MAX 90 OR ABOVE: 30 0.10 INCH OR MORE: 0
MIN 32 OR BELOW: 0 0.50 INCH OR MORE: 0
MIN 0 OR BELOW: 0 1.00 INCH OR MORE: 0
[HDD (BASE 65) ]
TOTAL THIS MO. 0 CLEAR (SCALE 0-3) 25
DPTR FM NORMAL 0 PTCLDY (SCALE 4-7) 4
TOTAL FM JUL 1 0 CLOUDY (SCALE 8-10) 2
DPTR FM NORMAL 0
[CDD (BASE 65) ]
TOTAL THIS MO. 475
DPTR FM NORMAL 149 [PRESSURE DATA]
TOTAL FM JAN 1 1327 HIGHEST SLP 30.01 ON 1
DPTR FM NORMAL 303 LOWEST SLP 29.69 ON 26
[REMARKS]
#FINAL-08-20#