000
CXUS54 KCRP 012345
CF6VCT
PRELIMINARY LOCAL CLIMATOLOGICAL DATA (WS FORM: F-6)
STATION: VICTORIA
MONTH: APRIL
YEAR: 2022
LATITUDE: 28 51 N
LONGITUDE: 96 55 W
TEMPERATURE IN F: :PCPN: SNOW: WIND :SUNSHINE: SKY :PK WND
================================================================================
1 2 3 4 5 6A 6B 7 8 9 10 11 12 13 14 15 16 17 18
12Z AVG MX 2MIN
DY MAX MIN AVG DEP HDD CDD WTR SNW DPTH SPD SPD DIR MIN PSBL S-S WX SPD DR
================================================================================
1 80 48 64 -4 1 0 0.00 0.0 0 11.2 23 140 M M 1 30 130
2 89 55 72 4 0 7 0.00 0.0 0 6.5 15 350 M M 4 128 22 20
3 83 59 71 3 0 6 0.00 0.0 0 7.8 17 130 M M 7 12 23 120
4 81 69 75 7 0 10 T 0.0 0 12.5 23 150 M M 10 1 27 150
5 91 71 81 13 0 16 0.00 0.0 0 9.2 18 150 M M 5 18 22 140
6 83 55 69 1 0 4 0.00 0.0 0 14.8 28 360 M M 4 18 38 10
7 79 44 62 -7 3 0 0.00 0.0 0 10.8 23 360 M M 0 33 360
8 81 39 60 -9 5 0 0.00 0.0 0 8.1 21 290 M M 0 27 290
9 87 46 67 -2 0 2 0.00 0.0 0 11.8 28 170 M M 0 38 180
10 81 67 74 5 0 9 0.00 0.0 0 23.3 37 170 M M 6 49 170
11 83 71 77 7 0 12 0.00 0.0 0 16.3 26 150 M M 10 18 33 160
12 86 74 80 10 0 15 0.02 0.0 0 19.2 31 130 M M 10 138 40 130
13 93 66 80 10 0 15 0.00 0.0 0 12.4 28 160 M M 7 18 34 180
14 88 57 73 3 0 8 0.00 0.0 0 12.0 23 110 M M 1 35 110
15 83 66 75 5 0 10 0.00 0.0 0 9.4 18 160 M M 8 18 23 140
16 85 73 79 9 0 14 0.00 0.0 0 9.8 20 170 M M 9 18 25 160
17 88 70 79 8 0 14 0.00 0.0 0 7.2 20 180 M M 7 18 25 160
18 86 62 74 3 0 9 0.00 0.0 0 9.2 18 30 M M 2 12 24 40
19 76 55 66 -5 0 1 T 0.0 0 14.9 25 130 M M 7 33 120
20 86 74 80 9 0 15 0.00 0.0 0 18.0 32 170 M M 9 41 160
21 89 74 82 11 0 17 0.00 0.0 0 16.2 24 150 M M 10 18 31 150
22 88 74 81 9 0 16 0.00 0.0 0 18.3 29 150 M M 8 18 35 140
23 88 72 80 8 0 15 0.00 0.0 0 19.8 31 170 M M 7 40 170
24 88 72 80 8 0 15 0.00 0.0 0 18.1 31 150 M M 8 40 150
25 92 64 78 6 0 13 0.20 0.0 0 12.9 31 30 M M 7 138 42 30
26 78 62 70 -2 0 5 0.00 0.0 0 9.2 20 40 M M 8 26 30
27 86 59 73 0 0 8 0.00 0.0 0 9.5 20 130 M M 2 1 27 170
28 89 65 77 4 0 12 0.00 0.0 0 12.6 24 160 M M 2 1 31 140
29 88 71 80 7 0 15 0.00 0.0 0 15.1 29 160 M M 7 35 140
30 90 71 81 8 0 16 0.00 0.0 0 10.2 21 150 M M 6 1 26 140
================================================================================
SM 2565 1905 9 299 0.22 0.0 386.3 M 172
================================================================================
AV 85.5 63.5 12.9 FASTST M M 6 MAX(MPH)
MISC ----> 37 170 49 170
================================================================================
NOTES:
# LAST OF SEVERAL OCCURRENCES
COLUMN 17 PEAK WIND IN M.P.H.
PRELIMINARY LOCAL CLIMATOLOGICAL DATA (WS FORM: F-6) , PAGE 2
STATION: VICTORIA
MONTH: APRIL
YEAR: 2022
LATITUDE: 28 51 N
LONGITUDE: 96 55 W
[TEMPERATURE DATA] [PRECIPITATION DATA] SYMBOLS USED IN COLUMN 16
AVERAGE MONTHLY: 74.5 TOTAL FOR MONTH: 0.22 1 = FOG OR MIST
DPTR FM NORMAL: 4.1 DPTR FM NORMAL: -2.79 2 = FOG REDUCING VISIBILITY
HIGHEST: 93 ON 13 GRTST 24HR 0.20 ON 25-25 TO 1/4 MILE OR LESS
LOWEST: 39 ON 8 3 = THUNDER
SNOW, ICE PELLETS, HAIL 4 = ICE PELLETS
TOTAL MONTH: 0.0 INCH 5 = HAIL
GRTST 24HR 0.0 6 = FREEZING RAIN OR DRIZZLE
GRTST DEPTH: 0 7 = DUSTSTORM OR SANDSTORM:
VSBY 1/2 MILE OR LESS
8 = SMOKE OR HAZE
[NO. OF DAYS WITH] [WEATHER - DAYS WITH] 9 = BLOWING SNOW
X = TORNADO
MAX 32 OR BELOW: 0 0.01 INCH OR MORE: 2
MAX 90 OR ABOVE: 4 0.10 INCH OR MORE: 1
MIN 32 OR BELOW: 0 0.50 INCH OR MORE: 0
MIN 0 OR BELOW: 0 1.00 INCH OR MORE: 0
[HDD (BASE 65) ]
TOTAL THIS MO. 9 CLEAR (SCALE 0-3) 8
DPTR FM NORMAL -16 PTCLDY (SCALE 4-7) 15
TOTAL FM JUL 1 1101 CLOUDY (SCALE 8-10) 7
DPTR FM NORMAL -63
[CDD (BASE 65) ]
TOTAL THIS MO. 299
DPTR FM NORMAL 112 [PRESSURE DATA]
TOTAL FM JAN 1 403 HIGHEST SLP 30.29 ON 8
DPTR FM NORMAL 73 LOWEST SLP 29.54 ON 5
[REMARKS]
#FINAL-04-22#