000
CXUS55 KGJT 010910
CF6VEL
PRELIMINARY LOCAL CLIMATOLOGICAL DATA (WS FORM: F-6)
STATION: VERNAL UT
MONTH: SEPTEMBER
YEAR: 2022
LATITUDE: 40 27 N
LONGITUDE: 109 31 W
TEMPERATURE IN F: :PCPN: SNOW: WIND :SUNSHINE: SKY :PK WND
================================================================================
1 2 3 4 5 6A 6B 7 8 9 10 11 12 13 14 15 16 17 18
12Z AVG MX 2MIN
DY MAX MIN AVG DEP HDD CDD WTR SNW DPTH SPD SPD DIR MIN PSBL S-S WX SPD DR
================================================================================
1 96 53 75 7 0 10 0.00 M M 4.6 13 320 M M 0 17 90
2 94 56 75 8 0 10 0.00 M M 3.9 9 300 M M 0 12 210
3 96 53 75 8 0 10 0.00 M M 4.0 12 290 M M 0 14 110
4 97 55 76 10 0 11 0.00 M M 3.7 12 340 M M 0 15 240
5 98 58 78 12 0 13 0.00 M M 4.6 12 340 M M 0 17 350
6 98 58 78 12 0 13 0.00 M M 5.0 10 310 M M 0 17 60
7 97 55 76 10 0 11 0.00 M M 3.6 10 130 M M 0 8 14 160
8 96 58 77 12 0 12 0.00 M M 4.4 15 310 M M 0 20 300
9 87 57 72 7 0 7 0.00 M M 7.5 28 50 M M 0 43 50
10 77 46 62 -2 3 0 0.00 M M 5.4 28 60 M M 0 41 70
11 82 45 64 0 1 0 0.00 M M 3.5 9 330 M M 0 17 120
12 87 46 67 3 0 2 0.00 M M 4.6 10 330 M M 0 13 310
13 71 52 62 -1 3 0 0.16 M M 3.9 13 270 M M 6 13 16 180
14 73 56 65 2 0 0 0.02 M M 3.1 21 290 M M 9 13 28 280
15 73 56 65 3 0 0 T M M 4.4 23 210 M M 6 28 210
16 73 51 62 0 3 0 0.08 M M 5.2 23 240 M M 3 13 33 240
17 76 49 63 1 2 0 T M M 5.8 28 290 M M 4 37 280
18 81 49 65 4 0 0 0.00 M M 3.3 15 230 M M 1 20 240
19 84 45 65 4 0 0 0.00 M M 5.3 15 260 M M 0 20 270
20 82 50 66 6 0 1 T M M 5.1 28 260 M M 3 36 250
21 71 50 61 1 4 0 T M M 3.9 23 230 M M 3 3 32 230
22 73 48 61 2 4 0 0.25 M M 5.6 31 250 M M 5 13 45 250
23 74 42 58 -1 7 0 0.00 M M 3.9 10 300 M M 0 15 180
24 76 42 59 1 6 0 0.00 M M 3.2 9 300 M M 0 11 200
25 78 43 61 3 4 0 0.00 M M 3.5 12 220 M M 0 17 180
26 82 44 63 5 2 0 0.00 M M 3.2 8 300 M M 0 11 180
27 84 45 65 8 0 0 0.00 M M 4.0 10 260 M M 0 15 220
28 82 47 65 8 0 0 0.00 M M 5.8 21 290 M M 2 31 280
29 76 53 65 9 0 0 0.03 M M 4.8 22 330 M M 3 38 30 340
30 69 48 59 3 6 0 0.09 M M 5.4 15 60 M M 5 13 21 50
================================================================================
SM 2483 1510 45 100 0.63 M 134.2 M 50
================================================================================
AV 82.8 50.3 4.5 FASTST M M 2 MAX(MPH)
MISC ----> 31 250 45 250
================================================================================
NOTES:
# LAST OF SEVERAL OCCURRENCES
COLUMN 17 PEAK WIND IN M.P.H.
PRELIMINARY LOCAL CLIMATOLOGICAL DATA (WS FORM: F-6) , PAGE 2
STATION: VERNAL UT
MONTH: SEPTEMBER
YEAR: 2022
LATITUDE: 40 27 N
LONGITUDE: 109 31 W
[TEMPERATURE DATA] [PRECIPITATION DATA] SYMBOLS USED IN COLUMN 16
AVERAGE MONTHLY: 66.6 TOTAL FOR MONTH: 0.63 1 = FOG OR MIST
DPTR FM NORMAL: 4.6 DPTR FM NORMAL: -0.59 2 = FOG REDUCING VISIBILITY
HIGHEST: 98 ON 6, 5 GRTST 24HR 0.25 ON 21-22 TO 1/4 MILE OR LESS
LOWEST: 42 ON 24,23 3 = THUNDER
SNOW, ICE PELLETS, HAIL 4 = ICE PELLETS
TOTAL MONTH: M 5 = HAIL
GRTST 24HR M ON M 6 = FREEZING RAIN OR DRIZZLE
GRTST DEPTH: M ON M 7 = DUSTSTORM OR SANDSTORM:
VSBY 1/2 MILE OR LESS
8 = SMOKE OR HAZE
[NO. OF DAYS WITH] [WEATHER - DAYS WITH] 9 = BLOWING SNOW
X = TORNADO
MAX 32 OR BELOW: 0 0.01 INCH OR MORE: 6
MAX 90 OR ABOVE: 8 0.10 INCH OR MORE: 2
MIN 32 OR BELOW: 0 0.50 INCH OR MORE: 0
MIN 0 OR BELOW: 0 1.00 INCH OR MORE: 0
[HDD (BASE 65) ]
TOTAL THIS MO. 45 CLEAR (SCALE 0-3) 22
DPTR FM NORMAL -84 PTCLDY (SCALE 4-7) 7
TOTAL FM JUL 1 45 CLOUDY (SCALE 8-10) 1
DPTR FM NORMAL -91
[CDD (BASE 65) ]
TOTAL THIS MO. 100
DPTR FM NORMAL 61 [PRESSURE DATA]
TOTAL FM JAN 1 968 HIGHEST SLP M ON M
DPTR FM NORMAL 298 LOWEST SLP 29.63 ON 9
[REMARKS]
#FINAL-09-22#