000
CXUS55 KGJT 021809
CF6VEL
PRELIMINARY LOCAL CLIMATOLOGICAL DATA (WS FORM: F-6)
STATION: VERNAL UT
MONTH: OCTOBER
YEAR: 2020
LATITUDE: 40 27 N
LONGITUDE: 109 31 W
TEMPERATURE IN F: :PCPN: SNOW: WIND :SUNSHINE: SKY :PK WND
================================================================================
1 2 3 4 5 6A 6B 7 8 9 10 11 12 13 14 15 16 17 18
12Z AVG MX 2MIN
DY MAX MIN AVG DEP HDD CDD WTR SNW DPTH SPD SPD DIR MIN PSBL S-S WX SPD DR
================================================================================
1 75 38 57 3 8 0 0.00 M M 4.7 9 300 M M 0 11 250
2 71 42 57 3 8 0 0.00 M M 2.9 10 290 M M 0 12 290
3 75 37 56 3 9 0 0.00 M M 3.8 9 140 M M 0 16 170
4 77 38 58 5 7 0 0.00 M M 3.7 10 290 M M 1 8 14 110
5 76 37 57 5 8 0 0.00 M M 4.3 9 300 M M 0 12 300
6 76 38 57 5 8 0 0.00 M M 3.8 10 310 M M 0 8 12 310
7 76 35 56 4 9 0 0.00 M M 2.6 9 310 M M 0 8 10 320
8 73 35 54 3 11 0 0.00 M M 3.8 10 300 M M 0 8 12 120
9 80 42 61 10 4 0 0.00 M M 4.7 12 310 M M 0 13 180
10 80 46 63 13 2 0 0.00 M M 7.6 23 200 M M 1 32 220
11 64 33 49 -1 16 0 T M M 7.9 32 280 M M 1 8 44 290
12 67 30 49 -1 16 0 0.00 M M 3.7 8 260 M M 0 13 100
13 77 37 57 8 8 0 0.00 M M 7.4 21 270 M M 0 29 280
14 76 41 59 10 6 0 0.00 M M 10.5 36 260 M M 0 8 51 270
15 60 31 46 -3 19 0 0.00 M M 5.2 13 110 M M 0 17 120
16 61 28 45 -3 20 0 0.00 M M 3.7 8 300 M M 0 11 160
17 75 35 55 7 10 0 0.00 M M 6.9 30 240 M M 0 42 250
18 75 37 56 8 9 0 0.00 M M 7.4 25 230 M M 0 38 220
19 65 37 51 4 14 0 0.00 M M 4.2 10 290 M M 0 8 12 280
20 71 35 53 6 12 0 0.00 M M 4.3 13 150 M M 0 20 150
21 76 36 56 10 9 0 0.00 M M 5.9 22 260 M M 0 30 270
22 69 35 52 6 13 0 0.00 M M 11.3 36 250 M M 1 8 49 250
23 45 21 33 -13 32 0 0.00 M M 4.6 10 30 M M 0 14 130
24 61 23 42 -3 23 0 0.00 M M 3.8 16 50 M M 3 23 30
25 53 12 33 -12 32 0 0.01 M M 20.8 35 60 M M 9 18 49 50
26 31 7 19 -25 46 0 0.00 M M 5.3 17 70 M M 2 24 80
27 36 9 23 -21 42 0 0.00 M M 2.6 8 160 M M 0 11 180
28 49 15 32 -11 33 0 0.00 M M 2.3 7 270 M M 0 10 120
29 56 20 38 -5 27 0 0.00 M M 3.1 9 300 M M 0 8 10 300
30 59 22 41 -1 24 0 0.00 M M 3.6 10 290 M M 0 12 300
31 65 25 45 3 20 0 0.00 M M 3.3 8 280 M M 0 11 180
================================================================================
SM 2050 957 505 0 0.01 M 169.7 M 18
================================================================================
AV 66.1 30.9 5.5 FASTST M M 1 MAX(MPH)
MISC ----> # 36 260 # 51 270
================================================================================
NOTES:
# LAST OF SEVERAL OCCURRENCES
COLUMN 17 PEAK WIND IN M.P.H.
PRELIMINARY LOCAL CLIMATOLOGICAL DATA (WS FORM: F-6) , PAGE 2
STATION: VERNAL UT
MONTH: OCTOBER
YEAR: 2020
LATITUDE: 40 27 N
LONGITUDE: 109 31 W
[TEMPERATURE DATA] [PRECIPITATION DATA] SYMBOLS USED IN COLUMN 16
AVERAGE MONTHLY: 48.5 TOTAL FOR MONTH: 0.01 1 = FOG OR MIST
DPTR FM NORMAL: 0.4 DPTR FM NORMAL: -1.38 2 = FOG REDUCING VISIBILITY
HIGHEST: 80 ON 10, 9 GRTST 24HR 0.01 ON 25-25 TO 1/4 MILE OR LESS
LOWEST: 7 ON 26 3 = THUNDER
SNOW, ICE PELLETS, HAIL 4 = ICE PELLETS
TOTAL MONTH: M 5 = HAIL
GRTST 24HR M ON M 6 = FREEZING RAIN OR DRIZZLE
GRTST DEPTH: M ON M 7 = DUSTSTORM OR SANDSTORM:
VSBY 1/2 MILE OR LESS
8 = SMOKE OR HAZE
[NO. OF DAYS WITH] [WEATHER - DAYS WITH] 9 = BLOWING SNOW
X = TORNADO
MAX 32 OR BELOW: 1 0.01 INCH OR MORE: 1
MAX 90 OR ABOVE: 0 0.10 INCH OR MORE: 0
MIN 32 OR BELOW: 12 0.50 INCH OR MORE: 0
MIN 0 OR BELOW: 0 1.00 INCH OR MORE: 0
[HDD (BASE 65) ]
TOTAL THIS MO. 505 CLEAR (SCALE 0-3) 30
DPTR FM NORMAL -17 PTCLDY (SCALE 4-7) 0
TOTAL FM JUL 1 657 CLOUDY (SCALE 8-10) 1
DPTR FM NORMAL -47
[CDD (BASE 65) ]
TOTAL THIS MO. 0
DPTR FM NORMAL 0 [PRESSURE DATA]
TOTAL FM JAN 1 874 HIGHEST SLP 30.48 ON 27
DPTR FM NORMAL 363 LOWEST SLP 29.57 ON 11
[REMARKS]
#FINAL-10-20#