000
CXUS55 KGJT 011000
CF6VEL
PRELIMINARY LOCAL CLIMATOLOGICAL DATA (WS FORM: F-6)
STATION: VERNAL UT
MONTH: MARCH
YEAR: 2020
LATITUDE: 40 27 N
LONGITUDE: 109 31 W
TEMPERATURE IN F: :PCPN: SNOW: WIND :SUNSHINE: SKY :PK WND
================================================================================
1 2 3 4 5 6A 6B 7 8 9 10 11 12 13 14 15 16 17 18
12Z AVG MX 2MIN
DY MAX MIN AVG DEP HDD CDD WTR SNW DPTH SPD SPD DIR MIN PSBL S-S WX SPD DR
================================================================================
1 51 27 39 7 26 0 0.10 M M 5.6 21 60 M M 6 12 30 40
2 40 25 33 0 32 0 0.00 M M 3.2 12 50 M M 5 16 50
3 48 21 35 2 30 0 0.00 M M 3.5 10 200 M M 0 14 210
4 52 22 37 3 28 0 0.00 M M 3.6 8 300 M M 0 13 130
5 57 25 41 7 24 0 0.00 M M 3.7 10 330 M M 0 12 330
6 60 26 43 9 22 0 0.00 M M 2.8 12 190 M M 0 15 140
7 63 28 46 11 19 0 0.00 M M 7.5 25 210 M M 3 37 210
8 51 34 43 8 22 0 0.05 M M 6.8 20 280 M M 9 29 270
9 55 32 44 8 21 0 0.00 M M 3.7 14 230 M M 6 1 22 190
10 58 30 44 8 21 0 0.00 M M 5.3 14 40 M M 3 20 60
11 58 27 43 7 22 0 0.05 M M 4.0 18 300 M M 3 26 300
12 62 30 46 9 19 0 0.00 M M 4.4 10 340 M M 0 15 220
13 43 33 38 1 27 0 0.22 M M 4.8 13 40 M M 7 1 19 30
14 52 35 44 6 21 0 0.04 M M 5.6 23 230 M M 10 1 32 230
15 59 33 46 8 19 0 0.00 M M 7.4 22 230 M M 5 30 220
16 60 30 45 7 20 0 0.00 M M 4.2 13 250 M M 0 20 200
17 61 30 46 7 19 0 0.00 M M 5.9 18 190 M M 1 30 220
18 57 31 44 5 21 0 0.32 M M 8.9 28 200 M M 6 1 35 210
19 41 35 38 -1 27 0 0.46 M M 5.2 12 70 M M 10 1 17 90
20 46 32 39 -1 26 0 0.07 M M 4.7 20 260 M M 9 1 26 250
21 49 28 39 -1 26 0 T M M 3.9 13 200 M M 7 21 200
22 54 33 44 4 21 0 0.00 M M 4.4 16 60 M M 6 25 260
23 53 32 43 3 22 0 0.01 M M 5.1 16 220 M M 7 22 220
24 56 31 44 3 21 0 0.01 M M 9.3 28 220 M M 6 39 210
25 56 36 46 5 19 0 T M M 6.5 21 200 M M 7 29 220
26 50 28 39 -2 26 0 T M M 10.5 23 250 M M 6 30 270
27 42 24 33 -8 32 0 T M M 7.0 17 60 M M 9 24 80
28 48 24 36 -6 29 0 T M M 3.6 15 170 M M 5 21 260
29 50 27 39 -3 26 0 0.00 M M 4.4 15 190 M M 5 19 190
30 57 29 43 1 22 0 0.00 M M 5.5 20 250 M M 3 26 250
31 64 36 50 8 15 0 0.00 M M 5.7 26 220 M M 7 33 230
================================================================================
SM 1653 914 725 0 1.33 M 166.7 M 151
================================================================================
AV 53.3 29.5 5.4 FASTST M M 5 MAX(MPH)
MISC ----> # 28 200 # 39 210
================================================================================
NOTES:
# LAST OF SEVERAL OCCURRENCES
COLUMN 17 PEAK WIND IN M.P.H.
PRELIMINARY LOCAL CLIMATOLOGICAL DATA (WS FORM: F-6) , PAGE 2
STATION: VERNAL UT
MONTH: MARCH
YEAR: 2020
LATITUDE: 40 27 N
LONGITUDE: 109 31 W
[TEMPERATURE DATA] [PRECIPITATION DATA] SYMBOLS USED IN COLUMN 16
AVERAGE MONTHLY: 41.4 TOTAL FOR MONTH: 1.33 1 = FOG OR MIST
DPTR FM NORMAL: 3.5 DPTR FM NORMAL: 0.65 2 = FOG REDUCING VISIBILITY
HIGHEST: 64 ON 31 GRTST 24HR 0.46 ON 19-19 TO 1/4 MILE OR LESS
LOWEST: 21 ON 3 3 = THUNDER
SNOW, ICE PELLETS, HAIL 4 = ICE PELLETS
TOTAL MONTH: M 5 = HAIL
GRTST 24HR M ON M 6 = FREEZING RAIN OR DRIZZLE
GRTST DEPTH: M ON M 7 = DUSTSTORM OR SANDSTORM:
VSBY 1/2 MILE OR LESS
8 = SMOKE OR HAZE
[NO. OF DAYS WITH] [WEATHER - DAYS WITH] 9 = BLOWING SNOW
X = TORNADO
MAX 32 OR BELOW: 0 0.01 INCH OR MORE: 10
MAX 90 OR ABOVE: 0 0.10 INCH OR MORE: 4
MIN 32 OR BELOW: 23 0.50 INCH OR MORE: 0
MIN 0 OR BELOW: 0 1.00 INCH OR MORE: 0
[HDD (BASE 65) ]
TOTAL THIS MO. 725 CLEAR (SCALE 0-3) 9
DPTR FM NORMAL -115 PTCLDY (SCALE 4-7) 17
TOTAL FM JUL 1 6381 CLOUDY (SCALE 8-10) 5
DPTR FM NORMAL 50
[CDD (BASE 65) ]
TOTAL THIS MO. 0
DPTR FM NORMAL 0 [PRESSURE DATA]
TOTAL FM JAN 1 0 HIGHEST SLP 30.45 ON 5
DPTR FM NORMAL 0 LOWEST SLP 29.52 ON 19
[REMARKS]
#FINAL-03-20#