000
CXUS55 KGJT 010912
CF6VEL
PRELIMINARY LOCAL CLIMATOLOGICAL DATA (WS FORM: F-6)
STATION: VERNAL UT
MONTH: OCTOBER
YEAR: 2023
LATITUDE: 40 27 N
LONGITUDE: 109 31 W
TEMPERATURE IN F: :PCPN: SNOW: WIND :SUNSHINE: SKY :PK WND
================================================================================
1 2 3 4 5 6A 6B 7 8 9 10 11 12 13 14 15 16 17 18
12Z AVG MX 2MIN
DY MAX MIN AVG DEP HDD CDD WTR SNW DPTH SPD SPD DIR MIN PSBL S-S WX SPD DR
================================================================================
1 70 47 59 4 6 0 0.05 M M 9.5 37 260 M M 6 3 49 270
2 67 41 54 -1 11 0 T M M 8.4 30 210 M M 4 42 190
3 62 36 49 -5 16 0 T M M 3.9 10 360 M M 4 16 180
4 67 37 52 -2 13 0 0.00 M M 4.0 12 250 M M 2 15 210
5 68 36 52 -2 13 0 0.00 M M 5.0 12 200 M M 0 17 200
6 71 40 56 3 9 0 0.00 M M 4.4 10 210 M M 0 8 15 170
7 72 39 56 3 9 0 0.00 M M 3.4 10 300 M M 0 8 11 280
8 75 39 57 5 8 0 0.00 M M 3.6 9 280 M M 0 12 110
9 76 38 57 5 8 0 0.00 M M 3.8 12 290 M M 0 12 290
10 75 37 56 5 9 0 T M M 4.8 24 320 M M 1 39 330
11 60 45 53 2 12 0 T M M 6.7 26 270 M M 6 3 39 270
12 54 40 47 -3 18 0 T M M 5.1 22 40 M M 9 31 50
13 55 35 45 -5 20 0 0.00 M M 2.2 9 60 M M 7 13 70
14 58 28 43 -7 22 0 0.00 M M 3.4 8 300 M M 0 11 140
15 66 31 49 0 16 0 0.00 M M 2.9 8 310 M M 0 8 10 80
16 70 33 52 3 13 0 0.00 M M 3.6 9 300 M M 0 10 300
17 72 37 55 7 10 0 0.00 M M 3.6 10 280 M M 0 8 11 310
18 75 38 57 9 8 0 0.00 M M 4.2 10 290 M M 0 12 210
19 75 38 57 9 8 0 0.00 M M 3.2 10 290 M M 0 11 300
20 76 36 56 9 9 0 0.00 M M 3.1 9 310 M M 0 11 300
21 75 37 56 9 9 0 T M M 3.4 13 220 M M 0 3 14 210
22 72 37 55 9 10 0 0.00 M M 3.4 9 290 M M 0 11 280
23 73 43 58 12 7 0 T M M 5.5 16 200 M M 2 38 22 200
24 68 34 51 6 14 0 0.00 M M 3.8 12 210 M M 0 15 200
25 70 34 52 7 13 0 0.00 M M 4.9 17 200 M M 0 23 200
26 56 26 41 -3 24 0 T M M 9.0 25 260 M M 4 35 250
27 50 19 35 -9 30 0 0.00 M M 2.7 8 280 M M 2 12 130
28 47 35 41 -3 24 0 0.00 M M 8.9 16 90 M M 8 21 80
29 42 18 30 -13 35 0 0.00 M M 8.4 22 40 M M 3 30 60
30 43 13 28 -15 37 0 0.00 M M 3.3 7 300 M M 0 11 150
31 49 16 33 -9 32 0 0.00 M M 3.0 7 270 M M 0 10 140
================================================================================
SM 2009 1063 473 0 0.05 M 145.1 M 58
================================================================================
AV 64.8 34.3 4.7 FASTST M M 2 MAX(MPH)
MISC ----> 37 260 49 270
================================================================================
NOTES:
# LAST OF SEVERAL OCCURRENCES
COLUMN 17 PEAK WIND IN M.P.H.
PRELIMINARY LOCAL CLIMATOLOGICAL DATA (WS FORM: F-6) , PAGE 2
STATION: VERNAL UT
MONTH: OCTOBER
YEAR: 2023
LATITUDE: 40 27 N
LONGITUDE: 109 31 W
[TEMPERATURE DATA] [PRECIPITATION DATA] SYMBOLS USED IN COLUMN 16
AVERAGE MONTHLY: 49.5 TOTAL FOR MONTH: 0.05 1 = FOG OR MIST
DPTR FM NORMAL: 0.7 DPTR FM NORMAL: -1.02 2 = FOG REDUCING VISIBILITY
HIGHEST: 76 ON 20, 9 GRTST 24HR 0.05 ON 1- 1 TO 1/4 MILE OR LESS
LOWEST: 13 ON 30 3 = THUNDER
SNOW, ICE PELLETS, HAIL 4 = ICE PELLETS
TOTAL MONTH: M 5 = HAIL
GRTST 24HR M ON M 6 = FREEZING RAIN OR DRIZZLE
GRTST DEPTH: M ON M 7 = DUSTSTORM OR SANDSTORM:
VSBY 1/2 MILE OR LESS
8 = SMOKE OR HAZE
[NO. OF DAYS WITH] [WEATHER - DAYS WITH] 9 = BLOWING SNOW
X = TORNADO
MAX 32 OR BELOW: 0 0.01 INCH OR MORE: 1
MAX 90 OR ABOVE: 0 0.10 INCH OR MORE: 0
MIN 32 OR BELOW: 7 0.50 INCH OR MORE: 0
MIN 0 OR BELOW: 0 1.00 INCH OR MORE: 0
[HDD (BASE 65) ]
TOTAL THIS MO. 473 CLEAR (SCALE 0-3) 23
DPTR FM NORMAL -29 PTCLDY (SCALE 4-7) 7
TOTAL FM JUL 1 548 CLOUDY (SCALE 8-10) 1
DPTR FM NORMAL -92
[CDD (BASE 65) ]
TOTAL THIS MO. 0
DPTR FM NORMAL 0 [PRESSURE DATA]
TOTAL FM JAN 1 694 HIGHEST SLP M ON M
DPTR FM NORMAL 24 LOWEST SLP 29.36 ON 11
[REMARKS]
#FINAL-10-23#