000
CXUS53 KSGF 010710
CF6VIH
PRELIMINARY LOCAL CLIMATOLOGICAL DATA (WS FORM: F-6)
STATION: VICHY-ROLLA MO
MONTH: AUGUST
YEAR: 2021
LATITUDE: 38 7 N
LONGITUDE: 91 46 W
TEMPERATURE IN F: :PCPN: SNOW: WIND :SUNSHINE: SKY :PK WND
================================================================================
1 2 3 4 5 6A 6B 7 8 9 10 11 12 13 14 15 16 17 18
12Z AVG MX 2MIN
DY MAX MIN AVG DEP HDD CDD WTR SNW DPTH SPD SPD DIR MIN PSBL S-S WX SPD DR
================================================================================
1 85 59 72 -6 0 7 0.00 M M 5.4 14 350 M M 3 128 20 340
2 82 61 72 -6 0 7 0.00 M M 5.0 13 20 M M 4 18 15 20
3 79 59 69 -9 0 4 0.02 M M 4.2 10 40 M M 5 1 15 20
4 82 56 69 -9 0 4 0.00 M M 4.1 10 100 M M 1 15 50
5 82 61 72 -6 0 7 0.00 M M 8.9 17 200 M M 2 23 190
6 87 69 78 0 0 13 0.00 M M 8.1 14 170 M M 2 21 200
7 90 68 79 1 0 14 0.00 M M 9.3 16 200 M M 0 1 22 170
8 88 70 79 1 0 14 0.17 M M 11.2 20 250 M M 3 13 26 250
9 92 72 82 5 0 17 0.00 M M 11.4 18 220 M M 1 25 220
10 91 77 84 7 0 19 0.02 M M 10.8 22 220 M M 2 3 27 220
11 93 74 84 7 0 19 0.00 M M 13.1 22 240 M M 0 28 210
12 96 67 82 5 0 17 0.53 M M 12.0 29 350 M M 1 13 45 350
13 84 67 76 -1 0 11 0.01 M M 5.6 15 210 M M 3 21 200
14 84 66 75 -2 0 10 0.00 M M 5.8 12 50 M M 0 20 50
15 84 59 72 -5 0 7 0.00 M M 6.1 13 40 M M 0 19 100
16 85 59 72 -5 0 7 0.00 M M 4.9 10 120 M M 0 14 90
17 88 67 78 2 0 13 0.00 M M 5.0 9 70 M M 1 12 200
18 83 69 76 0 0 11 0.00 M M 7.4 17 150 M M 3 23 180
19 88 67 78 2 0 13 T M M 5.4 10 110 M M 5 1 14 100
20 88 71 80 4 0 15 0.17 M M 7.8 16 200 M M 3 1 21 210
21 84 69 77 1 0 12 0.36 M M 7.2 21 310 M M 4 1 27 290
22 89 65 77 1 0 12 0.00 M M 4.0 9 150 M M 0 12 60
23 92 72 82 7 0 17 0.18 M M 9.2 22 280 M M 1 13 32 280
24 95 74 85 10 0 20 0.00 M M 9.2 16 210 M M 0 23 170
25 95 73 84 9 0 19 0.00 M M 5.6 14 180 M M 0 17 210
26 94 74 84 9 0 19 0.00 M M 8.6 20 220 M M 1 3 28 240
27 94 70 82 8 0 17 0.00 M M 9.0 15 200 M M 2 21 190
28 93 72 83 9 0 18 0.00 M M 8.7 14 120 M M 1 21 170
29 91 69 80 6 0 15 0.01 M M 6.7 16 150 M M 2 22 140
30 88 68 78 4 0 13 1.37 M M 3.1 21 50 M M 3 123 32 220
31 87 64 76 2 0 11 0.00 M M 5.1 14 190 M M 5 1 19 280
================================================================================
SM 2733 2088 0 402 2.84 M 227.9 M 58
================================================================================
AV 88.2 67.4 7.4 FASTST M M 2 MAX(MPH)
MISC ----> 29 350 45 350
================================================================================
NOTES:
# LAST OF SEVERAL OCCURRENCES
COLUMN 17 PEAK WIND IN M.P.H.
PRELIMINARY LOCAL CLIMATOLOGICAL DATA (WS FORM: F-6) , PAGE 2
STATION: VICHY-ROLLA MO
MONTH: AUGUST
YEAR: 2021
LATITUDE: 38 7 N
LONGITUDE: 91 46 W
[TEMPERATURE DATA] [PRECIPITATION DATA] SYMBOLS USED IN COLUMN 16
AVERAGE MONTHLY: 77.8 TOTAL FOR MONTH: 2.84 1 = FOG OR MIST
DPTR FM NORMAL: 1.5 DPTR FM NORMAL: -0.82 2 = FOG REDUCING VISIBILITY
HIGHEST: 96 ON 12 GRTST 24HR 1.37 ON 30-30 TO 1/4 MILE OR LESS
LOWEST: 56 ON 4 3 = THUNDER
SNOW, ICE PELLETS, HAIL 4 = ICE PELLETS
TOTAL MONTH: M 5 = HAIL
GRTST 24HR M ON M 6 = FREEZING RAIN OR DRIZZLE
GRTST DEPTH: M ON M 7 = DUSTSTORM OR SANDSTORM:
VSBY 1/2 MILE OR LESS
8 = SMOKE OR HAZE
[NO. OF DAYS WITH] [WEATHER - DAYS WITH] 9 = BLOWING SNOW
X = TORNADO
MAX 32 OR BELOW: 0 0.01 INCH OR MORE: 10
MAX 90 OR ABOVE: 12 0.10 INCH OR MORE: 6
MIN 32 OR BELOW: 0 0.50 INCH OR MORE: 2
MIN 0 OR BELOW: 0 1.00 INCH OR MORE: 1
[HDD (BASE 65) ]
TOTAL THIS MO. 0 CLEAR (SCALE 0-3) 25
DPTR FM NORMAL -2 PTCLDY (SCALE 4-7) 6
TOTAL FM JUL 1 0 CLOUDY (SCALE 8-10) 0
DPTR FM NORMAL 0
[CDD (BASE 65) ]
TOTAL THIS MO. 402
DPTR FM NORMAL 50 [PRESSURE DATA]
TOTAL FM JAN 1 1146 HIGHEST SLP M ON M
DPTR FM NORMAL 29 LOWEST SLP 29.67 ON 31
[REMARKS]
#FINAL-08-21#