000
CXUS53 KSGF 010644
CF6VIH
PRELIMINARY LOCAL CLIMATOLOGICAL DATA (WS FORM: F-6)
STATION: VICHY-ROLLA MO
MONTH: SEPTEMBER
YEAR: 2020
LATITUDE: 38 7 N
LONGITUDE: 91 46 W
TEMPERATURE IN F: :PCPN: SNOW: WIND :SUNSHINE: SKY :PK WND
================================================================================
1 2 3 4 5 6A 6B 7 8 9 10 11 12 13 14 15 16 17 18
12Z AVG MX 2MIN
DY MAX MIN AVG DEP HDD CDD WTR SNW DPTH SPD SPD DIR MIN PSBL S-S WX SPD DR
================================================================================
1 76 67 72 -1 0 7 0.50 M M 6.1 15 200 M M 7 13 21 210
2 78 68 73 0 0 8 0.00 M M 3.9 10 220 M M 4 1 16 220
3 86 66 76 3 0 11 T M M 8.4 20 280 M M 7 12 28 270
4 80 57 69 -3 0 4 0.00 M M 4.0 12 140 M M 0 8 15 150
5 86 59 73 1 0 8 0.00 M M 7.1 14 210 M M 1 19 220
6 88 70 79 7 0 14 0.00 M M 11.5 18 200 M M 1 28 200
7 89 70 80 9 0 15 0.00 M M 10.4 15 190 M M 2 24 180
8 87 66 77 6 0 12 0.44 M M 9.3 23 300 M M 3 13 31 300
9 85 66 76 6 0 11 0.00 M M 6.9 12 50 M M 8 12 15 50
10 83 69 76 6 0 11 0.00 M M 6.7 10 80 M M 7 128 16 140
11 82 70 76 6 0 11 0.06 M M 5.8 13 220 M M 9 18 17 210
12 72 58 65 -4 0 0 0.01 M M 4.4 13 290 M M 8 12 16 290
13 75 58 67 -2 0 2 0.00 M M 4.1 12 10 M M 4 12 18 310
14 79 56 68 0 0 3 0.00 M M 7.5 15 50 M M 0 19 110
15 80 58 69 1 0 4 0.00 M M 6.4 10 100 M M 0 16 90
16 82 57 70 2 0 5 0.00 M M 3.3 10 200 M M 0 18 13 130
17 75 57 66 -1 0 1 0.00 M M 7.0 15 360 M M 3 18 20 340
18 72 53 63 -4 2 0 0.00 M M 7.9 14 30 M M 0 1 20 50
19 68 47 58 -8 7 0 0.00 M M 6.4 12 70 M M 0 16 60
20 74 48 61 -5 4 0 0.00 M M 7.6 13 100 M M 0 17 110
21 78 47 63 -2 2 0 0.00 M M 7.3 12 110 M M 0 17 150
22 73 54 64 -1 1 0 0.00 M M 4.5 10 190 M M 3 14 190
23 72 56 64 -1 1 0 0.00 M M 3.3 10 140 M M 3 15 200
24 74 51 63 -1 2 0 0.00 M M 9.8 10 140 M M 0 18 16 130
25 83 53 68 4 0 3 0.00 M M 8.9 17 180 M M 0 22 170
26 85 59 72 9 0 7 0.00 M M 13.1 20 190 M M 1 1 28 200
27 82 54 68 5 0 3 0.67 M M 11.6 33 360 M M 4 1 47 350
28 68 46 57 -6 8 0 T M M 10.3 20 270 M M 6 29 300
29 65 45 55 -7 10 0 0.00 M M 9.3 17 280 M M 2 26 260
30 81 48 65 3 0 0 0.00 M M 11.1 23 330 M M 0 8 33 320
================================================================================
SM 2358 1733 37 140 1.68 M 223.9 M 83
================================================================================
AV 78.6 57.8 7.5 FASTST M M 3 MAX(MPH)
MISC ----> 33 360 47 350
================================================================================
NOTES:
# LAST OF SEVERAL OCCURRENCES
COLUMN 17 PEAK WIND IN M.P.H.
PRELIMINARY LOCAL CLIMATOLOGICAL DATA (WS FORM: F-6) , PAGE 2
STATION: VICHY-ROLLA MO
MONTH: SEPTEMBER
YEAR: 2020
LATITUDE: 38 7 N
LONGITUDE: 91 46 W
[TEMPERATURE DATA] [PRECIPITATION DATA] SYMBOLS USED IN COLUMN 16
AVERAGE MONTHLY: 68.2 TOTAL FOR MONTH: 1.68 1 = FOG OR MIST
DPTR FM NORMAL: 0.6 DPTR FM NORMAL: -2.36 2 = FOG REDUCING VISIBILITY
HIGHEST: 89 ON 7 GRTST 24HR 0.67 ON 27-27 TO 1/4 MILE OR LESS
LOWEST: 45 ON 29 3 = THUNDER
SNOW, ICE PELLETS, HAIL 4 = ICE PELLETS
TOTAL MONTH: M 5 = HAIL
GRTST 24HR M ON M 6 = FREEZING RAIN OR DRIZZLE
GRTST DEPTH: M ON M 7 = DUSTSTORM OR SANDSTORM:
VSBY 1/2 MILE OR LESS
8 = SMOKE OR HAZE
[NO. OF DAYS WITH] [WEATHER - DAYS WITH] 9 = BLOWING SNOW
X = TORNADO
MAX 32 OR BELOW: 0 0.01 INCH OR MORE: 5
MAX 90 OR ABOVE: 0 0.10 INCH OR MORE: 3
MIN 32 OR BELOW: 0 0.50 INCH OR MORE: 2
MIN 0 OR BELOW: 0 1.00 INCH OR MORE: 0
[HDD (BASE 65) ]
TOTAL THIS MO. 37 CLEAR (SCALE 0-3) 18
DPTR FM NORMAL -24 PTCLDY (SCALE 4-7) 11
TOTAL FM JUL 1 37 CLOUDY (SCALE 8-10) 1
DPTR FM NORMAL -27
[CDD (BASE 65) ]
TOTAL THIS MO. 140
DPTR FM NORMAL -1 [PRESSURE DATA]
TOTAL FM JAN 1 1255 HIGHEST SLP M ON M
DPTR FM NORMAL 37 LOWEST SLP 29.75 ON 7
[REMARKS]
#FINAL-09-20#