000
CXUS52 KFFC 011010
CF6VPC
PRELIMINARY LOCAL CLIMATOLOGICAL DATA (WS FORM: F-6)
STATION: CARTERSVILLE
MONTH: APRIL
YEAR: 2022
LATITUDE: 34 7 N
LONGITUDE: 84 51 W
TEMPERATURE IN F: :PCPN: SNOW: WIND :SUNSHINE: SKY :PK WND
================================================================================
1 2 3 4 5 6A 6B 7 8 9 10 11 12 13 14 15 16 17 18
12Z AVG MX 2MIN
DY MAX MIN AVG DEP HDD CDD WTR SNW DPTH SPD SPD DIR MIN PSBL S-S WX SPD DR
================================================================================
1 64 43 54 -2 11 0 0.00 M M 5.0 12 260 M M 1 16 280
2 66 37 52 -5 13 0 0.00 M M 1.0 7 280 M M 1 13 99
3 68 39 54 -3 11 0 0.00 M M 3.4 10 20 M M 0 18 99
4 75 37 56 -1 9 0 0.00 M M 1.4 8 100 M M 0 14 90
5 68 48 58 0 7 0 2.02 M M 5.1 15 120 M M 7 1 22 160
6 82 57 70 12 0 5 0.41 M M 3.8 15 180 M M 8 1 21 99
7 68 48 58 0 7 0 0.01 M M 11.0 20 270 M M 5 31 270
8 55 41 48 -10 17 0 0.00 M M 7.4 15 240 M M 7 24 240
9 57 39 48 -10 17 0 0.00 M M 8.8 18 260 M M 7 25 280
10 77 32 55 -4 10 0 0.00 M M 2.6 9 170 M M 0 14 170
11 70 45 58 -1 7 0 0.00 M M 2.3 14 160 M M 4 15 160
12 84 54 69 10 0 4 0.00 M M 3.5 12 180 M M 5 17 190
13 81 61 71 11 0 6 0.00 M M 6.9 18 160 M M 5 25 160
14 72 52 62 2 3 0 0.15 M M 4.0 14 20 M M 4 1 22 20
15 79 41 60 0 5 0 0.00 M M 4.2 12 100 M M 0 18 100
16 72 59 66 6 0 1 0.92 M M 2.6 12 140 M M 7 1 18 140
17 70 55 63 2 2 0 0.01 M M 1.6 8 260 M M 7 12 M M
18 68 48 58 -3 7 0 0.14 M M 6.8 17 290 M M 7 1 24 290
19 63 41 52 -9 13 0 0.00 M M 4.9 10 270 M M 0 18 320
20 73 37 55 -6 10 0 0.00 M M 6.1 14 120 M M 1 23 130
21 79 57 68 6 0 3 0.00 M M 4.4 9 160 M M 5 16 99
22 84 52 68 6 0 3 0.00 M M 1.5 7 180 M M 1 8 12 99
23 84 55 70 8 0 5 0.00 M M 4.7 13 140 M M 1 18 150
24 82 61 72 10 0 7 0.00 M M 3.8 8 140 M M 6 14 200
25 84 57 71 8 0 6 0.00 M M 2.8 8 190 M M 5 15 180
26 66 54 60 -3 5 0 0.18 M M 3.5 10 280 M M 6 1 16 260
27 73 45 59 -4 6 0 0.00 M M 2.9 8 280 M M 0 15 300
28 81 43 62 -2 3 0 0.00 M M 2.6 8 190 M M 1 13 99
29 M M M M M M 0.00 M M M M M M M M M M
30 M M M M M M 0.00 M M M M M M M M M M
================================================================================
SM 2045 1338 163 40 3.84 M 118.7 M 101
================================================================================
AV 73.0 47.8 4.2 FASTST M M 4 MAX(MPH)
MISC ----> 20 270 31 270
================================================================================
NOTES:
# LAST OF SEVERAL OCCURRENCES
COLUMN 17 PEAK WIND IN M.P.H.
PRELIMINARY LOCAL CLIMATOLOGICAL DATA (WS FORM: F-6) , PAGE 2
STATION: CARTERSVILLE
MONTH: APRIL
YEAR: 2022
LATITUDE: 34 7 N
LONGITUDE: 84 51 W
[TEMPERATURE DATA] [PRECIPITATION DATA] SYMBOLS USED IN COLUMN 16
AVERAGE MONTHLY: 60.4 TOTAL FOR MONTH: 3.84 1 = FOG OR MIST
DPTR FM NORMAL: 0.2 DPTR FM NORMAL: -0.31 2 = FOG REDUCING VISIBILITY
HIGHEST: 84 ON 25,23 GRTST 24HR 2.02 ON 5- 5 TO 1/4 MILE OR LESS
LOWEST: 32 ON 10 3 = THUNDER
SNOW, ICE PELLETS, HAIL 4 = ICE PELLETS
TOTAL MONTH: M 5 = HAIL
GRTST 24HR M ON M 6 = FREEZING RAIN OR DRIZZLE
GRTST DEPTH: M ON M 7 = DUSTSTORM OR SANDSTORM:
VSBY 1/2 MILE OR LESS
8 = SMOKE OR HAZE
[NO. OF DAYS WITH] [WEATHER - DAYS WITH] 9 = BLOWING SNOW
X = TORNADO
MAX 32 OR BELOW: 0 0.01 INCH OR MORE: 8
MAX 90 OR ABOVE: 0 0.10 INCH OR MORE: 6
MIN 32 OR BELOW: 1 0.50 INCH OR MORE: 2
MIN 0 OR BELOW: 0 1.00 INCH OR MORE: 1
[HDD (BASE 65) ]
TOTAL THIS MO. 163 CLEAR (SCALE 0-3) 12
DPTR FM NORMAL -12 PTCLDY (SCALE 4-7) 16
TOTAL FM JUL 1 2551 CLOUDY (SCALE 8-10) 2
DPTR FM NORMAL -523
[CDD (BASE 65) ]
TOTAL THIS MO. 40
DPTR FM NORMAL 9 [PRESSURE DATA]
TOTAL FM JAN 1 63 HIGHEST SLP M ON M
DPTR FM NORMAL 25 LOWEST SLP M ON M
[REMARKS]
#FINAL-04-22#