000
CXUS51 KBTV 010700
CF6VSF
PRELIMINARY LOCAL CLIMATOLOGICAL DATA (WS FORM: F-6)
STATION: SPRINGFIELD VT
MONTH: OCTOBER
YEAR: 2022
LATITUDE: 43 19 N
LONGITUDE: 72 31 W
TEMPERATURE IN F: :PCPN: SNOW: WIND :SUNSHINE: SKY :PK WND
================================================================================
1 2 3 4 5 6A 6B 7 8 9 10 11 12 13 14 15 16 17 18
12Z AVG MX 2MIN
DY MAX MIN AVG DEP HDD CDD WTR SNW DPTH SPD SPD DIR MIN PSBL S-S WX SPD DR
================================================================================
1 67 41 54 0 11 0 0.00 M M 1.7 9 30 M M 4 12 17 40
2 61 38 50 -3 15 0 0.00 M M 4.2 12 60 M M 3 18 60
3 58 32 45 -8 20 0 0.00 M M 1.1 9 50 M M 0 13 60
4 62 40 51 -1 14 0 0.00 M M 1.8 10 110 M M 2 12 110
5 67 47 57 5 8 0 T M M 0.9 8 160 M M 8 12 11 50
6 76 42 59 8 6 0 0.00 M M 0.8 7 170 M M 4 12 9 170
7 73 47 60 9 5 0 T M M 5.1 18 270 M M 5 1 24 260
8 55 34 45 -6 20 0 0.00 M M 5.7 17 280 M M 3 22 280
9 59 32 46 -4 19 0 0.00 M M 2.5 18 260 M M 6 12 23 240
10 54 37 46 -4 19 0 0.07 M M 0.1 5 220 M M 10 12 6 30
11 66 36 51 2 14 0 0.00 M M 0.9 8 270 M M 5 12 11 250
12 71 35 53 4 12 0 0.00 M M 3.4 15 170 M M 4 12 20 200
13 66 46 56 7 9 0 0.84 M M 3.4 15 140 M M 8 1 21 140
14 62 43 53 5 12 0 1.17 M M 1.8 12 270 M M 8 12 17 300
15 66 41 54 6 11 0 0.00 M M 2.3 15 160 M M 5 12 20 170
16 61 35 48 0 17 0 0.00 M M 1.1 8 110 M M 4 12 11 120
17 50 35 43 -4 22 0 0.36 M M 0.1 7 290 M M 9 12 8 290
18 58 32 45 -2 20 0 0.00 M M 1.8 15 270 M M 6 12 18 270
19 54 30 42 -4 23 0 0.00 M M 2.3 15 190 M M 7 12 21 190
20 55 28 42 -4 23 0 0.00 M M 3.2 18 240 M M 1 25 260
21 60 28 44 -2 21 0 0.00 M M 1.9 13 140 M M 0 1 18 160
22 69 28 49 4 16 0 0.00 M M 1.6 10 130 M M 0 14 150
23 62 33 48 3 17 0 T M M 0.1 5 300 M M 2 1 5 300
24 58 50 54 9 11 0 0.02 M M 0.0 6 310 M M 10 12 6 320
25 68 55 62 18 3 0 0.15 M M 0.8 7 150 M M 10 1 9 120
26 71 59 65 21 0 0 0.19 M M 0.7 8 140 M M 9 12 12 170
27 61 40 51 7 14 0 0.00 M M 5.9 17 290 M M 3 1 26 310
28 56 30 43 0 22 0 0.00 M M 2.1 9 40 M M 0 13 40
29 62 26 44 1 21 0 0.00 M M 0.5 6 150 M M 2 12 7 170
30 66 26 46 3 19 0 0.00 M M 0.7 8 150 M M 0 11 140
31 64 29 47 5 18 0 0.00 M M 0.9 10 170 M M 2 14 150
================================================================================
SM 1938 1155 462 0 2.80 M 59.4 M 140
================================================================================
AV 62.5 37.3 1.9 FASTST M M 5 MAX(MPH)
MISC ----> # 18 270 26 310
================================================================================
NOTES:
# LAST OF SEVERAL OCCURRENCES
COLUMN 17 PEAK WIND IN M.P.H.
PRELIMINARY LOCAL CLIMATOLOGICAL DATA (WS FORM: F-6) , PAGE 2
STATION: SPRINGFIELD VT
MONTH: OCTOBER
YEAR: 2022
LATITUDE: 43 19 N
LONGITUDE: 72 31 W
[TEMPERATURE DATA] [PRECIPITATION DATA] SYMBOLS USED IN COLUMN 16
AVERAGE MONTHLY: 49.9 TOTAL FOR MONTH: 2.80 1 = FOG OR MIST
DPTR FM NORMAL: 2.2 DPTR FM NORMAL: -1.36 2 = FOG REDUCING VISIBILITY
HIGHEST: 76 ON 6 GRTST 24HR 2.00 ON 13-14 TO 1/4 MILE OR LESS
LOWEST: 26 ON 30,29 3 = THUNDER
SNOW, ICE PELLETS, HAIL 4 = ICE PELLETS
TOTAL MONTH: M 5 = HAIL
GRTST 24HR M ON M 6 = FREEZING RAIN OR DRIZZLE
GRTST DEPTH: M ON M 7 = DUSTSTORM OR SANDSTORM:
VSBY 1/2 MILE OR LESS
8 = SMOKE OR HAZE
[NO. OF DAYS WITH] [WEATHER - DAYS WITH] 9 = BLOWING SNOW
X = TORNADO
MAX 32 OR BELOW: 0 0.01 INCH OR MORE: 7
MAX 90 OR ABOVE: 0 0.10 INCH OR MORE: 5
MIN 32 OR BELOW: 11 0.50 INCH OR MORE: 2
MIN 0 OR BELOW: 0 1.00 INCH OR MORE: 1
[HDD (BASE 65) ]
TOTAL THIS MO. 462 CLEAR (SCALE 0-3) 12
DPTR FM NORMAL -75 PTCLDY (SCALE 4-7) 14
TOTAL FM JUL 1 636 CLOUDY (SCALE 8-10) 5
DPTR FM NORMAL -141
[CDD (BASE 65) ]
TOTAL THIS MO. 0
DPTR FM NORMAL -1 [PRESSURE DATA]
TOTAL FM JAN 1 553 HIGHEST SLP M ON M
DPTR FM NORMAL 176 LOWEST SLP 29.55 ON 18
[REMARKS]
#FINAL-10-22#