000
CXUS56 KPQR 011155
CF6VUO
PRELIMINARY LOCAL CLIMATOLOGICAL DATA (WS FORM: F-6)
STATION: VANCOUVER WA
MONTH: FEBRUARY
YEAR: 2022
LATITUDE: 45 37 N
LONGITUDE: 122 39 W
TEMPERATURE IN F: :PCPN: SNOW: WIND :SUNSHINE: SKY :PK WND
================================================================================
1 2 3 4 5 6A 6B 7 8 9 10 11 12 13 14 15 16 17 18
12Z AVG MX 2MIN
DY MAX MIN AVG DEP HDD CDD WTR SNW DPTH SPD SPD DIR MIN PSBL S-S WX SPD DR
================================================================================
1 46 35 41 -1 24 0 0.08 M M 3.6 15 280 M M 9 1 17 280
2 44 38 41 -1 24 0 0.04 M M 3.6 12 110 M M 10 1 14 120
3 51 30 41 -1 24 0 0.03 M M 1.5 6 80 M M 7 12 8 130
4 49 32 41 -1 24 0 0.00 M M 1.7 9 110 M M 9 1 11 110
5 53 31 42 0 23 0 0.00 M M 2.0 9 310 M M 6 12 13 290
6 58 30 44 2 21 0 0.00 M M 0.7 6 230 M M 4 12 7 210
7 51 31 41 -1 24 0 0.00 M M 1.9 8 300 M M 6 1 11 280
8 47 32 40 -2 25 0 0.00 M M 1.3 8 220 M M 7 12 9 220
9 56 35 46 4 19 0 0.00 M M 0.6 6 210 M M 5 1 8 170
10 53 32 43 1 22 0 0.00 M M 2.8 10 320 M M 6 12 17 330
11 68 38 53 11 12 0 0.00 M M 5.6 25 80 M M 4 1 33 80
12 65 31 48 5 17 0 0.00 M M 4.0 22 110 M M 0 28 110
13 61 29 45 2 20 0 0.00 M M 4.1 10 110 M M 0 13 110
14 52 42 47 4 18 0 0.14 M M 5.2 16 290 M M 8 1 21 300
15 50 34 42 -1 23 0 0.01 M M 1.2 6 270 M M 9 1 8 280
16 53 44 49 6 16 0 0.01 M M 1.7 10 280 M M 9 1 14 280
17 53 38 46 3 19 0 0.00 M M 0.9 6 310 M M 10 M M
18 56 36 46 3 19 0 0.00 M M 2.3 9 280 M M 5 11 280
19 50 32 41 -3 24 0 0.12 M M 3.5 13 200 M M 8 1 19 200
20 49 38 44 0 21 0 0.07 M M 5.5 16 250 M M 8 22 300
21 45 36 41 -3 24 0 0.13 M M 3.3 14 90 M M 8 1 19 80
22 38 29 34 -10 31 0 0.00 M M 13.9 23 100 M M 4 31 110
23 38 24 31 -13 34 0 0.00 M M 6.2 21 110 M M 0 25 110
24 40 25 33 -11 32 0 0.01 M M 3.6 9 110 M M 6 11 120
25 48 21 35 -9 30 0 0.00 M M 3.0 10 110 M M 2 13 110
26 44 28 36 -9 29 0 0.29 M M 4.5 15 120 M M 5 24 120
27 49 38 44 -1 21 0 0.34 M M 10.2 16 110 M M 10 21 120
28 61 45 53 8 12 0 1.79 M M 10.7 20 200 M M 10 30 210
================================================================================
SM 1428 934 632 0 3.06 M 109.1 M 175
================================================================================
AV 51.0 33.4 3.9 FASTST M M 6 MAX(MPH)
MISC ----> 25 80 33 80
================================================================================
NOTES:
# LAST OF SEVERAL OCCURRENCES
COLUMN 17 PEAK WIND IN M.P.H.
PRELIMINARY LOCAL CLIMATOLOGICAL DATA (WS FORM: F-6) , PAGE 2
STATION: VANCOUVER WA
MONTH: FEBRUARY
YEAR: 2022
LATITUDE: 45 37 N
LONGITUDE: 122 39 W
[TEMPERATURE DATA] [PRECIPITATION DATA] SYMBOLS USED IN COLUMN 16
AVERAGE MONTHLY: 42.2 TOTAL FOR MONTH: 3.06 1 = FOG OR MIST
DPTR FM NORMAL: -0.9 DPTR FM NORMAL: -0.71 2 = FOG REDUCING VISIBILITY
HIGHEST: 68 ON 11 GRTST 24HR 1.80 ON 27-28 TO 1/4 MILE OR LESS
LOWEST: 21 ON 25 3 = THUNDER
SNOW, ICE PELLETS, HAIL 4 = ICE PELLETS
TOTAL MONTH: M 5 = HAIL
GRTST 24HR M ON M 6 = FREEZING RAIN OR DRIZZLE
GRTST DEPTH: M ON M 7 = DUSTSTORM OR SANDSTORM:
VSBY 1/2 MILE OR LESS
8 = SMOKE OR HAZE
[NO. OF DAYS WITH] [WEATHER - DAYS WITH] 9 = BLOWING SNOW
X = TORNADO
MAX 32 OR BELOW: 0 0.01 INCH OR MORE: 13
MAX 90 OR ABOVE: 0 0.10 INCH OR MORE: 6
MIN 32 OR BELOW: 15 0.50 INCH OR MORE: 1
MIN 0 OR BELOW: 0 1.00 INCH OR MORE: 1
[HDD (BASE 65) ]
TOTAL THIS MO. 632 CLEAR (SCALE 0-3) 4
DPTR FM NORMAL 17 PTCLDY (SCALE 4-7) 15
TOTAL FM JUL 1 3068 CLOUDY (SCALE 8-10) 9
DPTR FM NORMAL -63
[CDD (BASE 65) ]
TOTAL THIS MO. 0
DPTR FM NORMAL 0 [PRESSURE DATA]
TOTAL FM JAN 1 0 HIGHEST SLP 30.66 ON 8
DPTR FM NORMAL 0 LOWEST SLP 29.86 ON 21
[REMARKS]
#FINAL-02-22#