000
CXUS51 KAKQ 010833
CF6WAL
PRELIMINARY LOCAL CLIMATOLOGICAL DATA (WS FORM: F-6)
STATION: WALLOPS ISLAND VA
MONTH: APRIL
YEAR: 2020
LATITUDE: 37 55 N
LONGITUDE: 75 28 W
TEMPERATURE IN F: :PCPN: SNOW: WIND :SUNSHINE: SKY :PK WND
================================================================================
1 2 3 4 5 6A 6B 7 8 9 10 11 12 13 14 15 16 17 18
12Z AVG MX 2MIN
DY MAX MIN AVG DEP HDD CDD WTR SNW DPTH SPD SPD DIR MIN PSBL S-S WX SPD DR
================================================================================
1 54 38 46 -4 19 0 0.32 0.0 0 13.9 33 50 M M 7 1 41 40
2 60 40 50 0 15 0 0.00 0.0 0 14.9 31 310 M M 1 44 290
3 61 48 55 5 10 0 0.00 0.0 0 14.4 26 310 M M 4 39 310
4 53 41 47 -3 18 0 T 0.0 0 10.2 23 50 M M 8 1 29 50
5 62 40 51 0 14 0 0.00 0.0 0 8.9 18 190 M M 3 24 190
6 68 44 56 5 9 0 T 0.0 0 7.0 17 60 M M 3 20 60
7 67 40 54 3 11 0 0.12 0.0 0 8.4 22 180 M M 4 1 27 180
8 76 52 64 12 1 0 T 0.0 0 8.0 18 290 M M 1 26 310
9 77 50 64 12 1 0 T 0.0 0 14.7 37 180 M M 2 47 190
10 53 42 48 -4 17 0 T 0.0 0 18.3 33 310 M M 3 47 300
11 59 36 48 -5 17 0 0.00 0.0 0 10.9 21 260 M M 0 30 290
12 66 49 58 5 7 0 0.07 0.0 0 14.3 24 180 M M 3 32 180
13 66 57 62 9 3 0 0.67 0.0 0 18.9 33 190 M M 6 13 45 190
14 61 48 55 1 10 0 0.00 0.0 0 8.5 16 350 M M 3 23 10
15 54 36 45 -9 20 0 0.09 0.0 0 8.1 21 330 M M 6 3 31 330
16 57 37 47 -7 18 0 0.00 0.0 0 8.8 21 310 M M 0 29 320
17 58 33 46 -8 19 0 0.00 0.0 0 9.4 25 190 M M 0 33 190
18 62 36 49 -6 16 0 0.42 0.0 0 10.4 24 310 M M 5 1 34 310
19 58 33 46 -9 19 0 0.00 0.0 0 8.2 24 170 M M 1 29 180
20 56 44 50 -5 15 0 0.25 0.0 0 6.5 21 40 M M 6 1 26 40
21 72 45 59 3 6 0 T 0.0 0 13.5 29 210 M M 2 3 39 210
22 60 36 48 -8 17 0 0.00 0.0 0 9.5 26 290 M M 1 38 300
23 67 46 57 1 8 0 0.15 0.0 0 7.0 18 180 M M 6 1 24 160
24 73 50 62 6 3 0 0.24 0.0 0 11.9 23 200 M M 8 1 30 250
25 58 49 54 -3 11 0 0.19 0.0 0 9.8 16 70 M M 7 1 20 60
26 68 52 60 3 5 0 0.30 0.0 0 8.1 20 60 M M 7 1 24 290
27 55 44 50 -7 15 0 0.19 0.0 0 9.3 18 310 M M 8 1 27 300
28 61 41 51 -7 14 0 0.01 0.0 0 7.0 15 170 M M 5 19 180
29 72 53 63 5 2 0 0.00 0.0 0 11.2 21 180 M M 2 29 180
30 66 56 61 3 4 0 0.64 0.0 0 15.0 30 150 M M 7 1 41 160
================================================================================
SM 1880 1316 344 0 3.66 0.0 325.0 M 119
================================================================================
AV 62.7 43.9 10.8 FASTST M M 4 MAX(MPH)
MISC ----> # 37 180 # 47 190
================================================================================
NOTES:
# LAST OF SEVERAL OCCURRENCES
COLUMN 17 PEAK WIND IN M.P.H.
PRELIMINARY LOCAL CLIMATOLOGICAL DATA (WS FORM: F-6) , PAGE 2
STATION: WALLOPS ISLAND VA
MONTH: APRIL
YEAR: 2020
LATITUDE: 37 55 N
LONGITUDE: 75 28 W
[TEMPERATURE DATA] [PRECIPITATION DATA] SYMBOLS USED IN COLUMN 16
AVERAGE MONTHLY: 53.3 TOTAL FOR MONTH: 3.66 1 = FOG OR MIST
DPTR FM NORMAL: -0.6 DPTR FM NORMAL: 0.59 2 = FOG REDUCING VISIBILITY
HIGHEST: 77 ON 9 GRTST 24HR 0.67 ON 13-13 TO 1/4 MILE OR LESS
LOWEST: 33 ON 19,17 3 = THUNDER
SNOW, ICE PELLETS, HAIL 4 = ICE PELLETS
TOTAL MONTH: 0.0 INCH 5 = HAIL
GRTST 24HR 0.0 6 = FREEZING RAIN OR DRIZZLE
GRTST DEPTH: 0 7 = DUSTSTORM OR SANDSTORM:
VSBY 1/2 MILE OR LESS
8 = SMOKE OR HAZE
[NO. OF DAYS WITH] [WEATHER - DAYS WITH] 9 = BLOWING SNOW
X = TORNADO
MAX 32 OR BELOW: 0 0.01 INCH OR MORE: 14
MAX 90 OR ABOVE: 0 0.10 INCH OR MORE: 11
MIN 32 OR BELOW: 0 0.50 INCH OR MORE: 2
MIN 0 OR BELOW: 0 1.00 INCH OR MORE: 0
[HDD (BASE 65) ]
TOTAL THIS MO. 344 CLEAR (SCALE 0-3) 14
DPTR FM NORMAL 1 PTCLDY (SCALE 4-7) 13
TOTAL FM JUL 1 3449 CLOUDY (SCALE 8-10) 3
DPTR FM NORMAL -593
[CDD (BASE 65) ]
TOTAL THIS MO. 0
DPTR FM NORMAL -10 [PRESSURE DATA]
TOTAL FM JAN 1 2 HIGHEST SLP 30.37 ON 17
DPTR FM NORMAL -9 LOWEST SLP 29.26 ON 9
[REMARKS]
#FINAL-04-20#