000
CXUS54 KFWD 010730
CF6XBP
PRELIMINARY LOCAL CLIMATOLOGICAL DATA (WS FORM: F-6)
STATION: BRIDGEPORT
MONTH: MAY
YEAR: 2023
LATITUDE: 33 10 N
LONGITUDE: 96 30 W
TEMPERATURE IN F: :PCPN: SNOW: WIND :SUNSHINE: SKY :PK WND
================================================================================
1 2 3 4 5 6A 6B 7 8 9 10 11 12 13 14 15 16 17 18
12Z AVG MX 2MIN
DY MAX MIN AVG DEP HDD CDD WTR SNW DPTH SPD SPD DIR MIN PSBL S-S WX SPD DR
================================================================================
1 76 46 61 -6 4 0 0.00 M M 2.8 10 80 M M 0 M M
2 81 46 64 -3 1 0 0.00 M M 3.6 9 80 M M 1 M M
3 80 58 69 2 0 4 0.00 M M 4.7 12 90 M M 2 16 50
4 83 57 70 3 0 5 0.00 M M 5.9 15 160 M M 2 23 160
5 97 65 81 13 0 16 0.06 M M 6.8 15 160 M M 0 24 160
6 92 63 78 10 0 13 0.27 M M 8.7 13 110 M M 2 3 24 300
7 85 64 75 7 0 10 0.05 M M 9.2 15 190 M M 5 37 160
8 89 62 76 8 0 11 0.00 M M 6.7 13 210 M M 0 22 190
9 85 65 75 6 0 10 0.00 M M 5.8 12 160 M M 1 18 18 160
10 75 64 70 1 0 5 0.01 M M 2.6 8 150 M M 2 1 M M
11 89 65 77 8 0 12 0.02 M M 7.4 15 150 M M 6 138 21 170
12 91 64 78 8 0 13 0.24 M M 11.1 18 170 M M 4 3 26 160
13 82 63 73 3 0 8 0.06 M M 3.6 8 170 M M 4 25 0
14 76 66 71 1 0 6 1.60 M M 2.6 7 140 M M 6 3 M M
15 85 66 76 6 0 11 0.22 M M 3.2 13 340 M M 4 38 M M
16 77 60 69 -1 0 4 0.00 M M 4.1 9 10 M M 3 M M
17 84 56 70 -1 0 5 0.00 M M 2.3 6 70 M M 0 M M
18 88 61 75 4 0 10 0.00 M M 4.8 10 160 M M 1 16 130
19 88 66 77 6 0 12 0.00 M M 5.4 10 340 M M 4 24 10
20 76 56 66 -6 0 1 0.00 M M 7.1 13 10 M M 3 23 10
21 74 54 64 -8 1 0 0.00 M M 0.6 5 90 M M 0 M M
22 83 52 68 -4 0 3 0.00 M M 2.5 7 130 M M 1 18 M M
23 86 63 75 3 0 10 0.02 M M 5.5 14 170 M M 2 13 23 190
24 84 64 74 1 0 9 0.42 M M 3.6 9 300 M M 4 25 100
25 83 63 73 0 0 8 0.00 M M 3.9 9 130 M M 2 M M
26 83 60 72 -1 0 7 0.00 M M 2.5 8 100 M M 2 18 M M
27 83 60 72 -2 0 7 0.00 M M 2.7 8 130 M M 1 1 M M
28 86 64 75 1 0 10 0.00 M M 5.8 13 170 M M 3 M M
29 86 62 74 0 0 9 0.03 M M 3.0 13 190 M M 2 138 17 220
30 88 63 76 2 0 11 0.00 M M 4.7 15 110 M M 1 1 18 110
31 89 62 76 1 0 11 0.00 M M 3.8 10 150 M M 1 1 17 150
================================================================================
SM 2604 1880 6 241 3.00 M 147.0 M 69
================================================================================
AV 84.0 60.6 4.7 FASTST M M 2 MAX(MPH)
MISC ----> 18 170 37 160
================================================================================
NOTES:
# LAST OF SEVERAL OCCURRENCES
COLUMN 17 PEAK WIND IN M.P.H.
PRELIMINARY LOCAL CLIMATOLOGICAL DATA (WS FORM: F-6) , PAGE 2
STATION: BRIDGEPORT
MONTH: MAY
YEAR: 2023
LATITUDE: 33 10 N
LONGITUDE: 96 30 W
[TEMPERATURE DATA] [PRECIPITATION DATA] SYMBOLS USED IN COLUMN 16
AVERAGE MONTHLY: 72.3 TOTAL FOR MONTH: 3.00 1 = FOG OR MIST
DPTR FM NORMAL: 1.7 DPTR FM NORMAL: -2.23 2 = FOG REDUCING VISIBILITY
HIGHEST: 97 ON 5 GRTST 24HR 1.60 ON 14-14 TO 1/4 MILE OR LESS
LOWEST: 46 ON 2, 1 3 = THUNDER
SNOW, ICE PELLETS, HAIL 4 = ICE PELLETS
TOTAL MONTH: M 5 = HAIL
GRTST 24HR M ON M 6 = FREEZING RAIN OR DRIZZLE
GRTST DEPTH: M ON M 7 = DUSTSTORM OR SANDSTORM:
VSBY 1/2 MILE OR LESS
8 = SMOKE OR HAZE
[NO. OF DAYS WITH] [WEATHER - DAYS WITH] 9 = BLOWING SNOW
X = TORNADO
MAX 32 OR BELOW: 0 0.01 INCH OR MORE: 12
MAX 90 OR ABOVE: 3 0.10 INCH OR MORE: 5
MIN 32 OR BELOW: 0 0.50 INCH OR MORE: 1
MIN 0 OR BELOW: 0 1.00 INCH OR MORE: 1
[HDD (BASE 65) ]
TOTAL THIS MO. 6 CLEAR (SCALE 0-3) 23
DPTR FM NORMAL -20 PTCLDY (SCALE 4-7) 8
TOTAL FM JUL 1 2387 CLOUDY (SCALE 8-10) 0
DPTR FM NORMAL -574
[CDD (BASE 65) ]
TOTAL THIS MO. 241
DPTR FM NORMAL 43 [PRESSURE DATA]
TOTAL FM JAN 1 312 HIGHEST SLP M ON M
DPTR FM NORMAL 35 LOWEST SLP M ON M
[REMARKS]
#FINAL-05-23#