000
CXUS54 KTSA 021218
CF6XNA
PRELIMINARY LOCAL CLIMATOLOGICAL DATA (WS FORM: F-6)
STATION: HIGHFILL ARKANSAS
MONTH: DECEMBER
YEAR: 2022
LATITUDE: 36 16 N
LONGITUDE: 94 19 W
TEMPERATURE IN F: :PCPN: SNOW: WIND :SUNSHINE: SKY :PK WND
================================================================================
1 2 3 4 5 6A 6B 7 8 9 10 11 12 13 14 15 16 17 18
12Z AVG MX 2MIN
DY MAX MIN AVG DEP HDD CDD WTR SNW DPTH SPD SPD DIR MIN PSBL S-S WX SPD DR
================================================================================
1 54 26 40 -3 25 0 0.00 0.0 M 10.0 23 170 M M 4 29 150
2 58 46 52 9 13 0 T 0.0 M 15.4 26 210 M M 10 1 43 210
3 58 29 44 2 21 0 0.00 0.0 M 8.8 24 340 M M 2 34 340
4 47 33 40 -2 25 0 0.00 0.0 M 5.8 15 190 M M 8 19 190
5 53 37 45 3 20 0 0.00 0.0 M 5.9 13 180 M M 8 12 18 180
6 63 47 55 13 10 0 0.03 0.0 M 5.8 20 250 M M 10 1 27 250
7 56 46 51 10 14 0 0.44 0.0 M 3.4 9 130 M M 10 1 14 80
8 64 52 58 17 7 0 0.57 0.0 M 5.5 14 290 M M 9 12 19 280
9 57 40 49 8 16 0 0.02 0.0 M 3.4 13 330 M M 3 12 18 330
10 51 45 48 7 17 0 0.91 0.0 M 7.4 17 340 M M 10 13 22 90
11 49 45 47 7 18 0 0.00 0.0 M 6.5 13 40 M M 10 22 110
12 54 48 51 11 14 0 0.04 0.0 M 10.1 20 140 M M 10 25 130
13 58 48 53 13 12 0 0.88 0.0 M 12.2 25 160 M M 8 13 35 180
14 48 32 40 0 25 0 0.00 0.0 M 7.7 18 270 M M 2 24 260
15 42 28 35 -5 30 0 0.00 0.0 M 12.2 26 260 M M 0 35 270
16 40 26 33 -6 32 0 0.00 0.0 M 11.3 24 260 M M 1 32 280
17 38 22 30 -9 35 0 0.00 0.0 M 8.5 22 280 M M 0 30 270
18 49 19 34 -5 31 0 0.00 0.0 M 4.2 13 200 M M 0 19 190
19 48 34 41 2 24 0 0.00 0.0 M 7.6 18 150 M M 7 24 140
20 49 31 40 1 25 0 0.00 0.0 M 6.6 15 360 M M 6 19 20
21 48 29 39 1 26 0 0.00 0.0 M 6.4 16 160 M M 5 1 20 170
22 38 -4 17 -21 48 0 0.05 M M 14.0 29 340 M M 8 1 40 330
23 11 -3 4 -34 61 0 T M M 11.7 22 320 M M 0 31 310
24 25 6 16 -22 49 0 0.00 0.0 M 6.4 14 300 M M 2 20 320
25 36 10 23 -15 42 0 0.00 0.0 M 5.4 15 210 M M 2 23 220
26 42 17 30 -8 35 0 0.01 M M 10.5 22 340 M M 8 28 340
27 45 15 30 -8 35 0 0.00 0.0 M 9.2 20 180 M M 0 24 180
28 61 36 49 11 16 0 T 0.0 M 20.9 35 190 M M 0 49 190
29 69 50 60 22 5 0 T 0.0 M 14.6 28 190 M M 4 37 210
30 57 38 48 11 17 0 0.00 0.0 M 5.2 10 70 M M 0 16 250
31 64 33 49 12 16 0 0.00 0.0 M 7.6 21 180 M M 1 30 200
================================================================================
SM 1532 961 764 0 2.95 0.0 270.2 M 148
================================================================================
AV 49.4 31.0 8.7 FASTST M M 5 MAX(MPH)
MISC ----> 35 190 49 190
================================================================================
NOTES:
# LAST OF SEVERAL OCCURRENCES
COLUMN 17 PEAK WIND IN M.P.H.
PRELIMINARY LOCAL CLIMATOLOGICAL DATA (WS FORM: F-6) , PAGE 2
STATION: HIGHFILL ARKANSAS
MONTH: DECEMBER
YEAR: 2022
LATITUDE: 36 16 N
LONGITUDE: 94 19 W
[TEMPERATURE DATA] [PRECIPITATION DATA] SYMBOLS USED IN COLUMN 16
AVERAGE MONTHLY: 40.2 TOTAL FOR MONTH: 2.95 1 = FOG OR MIST
DPTR FM NORMAL: 0.6 DPTR FM NORMAL: 0.10 2 = FOG REDUCING VISIBILITY
HIGHEST: 69 ON 29 GRTST 24HR 1.00 ON 7- 8 TO 1/4 MILE OR LESS
LOWEST: -4 ON 22 3 = THUNDER
SNOW, ICE PELLETS, HAIL 4 = ICE PELLETS
TOTAL MONTH: 0.0 INCH 5 = HAIL
GRTST 24HR 0.0 6 = FREEZING RAIN OR DRIZZLE
GRTST DEPTH: M ON M 7 = DUSTSTORM OR SANDSTORM:
VSBY 1/2 MILE OR LESS
8 = SMOKE OR HAZE
[NO. OF DAYS WITH] [WEATHER - DAYS WITH] 9 = BLOWING SNOW
X = TORNADO
MAX 32 OR BELOW: 2 0.01 INCH OR MORE: 9
MAX 90 OR ABOVE: 0 0.10 INCH OR MORE: 4
MIN 32 OR BELOW: 15 0.50 INCH OR MORE: 3
MIN 0 OR BELOW: 2 1.00 INCH OR MORE: 0
[HDD (BASE 65) ]
TOTAL THIS MO. 764 CLEAR (SCALE 0-3) 14
DPTR FM NORMAL -24 PTCLDY (SCALE 4-7) 6
TOTAL FM JUL 1 1500 CLOUDY (SCALE 8-10) 11
DPTR FM NORMAL -29
[CDD (BASE 65) ]
TOTAL THIS MO. 0
DPTR FM NORMAL 0 [PRESSURE DATA]
TOTAL FM JAN 1 1911 HIGHEST SLP M ON M
DPTR FM NORMAL 352 LOWEST SLP 29.59 ON 13
[REMARKS]
#FINAL-12-22#