000
CXUS56 KPDT 011810
CF6YKM
PRELIMINARY LOCAL CLIMATOLOGICAL DATA (WS FORM: F-6)
STATION: YAKIMA WA
MONTH: JULY
YEAR: 2021
LATITUDE: 46 34 N
LONGITUDE: 120 32 W
TEMPERATURE IN F: :PCPN: SNOW: WIND :SUNSHINE: SKY :PK WND
================================================================================
1 2 3 4 5 6A 6B 7 8 9 10 11 12 13 14 15 16 17 18
12Z AVG MX 2MIN
DY MAX MIN AVG DEP HDD CDD WTR SNW DPTH SPD SPD DIR MIN PSBL S-S WX SPD DR
================================================================================
1 100 70 85 16 0 20 0.00 M M 9.5 26 340 M M 0 38 340
2 97 64 81 12 0 16 0.00 M M 9.2 22 330 M M 0 8 33 320
3 100 65 83 13 0 18 0.00 M M 6.9 18 350 M M 0 8 24 340
4 99 62 81 11 0 16 0.00 M M 7.6 21 320 M M 0 28 330
5 99 57 78 8 0 13 0.00 M M 6.4 15 330 M M 0 21 340
6 102 62 82 12 0 17 0.00 M M 4.8 14 320 M M 0 20 330
7 95 68 82 11 0 17 T M M 11.0 20 320 M M 0 29 320
8 92 57 75 4 0 10 0.00 M M 6.5 21 320 M M 0 26 320
9 93 61 77 6 0 12 0.00 M M 6.3 17 330 M M 0 23 340
10 101 57 79 7 0 14 0.00 M M 7.1 22 320 M M 0 28 320
11 98 71 85 13 0 20 0.00 M M 8.5 20 300 M M 0 31 330
12 98 63 81 9 0 16 0.00 M M 7.4 20 320 M M 0 27 320
13 101 71 86 14 0 21 0.00 M M 6.4 17 330 M M 0 8 23 310
14 103 74 89 16 0 24 0.00 M M 9.2 21 330 M M 0 30 320
15 96 61 79 6 0 14 0.00 M M 9.0 22 330 M M 0 30 320
16 90 59 75 2 0 10 0.00 M M 7.5 24 330 M M 0 34 340
17 88 55 72 -1 0 7 0.00 M M 4.8 22 310 M M 0 30 290
18 96 60 78 5 0 13 0.00 M M 5.4 12 330 M M 0 16 320
19 97 58 78 4 0 13 0.00 M M 8.1 20 310 M M 0 28 310
20 92 63 78 4 0 13 0.00 M M 7.3 18 320 M M 0 26 310
21 85 63 74 0 0 9 0.00 M M 11.8 25 320 M M 0 36 320
22 86 47 67 -7 0 2 0.00 M M 4.6 13 340 M M 0 21 300
23 92 57 75 1 0 10 0.00 M M 4.6 15 340 M M 0 21 340
24 96 56 76 2 0 11 0.00 M M 5.4 12 320 M M 0 17 320
25 100 70 85 11 0 20 0.00 M M 5.8 18 330 M M 0 25 320
26 97 66 82 8 0 17 0.00 M M 6.1 15 300 M M 0 8 20 280
27 89 70 80 6 0 15 0.00 M M 7.4 16 330 M M 0 23 310
28 94 58 76 2 0 11 0.00 M M 4.9 10 280 M M 0 14 60
29 100 61 81 7 0 16 0.00 M M 6.3 14 150 M M 0 18 140
30 104 65 85 11 0 20 0.00 M M 6.8 12 250 M M 0 15 260
31 99 72 86 12 0 21 T M M 7.2 18 270 M M 1 8 26 270
================================================================================
SM 2979 1943 0 456 T M 219.8 M 1
================================================================================
AV 96.1 62.7 7.1 FASTST M M 0 MAX(MPH)
MISC ----> 26 340 38 340
================================================================================
NOTES:
# LAST OF SEVERAL OCCURRENCES
COLUMN 17 PEAK WIND IN M.P.H.
PRELIMINARY LOCAL CLIMATOLOGICAL DATA (WS FORM: F-6) , PAGE 2
STATION: YAKIMA WA
MONTH: JULY
YEAR: 2021
LATITUDE: 46 34 N
LONGITUDE: 120 32 W
[TEMPERATURE DATA] [PRECIPITATION DATA] SYMBOLS USED IN COLUMN 16
AVERAGE MONTHLY: 79.4 TOTAL FOR MONTH: T 1 = FOG OR MIST
DPTR FM NORMAL: 7.0 DPTR FM NORMAL: -0.20 2 = FOG REDUCING VISIBILITY
HIGHEST: 104 ON 30 GRTST 24HR T ON 7- 7 TO 1/4 MILE OR LESS
LOWEST: 47 ON 22 3 = THUNDER
SNOW, ICE PELLETS, HAIL 4 = ICE PELLETS
TOTAL MONTH: M 5 = HAIL
GRTST 24HR M ON M 6 = FREEZING RAIN OR DRIZZLE
GRTST DEPTH: M ON M 7 = DUSTSTORM OR SANDSTORM:
VSBY 1/2 MILE OR LESS
8 = SMOKE OR HAZE
[NO. OF DAYS WITH] [WEATHER - DAYS WITH] 9 = BLOWING SNOW
X = TORNADO
MAX 32 OR BELOW: 0 0.01 INCH OR MORE: 0
MAX 90 OR ABOVE: 27 0.10 INCH OR MORE: 0
MIN 32 OR BELOW: 0 0.50 INCH OR MORE: 0
MIN 0 OR BELOW: 0 1.00 INCH OR MORE: 0
[HDD (BASE 65) ]
TOTAL THIS MO. 0 CLEAR (SCALE 0-3) 31
DPTR FM NORMAL -14 PTCLDY (SCALE 4-7) 0
TOTAL FM JUL 1 0 CLOUDY (SCALE 8-10) 0
DPTR FM NORMAL -9
[CDD (BASE 65) ]
TOTAL THIS MO. 456
DPTR FM NORMAL 212 [PRESSURE DATA]
TOTAL FM JAN 1 778 HIGHEST SLP 30.15 ON 23
DPTR FM NORMAL 421 LOWEST SLP 29.67 ON 1
[REMARKS]
#FINAL-07-21#