000
CXUS51 KCLE 021533
CLSYNG
CLIMATE REPORT
NATIONAL WEATHER SERVICE CLEVELAND, OH
1033 AM EST THU MAR 02 2023
...................................
...THE YOUNGSTOWN OH CLIMATE SUMMARY FOR THE SEASON, FROM
12/1/2022 TO 2/28/2023...
CLIMATE NORMAL PERIOD 1991 TO 2020
CLIMATE RECORD PERIOD 1897 TO 2023
WEATHER OBSERVED NORMAL DEPART
VALUE DATE(S) VALUE FROM
NORMAL
................................................
TEMPERATURE (F)
RECORD
HIGH 99 01/01/2021
LOW -22 01/19/1994
HIGHEST 69 02/15
02/23
LOWEST -5 12/23
AVG. MAXIMUM 42.8 36.8 6.0
AVG. MINIMUM 27.2 21.8 5.4
MEAN 35.0 29.3 5.7
DAYS MAX >= 90 0 0.0
DAYS MAX <= 32 16 34.9
DAYS MIN <= 32 66 75.3
DAYS MIN <= 0 2 3.3
PRECIPITATION (INCHES)
RECORD
MAXIMUM 15.88 1950
MINIMUM 3.84 1922
TOTALS 8.46 8.72 -0.26
DAYS >= .01 45 52.5
DAYS >= .10 18 23.4
DAYS >= .50 6 4.4
DAYS >= 1.00 1 0.8
SNOWFALL (INCHES)
RECORDS
TOTAL 103.7 2011
TOTALS 14.9 49.5
DAYS >= TRACE 45
DAYS >= 1.0 3 16.6
DEGREE DAYS
HEATING TOTAL 2679 3212 -533
COOLING TOTAL 0 0 0
................................................
WIND (MPH)
HIGHEST GUST SPEED/DIRECTION 50/250 DATE 01/19
SKY COVER
POSSIBLE SUNSHINE (PERCENT) MM
NUMBER OF DAYS FAIR 4
NUMBER OF DAYS PC 24
NUMBER OF DAYS CLOUDY 62
WEATHER CONDITIONS. NUMBER OF DAYS WITH
THUNDERSTORM 1 MIXED PRECIP 0
HEAVY RAIN 0 RAIN 10
LIGHT RAIN 40 FREEZING RAIN 1
LT FREEZING RAIN 4 HAIL 0
HEAVY SNOW 1 SNOW 3
LIGHT SNOW 45 SLEET 1
FOG 51 FOG W/VIS <= 1/4 MILE 6
HAZE 7
- INDICATES NEGATIVE NUMBERS.
R INDICATES RECORD WAS SET OR TIED.
MM INDICATES DATA IS MISSING.
T INDICATES TRACE AMOUNT.
$$