000
CXUS51 KPBZ 011515
CLSZZV
CLIMATE REPORT
NATIONAL WEATHER SERVICE PITTSBURGH PA
1115 AM EDT THU SEP 01 2022
...................................
...THE ZANESVILLE OH CLIMATE SUMMARY FOR THE SEASON, FROM
6/1/2022 TO 8/31/2022...
CLIMATE NORMAL PERIOD 1991 TO 2020
CLIMATE RECORD PERIOD 1895 TO 2022
WEATHER OBSERVED NORMAL DEPART LAST YEAR`S
VALUE DATE(S) VALUE FROM VALUE DATE(S)
NORMAL
................................................................
TEMPERATURE (F)
RECORD
HIGH 106 07/25/1936
LOW 31 06/11/1972
HIGHEST 94 06/15 94 0 95 06/29
06/22
LOWEST 45 06/19 44 1 45 06/23
AVG. MAXIMUM 82.7 83.3 -0.6 83.9
AVG. MINIMUM 62.3 61.7 0.6 63.4
MEAN 72.5 72.5 0.0 73.7
DAYS MAX >= 90 8 11.1 -3.1 11
DAYS MAX <= 32 0 0.0 0.0 0
DAYS MIN <= 32 0 0.0 0.0 0
DAYS MIN <= 0 0 0.0 0.0 0
PRECIPITATION (INCHES)
RECORD
MAXIMUM 22.66 1980
MINIMUM 2.14 1948
TOTALS 10.15 11.22 -1.07 11.09
DAILY AVG. 0.16 0.12 0.04 0.12
DAYS >= .01 30 33.1 -3.1 38
DAYS >= .10 20 20.9 -0.9 19
DAYS >= .50 9 7.9 1.1 4
DAYS >= 1.00 2 2.7 -0.7 1
GREATEST
24 HR. TOTAL 1.52 06/08 TO 06/09
STORM TOTAL 2.27
(MM/DD(HH))
DEGREE DAYS
HEATING TOTAL 9 28 -19 16
SINCE 7/1 1 2 -1 MM
COOLING TOTAL 722 716 6 840
SINCE 1/1 816 795 21 MM
................................................................
WIND (MPH)
AVERAGE WIND SPEED 4.2
HIGHEST WIND SPEED/DIRECTION 36/270 DATE 06/08
HIGHEST GUST SPEED/DIRECTION 50/320 DATE 06/14
AVERAGE RH (PERCENT) 73
WEATHER CONDITIONS. NUMBER OF DAYS WITH
THUNDERSTORM 27 MIXED PRECIP 0
HEAVY RAIN 21 RAIN 18
LIGHT RAIN 41 FREEZING RAIN 0
LT FREEZING RAIN 0 HAIL 0
HEAVY SNOW 0 SNOW 0
LIGHT SNOW 0 SLEET 0
FOG 56 FOG W/VIS <= 1/4 MILE 13
HAZE 6
- INDICATES NEGATIVE NUMBERS.
R INDICATES RECORD WAS SET OR TIED.
MM INDICATES DATA IS MISSING.
T INDICATES TRACE AMOUNT.
$$