000
CXUS55 KBOU 260900
CF620V
PRELIMINARY LOCAL CLIMATOLOGICAL DATA (WS FORM: F-6)

                                          STATION:   Kremmling
                                          MONTH:     MAY
                                          YEAR:      2018
                                          LATITUDE:   40  3 N
                                          LONGITUDE: 106 22 W

  TEMPERATURE IN F:       :PCPN:    SNOW:  WIND      :SUNSHINE: SKY     :PK WND
================================================================================
1   2   3   4   5  6A  6B    7    8   9   10  11  12  13   14  15   16   17  18
                                     12Z  AVG MX 2MIN
DY MAX MIN AVG DEP HDD CDD  WTR  SNW DPTH SPD SPD DIR MIN PSBL S-S WX    SPD DR
================================================================================

 1  64  32  48   M  17   0    M    M    M  6.1 25 260   M    M   3 3      35 260
 2  61  37  49   M  16   0    M    M    M  2.9 17  30   M    M   7 3      23  30
 3  54  36  45   M  20   0    M    M    M  4.7 14 250   M    M   8        25 310
 4  63  36  50   M  15   0    M    M    M  0.9  7 260   M    M   5         M  M
 5  72  34  53   M  12   0    M    M    M  1.4  7  10   M    M   2         M  M
 6  77  36  57   M   8   0    M    M    M  2.9 13 240   M    M   1        25 230
 7  79  37  58   M   7   0    M    M    M  5.1 20 240   M    M   1        30 250
 8  77  36  57   M   8   0    M    M    M  5.4 15 330   M    M   0        23 310
 9  77  34  56   M   9   0    M    M    M  2.7 10 320   M    M   1        16 300
10  82  36  59   M   6   0    M    M    M  7.2 23 250   M    M   2        32 250
11  79  41  60   M   5   0    M    M    M  9.0 27 230   M    M   1        33 230
12  79  39  59   M   6   0    M    M    M  5.1 17 250   M    M   1 3      25 260
13  77  43  60   M   5   0    M    M    M  6.0 16  90   M    M   5        24 250
14  73  34  54   M  11   0    M    M    M  4.1 14 360   M    M   1 3      28 330
15  79  34  57   M   8   0    M    M    M  3.2 15 280   M    M   0 3      24 250
16  81  34  58   M   7   0    M    M    M  2.8 14 260   M    M   0        20 260
17  81  36  59   M   6   0    M    M    M  5.8 21 260   M    M   0        31 250
18  75  36  56   M   9   0    M    M    M  5.8 23 100   M    M   2        33 100
19  68  43  56   M   9   0    M    M    M  4.3 16 340   M    M   2 3      30 330
20  73  34  54   M  11   0    M    M    M  3.3 17 320   M    M   2 3      23 320
21  79  36  58   M   7   0    M    M    M  3.4 13 260   M    M   0        23 220
22  79  37  58   M   7   0    M    M    M  3.6 15 230   M    M   1 3      31 120
23  79  39  59   M   6   0    M    M    M  4.6 17 270   M    M   4 1      24 270
24  79  36  58   M   7   0    M    M    M  3.0 15 250   M    M   0        20 250
25  86  37  62   M   3   0    M    M    M  3.2 14 220   M    M   0        20 220
================================================================================
SM 1873  913       225   0    M     M    106.5          M       49
================================================================================
AV 74.9 36.5                               4.3 FASTST   M    M   2    MAX(MPH)
                                 MISC ---->  # 27 230               # 35  260
================================================================================
NOTES:
# LAST OF SEVERAL OCCURRENCES

COLUMN 17 PEAK WIND IN M.P.H.

PRELIMINARY LOCAL CLIMATOLOGICAL DATA (WS FORM: F-6) , PAGE 2

                                          STATION:  Kremmling
                                          MONTH:    MAY
                                          YEAR:     2018
                                          LATITUDE:   40  3 N
                                          LONGITUDE: 106 22 W

[TEMPERATURE DATA]      [PRECIPITATION DATA]       SYMBOLS USED IN COLUMN 16

AVERAGE MONTHLY: 55.7   TOTAL FOR MONTH:      M    1 = FOG OR MIST
DPTR FM NORMAL:     M   DPTR FM NORMAL:       M    2 = FOG REDUCING VISIBILITY
HIGHEST:    86 ON 25    GRTST 24HR    M  ON   M        TO 1/4 MILE OR LESS
LOWEST:     32 ON  1                               3 = THUNDER
                        SNOW, ICE PELLETS, HAIL    4 = ICE PELLETS
                        TOTAL MONTH:    M          5 = HAIL
                        GRTST 24HR    M  ON   M    6 = FREEZING RAIN OR DRIZZLE
                        GRTST DEPTH:  M  ON   M    7 = DUSTSTORM OR SANDSTORM:
                                                       VSBY 1/2 MILE OR LESS
                                                   8 = SMOKE OR HAZE
[NO. OF DAYS WITH]      [WEATHER - DAYS WITH]      9 = BLOWING SNOW
                                                   X = TORNADO
MAX 32 OR BELOW:   0    0.01 INCH OR MORE:   0
MAX 90 OR ABOVE:   0    0.10 INCH OR MORE:   0
MIN 32 OR BELOW:   1    0.50 INCH OR MORE:   0
MIN  0 OR BELOW:   0    1.00 INCH OR MORE:   0

[HDD (BASE 65) ]
TOTAL THIS MO.   225    CLEAR  (SCALE 0-3)  20
DPTR FM NORMAL     M    PTCLDY (SCALE 4-7)   5
TOTAL FM JUL 1  6159    CLOUDY (SCALE 8-10)  0
DPTR FM NORMAL     M

[CDD (BASE 65) ]
TOTAL THIS MO.     0
DPTR FM NORMAL     M    [PRESSURE DATA]
TOTAL FM JAN 1     0    HIGHEST SLP M ON M
DPTR FM NORMAL     M    LOWEST  SLP M ON M

[REMARKS]
