000
CXUS54 KLCH 240831
CF6AEX
PRELIMINARY LOCAL CLIMATOLOGICAL DATA (WS FORM: F-6)

                                          STATION:   ALEXANDRIA
                                          MONTH:     APRIL
                                          YEAR:      2018
                                          LATITUDE:   31 19 N
                                          LONGITUDE:  92 33 W

  TEMPERATURE IN F:       :PCPN:    SNOW:  WIND      :SUNSHINE: SKY     :PK WND
================================================================================
1   2   3   4   5  6A  6B    7    8   9   10  11  12  13   14  15   16   17  18
                                     12Z  AVG MX 2MIN
DY MAX MIN AVG DEP HDD CDD  WTR  SNW DPTH SPD SPD DIR MIN PSBL S-S WX    SPD DR
================================================================================

 1  79  52  66   3   0   1 0.00  0.0    0  6.7 16 180   M    M   2 1      20 180
 2  82  61  72   9   0   7 0.00  0.0    0  8.5 16 180   M    M   6 1      21 150
 3  84  63  74  11   0   9 0.65  0.0    0 11.1 33 320   M    M   6 13     44 310
 4  69  49  59  -4   6   0    T    M    0 10.2 22 350   M    M   1        29 360
 5  70  44  57  -7   8   0 0.00  0.0    0  6.5 15 180   M    M   3        19 110
 6  79  56  68   4   0   3 0.69  0.0    0 10.7 26 310   M    M   8 13     33 310
 7  64  40  52 -12  13   0 1.01    M    0  9.3 17  20   M    M   8 13     24  20
 8  60  39  50 -14  15   0 0.00  0.0    0  6.4 14  30   M    M   9        17  20
 9  70  53  62  -2   3   0 0.00  0.0    0  6.0 15  10   M    M   8 1      20  40
10  73  46  60  -5   5   0 0.00  0.0    0  6.4 18 320   M    M   0        24 310
11  76  44  60  -5   5   0    T    M    0  5.3 15 140   M    M   0 1      18 180
12  81  50  66   1   0   1    T  0.0    0 11.5 22 160   M    M   1 1      27 170
13  82  64  73   7   0   8 0.01  0.0    0 14.4 24 170   M    M   9 138    31 180
14  74  45  60  -6   5   0 0.34    M    0  9.4 24 300   M    M   6 13     32 300
15  61  42  52 -14  13   0    T    M    0 11.2 28 310   M    M   0        34 300
16  74  37  56 -10   9   0    T    M    0  4.2 13 330   M    M   0 8      17 340
17  83  49  66  -1   0   1 0.00  0.0    0 12.0 23 190   M    M   0        29 210
18  81  62  72   5   0   7 0.00  0.0    0  8.5 20 260   M    M   6 18     23 260
19  71  50  61  -6   4   0 0.00  0.0    0  8.9 16  60   M    M   1 18     21 350
20  69  44  57 -10   8   0 0.00  0.0    0  5.9 13  80   M    M   0        19  90
21  77  48  63  -5   2   0 0.03    M    0  7.4 17 120   M    M   2 1      24 130
22  66  51  59  -9   6   0 0.66  0.0    0  8.7 23 300   M    M   7 18     28 300
23  71  49  60  -8   5   0 0.00    M    0  6.9 16 290   M    M   4 1      19 290
================================================================================
SM 1696 1138       107  37  3.39     0.0 196.1          M       87
================================================================================
AV 73.7 49.5                               8.5 FASTST   M    M   4    MAX(MPH)
                                 MISC ---->  # 33 320               # 44  310
================================================================================
NOTES:
# LAST OF SEVERAL OCCURRENCES

COLUMN 17 PEAK WIND IN M.P.H.

PRELIMINARY LOCAL CLIMATOLOGICAL DATA (WS FORM: F-6) , PAGE 2

                                          STATION:  ALEXANDRIA
                                          MONTH:    APRIL
                                          YEAR:     2018
                                          LATITUDE:   31 19 N
                                          LONGITUDE:  92 33 W

[TEMPERATURE DATA]      [PRECIPITATION DATA]       SYMBOLS USED IN COLUMN 16

AVERAGE MONTHLY: 61.6   TOTAL FOR MONTH:   3.39    1 = FOG OR MIST
DPTR FM NORMAL:  -3.7   DPTR FM NORMAL:   -0.34    2 = FOG REDUCING VISIBILITY
HIGHEST:    84 ON  3    GRTST 24HR  1.01 ON  7- 7      TO 1/4 MILE OR LESS
LOWEST:     37 ON 16                               3 = THUNDER
                        SNOW, ICE PELLETS, HAIL    4 = ICE PELLETS
                        TOTAL MONTH:   0.0 INCH    5 = HAIL
                        GRTST 24HR     0.0         6 = FREEZING RAIN OR DRIZZLE
                        GRTST DEPTH:   0           7 = DUSTSTORM OR SANDSTORM:
                                                       VSBY 1/2 MILE OR LESS
                                                   8 = SMOKE OR HAZE
[NO. OF DAYS WITH]      [WEATHER - DAYS WITH]      9 = BLOWING SNOW
                                                   X = TORNADO
MAX 32 OR BELOW:   0    0.01 INCH OR MORE:   7
MAX 90 OR ABOVE:   0    0.10 INCH OR MORE:   5
MIN 32 OR BELOW:   0    0.50 INCH OR MORE:   4
MIN  0 OR BELOW:   0    1.00 INCH OR MORE:   1

[HDD (BASE 65) ]
TOTAL THIS MO.   107    CLEAR  (SCALE 0-3)  12
DPTR FM NORMAL    46    PTCLDY (SCALE 4-7)   7
TOTAL FM JUL 1  1870    CLOUDY (SCALE 8-10)  4
DPTR FM NORMAL   -71

[CDD (BASE 65) ]
TOTAL THIS MO.    37
DPTR FM NORMAL   -33    [PRESSURE DATA]
TOTAL FM JAN 1   167    HIGHEST SLP M ON M
DPTR FM NORMAL    44    LOWEST  SLP 29.73 ON 14

[REMARKS]
