000
CXUS54 KEPZ 241200
CF6ALM
PRELIMINARY LOCAL CLIMATOLOGICAL DATA (WS FORM: F-6)

                                          STATION:   ALAMOGORDO
                                          MONTH:     APRIL
                                          YEAR:      2018
                                          LATITUDE:   32 49 N
                                          LONGITUDE: 106  0 W

  TEMPERATURE IN F:       :PCPN:    SNOW:  WIND      :SUNSHINE: SKY     :PK WND
================================================================================
1   2   3   4   5  6A  6B    7    8   9   10  11  12  13   14  15   16   17  18
                                     12Z  AVG MX 2MIN
DY MAX MIN AVG DEP HDD CDD  WTR  SNW DPTH SPD SPD DIR MIN PSBL S-S WX    SPD DR
================================================================================

 1  82  52  67   M   0   2 0.00  0.0    0  8.0 15 270   M    M   0        22 270
 2  81  50  66   M   0   1 0.00  0.0    0 10.2 21 230   M    M   0        31 240
 3  77  54  66   M   0   1 0.00  0.0    0  6.1 13 250   M    M   0        21 290
 4  75  43  59   M   6   0 0.00  0.0    0  9.6 18 180   M    M   0        24 180
 5  81  46  64   M   1   0 0.00  0.0    0  4.5 10 140   M    M   0         M  M
 6  81  52  67   M   0   2 0.00  0.0    0  6.6 16 280   M    M   0        20 280
 7  81  46  64   M   1   0 0.00  0.0    0 11.9 22 160   M    M   0        27 180
 8  90  55  73   M   0   8 0.00  0.0    0 11.2 22 250   M    M   0 8      29 260
 9  81  54  68   M   0   3 0.00  0.0    0 10.7 17 330   M    M   0        25 350
10  77  45  61   M   4   0 0.00  0.0    0  5.3 16 330   M    M   0        20 340
11  90  46  68   M   0   3 0.00  0.0    0  9.4 24 260   M    M   0        32 270
12  86  57  72   M   0   7 0.00  0.0    0 16.7 31 240   M    M   0 8      50 240
13  68  45  57   M   8   0 0.00  0.0    0 20.0 32 300   M    M   1 8      43 300
14  64  39  52   M  13   0 0.00  0.0    0 10.3 20 360   M    M   0        28 360
15  75  36  56   M   9   0 0.00  0.0    0  5.6 12 150   M    M   0         M  M
16  84  46  65   M   0   0 0.00  0.0    0  9.7 20 170   M    M   0        29 210
17  82  54  68   M   0   3 0.00  0.0    0 12.9 24 230   M    M   0        36 270
18  77  45  61   M   4   0 0.00  0.0    0  8.6 15 160   M    M   0        18 180
19  81  48  65   M   0   0 0.00  0.0    0 13.5 30 170   M    M   0        36 170
20  75  52  64   M   1   0 0.00  0.0    0 19.9 31 160   M    M   0        44 160
21  72  46  59   M   6   0 0.00  0.0    0 12.0 18 320   M    M   0 3      32  10
22  73  46  60   M   5   0 0.00  0.0    0  5.7 14 190   M    M   0        21 190
23  84  41  63   M   2   0 0.00  0.0    0  5.1  8 140   M    M   0         M  M
================================================================================
SM 1817 1098        60  30  0.00     0.0 233.5          M        1
================================================================================
AV 79.0 47.7                              10.2 FASTST   M    M   0    MAX(MPH)
                                 MISC ---->  # 32 300               # 50  240
================================================================================
NOTES:
# LAST OF SEVERAL OCCURRENCES

COLUMN 17 PEAK WIND IN M.P.H.

PRELIMINARY LOCAL CLIMATOLOGICAL DATA (WS FORM: F-6) , PAGE 2

                                          STATION:  ALAMOGORDO
                                          MONTH:    APRIL
                                          YEAR:     2018
                                          LATITUDE:   32 49 N
                                          LONGITUDE: 106  0 W

[TEMPERATURE DATA]      [PRECIPITATION DATA]       SYMBOLS USED IN COLUMN 16

AVERAGE MONTHLY: 63.4   TOTAL FOR MONTH:   0.00    1 = FOG OR MIST
DPTR FM NORMAL:     M   DPTR FM NORMAL:       M    2 = FOG REDUCING VISIBILITY
HIGHEST:    90 ON 11, 8 GRTST 24HR  0.00 ON 23-23      TO 1/4 MILE OR LESS
LOWEST:     36 ON 15                               3 = THUNDER
                        SNOW, ICE PELLETS, HAIL    4 = ICE PELLETS
                        TOTAL MONTH:   0.0 INCH    5 = HAIL
                        GRTST 24HR     0.0         6 = FREEZING RAIN OR DRIZZLE
                        GRTST DEPTH:   0           7 = DUSTSTORM OR SANDSTORM:
                                                       VSBY 1/2 MILE OR LESS
                                                   8 = SMOKE OR HAZE
[NO. OF DAYS WITH]      [WEATHER - DAYS WITH]      9 = BLOWING SNOW
                                                   X = TORNADO
MAX 32 OR BELOW:   0    0.01 INCH OR MORE:   0
MAX 90 OR ABOVE:   2    0.10 INCH OR MORE:   0
MIN 32 OR BELOW:   0    0.50 INCH OR MORE:   0
MIN  0 OR BELOW:   0    1.00 INCH OR MORE:   0

[HDD (BASE 65) ]
TOTAL THIS MO.    60    CLEAR  (SCALE 0-3)  23
DPTR FM NORMAL     M    PTCLDY (SCALE 4-7)   0
TOTAL FM JUL 1  2545    CLOUDY (SCALE 8-10)  0
DPTR FM NORMAL     M

[CDD (BASE 65) ]
TOTAL THIS MO.    30
DPTR FM NORMAL     M    [PRESSURE DATA]
TOTAL FM JAN 1    40    HIGHEST SLP M ON M
DPTR FM NORMAL     M    LOWEST  SLP M ON M

[REMARKS]
