000
CXUS53 KARX 240930
CF6ARX
PRELIMINARY LOCAL CLIMATOLOGICAL DATA (WS FORM: F-6)

                                          STATION:   La Crosse Weather Office WI
                                          MONTH:     APRIL
                                          YEAR:      2018
                                          LATITUDE:   43 49 N
                                          LONGITUDE:  91 12 W

  TEMPERATURE IN F:       :PCPN:    SNOW:  WIND      :SUNSHINE: SKY     :PK WND
================================================================================
1   2   3   4   5  6A  6B    7    8   9   10  11  12  13   14  15   16   17  18
                                     12Z  AVG MX 2MIN
DY MAX MIN AVG DEP HDD CDD  WTR  SNW DPTH SPD SPD DIR MIN PSBL S-S WX    SPD DR
================================================================================

 1  34  10  22 -18  43   0 0.00  0.0    0   M   M   M   M    M   M        21  M
 2  39  20  30 -10  35   0    T    T    0   M   M   M   M    M   M        21  M
 3  29  23  26 -15  39   0 0.50  7.5    0   M   M   M   M    M   M 6      28  M
 4  27  14  21 -20  44   0    T    T    8   M   M   M   M    M   M        28  M
 5  41  15  28 -14  37   0    T    T    6   M   M   M   M    M   M        26  M
 6  31  12  22 -20  43   0    T    T    3   M   M   M   M    M   M        33  M
 7  31   9  20 -23  45   0    T    T    3   M   M   M   M    M   M        21  M
 8  34  18  26 -17  39   0 0.01  0.2    2   M  12   M   M    M   M         M  M
 9  41  23  32 -12  33   0 0.02  0.3    2   M  18   M   M    M   M         M  M
10  38  24  31 -13  34   0    T    T    2   M   M   M   M    M   M        19  M
11  52  32  42  -2  23   0 0.10  0.0    0   M   M   M   M    M   M        18  M
12  57  39  48   3  17   0 0.00  0.0    0   M   M   M   M    M   M 1      26  40
13  40  30  35 -11  30   0 1.52  0.4    0   M   M   M   M    M   M 346    42  50
14  30  20  25 -21  40   0 0.73  4.4    1   M   M   M   M    M   M 469    48  40
15  23  20  22 -24  43   0 0.28  3.6    5   M   M   M   M    M   M        33  M
16  30  21  26 -21  39   0    T    T    8   M   M   M   M    M   M        28  M
17  39  23  31 -16  34   0 0.00  0.0    8   M   M   M   M    M   M        21  M
18  31  27  29 -19  36   0 0.54  7.3    4   M   M   M   M    M   M        24  M
19  49  25  37 -11  28   0 0.00  0.0   10   M   M   M   M    M   M        24  M
20  54  28  41  -7  24   0 0.00  0.0    5   M   M   M   M    M   M        16  M
21  58  38  48  -1  17   0 0.00  0.0    2   M   M   M   M    M   M        14  M
22  63  39  51   2  14   0 0.00  0.0    T   M   M   M   M    M   M        18  M
23  70  41  56   6   9   0 0.00  0.0    0   M   M   M   M    M   M        18  M
================================================================================
SM  941  551       746   0  3.70    23.7     M          M        M
================================================================================
AV 40.9 24.0                                 M FASTST   M    M   5    MAX(MPH)
                                 MISC ---->    18   M               # 48   40
================================================================================
NOTES:
# LAST OF SEVERAL OCCURRENCES

COLUMN 17 PEAK WIND IN M.P.H.

PRELIMINARY LOCAL CLIMATOLOGICAL DATA (WS FORM: F-6) , PAGE 2

                                          STATION:  La Crosse Weather Office WI
                                          MONTH:    APRIL
                                          YEAR:     2018
                                          LATITUDE:   43 49 N
                                          LONGITUDE:  91 12 W

[TEMPERATURE DATA]      [PRECIPITATION DATA]       SYMBOLS USED IN COLUMN 16

AVERAGE MONTHLY: 32.4   TOTAL FOR MONTH:   3.70    1 = FOG OR MIST
DPTR FM NORMAL: -12.5   DPTR FM NORMAL:    1.22    2 = FOG REDUCING VISIBILITY
HIGHEST:    70 ON 23    GRTST 24HR  1.52 ON 13-13      TO 1/4 MILE OR LESS
LOWEST:      9 ON  7                               3 = THUNDER
                        SNOW, ICE PELLETS, HAIL    4 = ICE PELLETS
                        TOTAL MONTH:  23.7 INCHES  5 = HAIL
                        GRTST 24HR   7.5 ON  3- 3  6 = FREEZING RAIN OR DRIZZLE
                        GRTST DEPTH:  10 ON 19     7 = DUSTSTORM OR SANDSTORM:
                                                       VSBY 1/2 MILE OR LESS
                                                   8 = SMOKE OR HAZE
[NO. OF DAYS WITH]      [WEATHER - DAYS WITH]      9 = BLOWING SNOW
                                                   X = TORNADO
MAX 32 OR BELOW:   8    0.01 INCH OR MORE:   8
MAX 90 OR ABOVE:   0    0.10 INCH OR MORE:   6
MIN 32 OR BELOW:  19    0.50 INCH OR MORE:   4
MIN  0 OR BELOW:   0    1.00 INCH OR MORE:   1

[HDD (BASE 65) ]
TOTAL THIS MO.   746    CLEAR  (SCALE 0-3)   0
DPTR FM NORMAL   284    PTCLDY (SCALE 4-7)   0
TOTAL FM JUL 1  7408    CLOUDY (SCALE 8-10)  0
DPTR FM NORMAL   116

[CDD (BASE 65) ]
TOTAL THIS MO.     0
DPTR FM NORMAL     0    [PRESSURE DATA]
TOTAL FM JAN 1     0    HIGHEST SLP M ON M
DPTR FM NORMAL     0    LOWEST  SLP M ON M

[REMARKS]
