000
CXUS51 KGYX 260900
CF6AUG
PRELIMINARY LOCAL CLIMATOLOGICAL DATA (WS FORM: F-6)

                                          STATION:   AUGUSTA
                                          MONTH:     APRIL
                                          YEAR:      2018
                                          LATITUDE:   44 18 N
                                          LONGITUDE:  69 48 W

  TEMPERATURE IN F:       :PCPN:    SNOW:  WIND      :SUNSHINE: SKY     :PK WND
================================================================================
1   2   3   4   5  6A  6B    7    8   9   10  11  12  13   14  15   16   17  18
                                     12Z  AVG MX 2MIN
DY MAX MIN AVG DEP HDD CDD  WTR  SNW DPTH SPD SPD DIR MIN PSBL S-S WX    SPD DR
================================================================================

 1  55  30  43   5  22   0 0.00  0.0    M 10.4 24 320   M    M   3        35 290
 2  40  28  34  -4  31   0 0.00  0.0    0  3.5 10 200   M    M   3        18 190
 3  47  28  38  -1  27   0 0.04    M    0  6.6 17 150   M    M   6 1      26 150
 4  40  33  37  -2  28   0 0.44    M    M  5.2 15 280   M    M   9 123    23 280
 5  35  21  28 -11  37   0 0.00  0.0    0 13.8 28 270   M    M   2        37 270
 6  39  19  29 -11  36   0 0.18    M    0  6.9 16 170   M    M   4 128    26 180
 7  45  29  37  -3  28   0 0.03    M    0  8.8 20 270   M    M   4 1      28 270
 8  42  25  34  -7  31   0 0.00  0.0    0  9.2 20 330   M    M   2        26 330
 9  37  24  31 -10  34   0 0.00  0.0    0 10.3 21 330   M    M   1        29 270
10  42  23  33  -9  32   0    T  0.0    0  3.6 10 170   M    M   5 1      15 200
11  47  26  37  -5  28   0 0.00  0.0    0  3.5 13 180   M    M   7 12     21 190
12  53  29  41  -1  24   0 0.19    M    0  6.1 17 160   M    M   4 1      23 160
13  60  41  51   8  14   0 0.01  0.0    0  6.9 20 300   M    M   7 18     25 300
14  43  29  36  -7  29   0 0.04    M    0 10.8 22 350   M    M  10 1      29 350
15  32  26  29 -15  36   0 0.02    M    0  8.4 15  30   M    M  10        19  30
16  45  29  37  -7  28   0 1.02    M    M 11.3 26  80   M    M  10 16     40  80
17  46  36  41  -4  24   0 0.33    M    M  7.2 16 270   M    M   9 12     22 270
18  50  33  42  -3  23   0    T    M    M  7.3 21 260   M    M  10        30 240
19  47  37  42  -3  23   0    T  0.0    M  5.2 18 360   M    M  10        23  10
20  50  34  42  -4  23   0 0.01    M    M 11.1 23 330   M    M  10 1      31 360
21  53  34  44  -2  21   0 0.00  0.0    M  9.5 21 300   M    M   5        31 310
22  59  35  47   0  18   0 0.00  0.0    M  7.9 18 330   M    M   0        23 320
23  66  32  49   2  16   0 0.00  0.0    M  5.6 14 200   M    M   0        22 220
24  71  35  53   6  12   0 0.00  0.0    0  7.6 17 160   M    M   0        27 200
25  56  47  52   4  13   0 0.94    M    0  8.1 15 180   M    M   7 18     21 180
================================================================================
SM 1200  763       638   0  3.25     0.0 194.8          M      138
================================================================================
AV 48.0 30.5                               7.8 FASTST   M    M   6    MAX(MPH)
                                 MISC ---->  # 28 270               # 40   80
================================================================================
NOTES:
# LAST OF SEVERAL OCCURRENCES

COLUMN 17 PEAK WIND IN M.P.H.

PRELIMINARY LOCAL CLIMATOLOGICAL DATA (WS FORM: F-6) , PAGE 2

                                          STATION:  AUGUSTA
                                          MONTH:    APRIL
                                          YEAR:     2018
                                          LATITUDE:   44 18 N
                                          LONGITUDE:  69 48 W

[TEMPERATURE DATA]      [PRECIPITATION DATA]       SYMBOLS USED IN COLUMN 16

AVERAGE MONTHLY: 39.3   TOTAL FOR MONTH:   3.25    1 = FOG OR MIST
DPTR FM NORMAL:  -3.6   DPTR FM NORMAL:    0.11    2 = FOG REDUCING VISIBILITY
HIGHEST:    71 ON 24    GRTST 24HR  1.02 ON 16-16      TO 1/4 MILE OR LESS
LOWEST:     19 ON  6                               3 = THUNDER
                        SNOW, ICE PELLETS, HAIL    4 = ICE PELLETS
                        TOTAL MONTH:   0.0 INCH    5 = HAIL
                        GRTST 24HR     0.0         6 = FREEZING RAIN OR DRIZZLE
                        GRTST DEPTH:   0           7 = DUSTSTORM OR SANDSTORM:
                                                       VSBY 1/2 MILE OR LESS
                                                   8 = SMOKE OR HAZE
[NO. OF DAYS WITH]      [WEATHER - DAYS WITH]      9 = BLOWING SNOW
                                                   X = TORNADO
MAX 32 OR BELOW:   1    0.01 INCH OR MORE:  12
MAX 90 OR ABOVE:   0    0.10 INCH OR MORE:   6
MIN 32 OR BELOW:  15    0.50 INCH OR MORE:   2
MIN  0 OR BELOW:   0    1.00 INCH OR MORE:   1

[HDD (BASE 65) ]
TOTAL THIS MO.   638    CLEAR  (SCALE 0-3)   8
DPTR FM NORMAL    84    PTCLDY (SCALE 4-7)   9
TOTAL FM JUL 1  6622    CLOUDY (SCALE 8-10)  8
DPTR FM NORMAL  -301

[CDD (BASE 65) ]
TOTAL THIS MO.     0
DPTR FM NORMAL     0    [PRESSURE DATA]
TOTAL FM JAN 1     0    HIGHEST SLP M ON M
DPTR FM NORMAL     0    LOWEST  SLP 29.29 ON  4

[REMARKS]
