000
CXUS54 KEWX 231010
CF6AUS
PRELIMINARY LOCAL CLIMATOLOGICAL DATA (WS FORM: F-6)
STATION: AUSTIN BERGSTROM
MONTH: APRIL
YEAR: 2024
LATITUDE: 30 13 N
LONGITUDE: 97 40 W
TEMPERATURE IN F: :PCPN: SNOW: WIND :SUNSHINE: SKY :PK WND
================================================================================
1 2 3 4 5 6A 6B 7 8 9 10 11 12 13 14 15 16 17 18
12Z AVG MX 2MIN
DY MAX MIN AVG DEP HDD CDD WTR SNW DPTH SPD SPD DIR MIN PSBL S-S WX SPD DR
================================================================================
1 82 68 75 10 0 10 T 0.0 0 12.8 24 180 M M 9 18 34 150
2 75 54 65 0 0 0 0.19 0.0 M 10.1 22 350 M M 3 13 31 350
3 81 48 65 0 0 0 0.00 0.0 M 6.1 16 340 M M 0 26 350
4 86 44 65 -1 0 0 0.00 0.0 0 4.7 16 170 M M 0 25 140
5 85 44 65 -1 0 0 0.00 0.0 0 8.7 23 170 M M 3 32 170
6 79 50 65 -1 0 0 0.00 0.0 0 12.6 24 150 M M 9 33 150
7 81 59 70 4 0 5 0.05 0.0 0 5.0 16 10 M M 9 1 24 20
8 80 57 69 3 0 4 0.05 0.0 0 6.5 17 170 M M 10 1 25 140
9 85 64 75 8 0 10 0.51 T 0 10.6 28 350 M M 9 1358 38 350
10 70 58 64 -3 1 0 0.29 0.0 0 12.4 26 320 M M 5 13 39 340
11 82 48 65 -2 0 0 0.00 0.0 0 6.6 17 20 M M 0 25 20
12 81 47 64 -3 1 0 0.00 0.0 0 8.3 20 150 M M 4 1 25 150
13 81 58 70 2 0 5 0.00 0.0 0 12.2 22 160 M M 7 1 32 150
14 83 62 73 5 0 8 0.00 0.0 0 9.3 20 170 M M 7 30 210
15 84 69 77 9 0 12 0.01 0.0 0 13.8 36 140 M M 9 13 48 130
16 79 70 75 7 0 10 0.01 0.0 0 7.0 17 170 M M 10 18 24 170
17 83 71 77 9 0 12 T 0.0 0 7.8 20 130 M M 10 1 27 130
18 89 71 80 11 0 15 0.00 0.0 0 9.0 18 190 M M 8 18 25 190
19 76 64 70 1 0 5 T 0.0 0 10.1 20 20 M M 9 1 25 30
20 71 54 63 -6 2 0 0.74 0.0 0 12.0 29 10 M M 10 13 39 10
21 70 49 60 -9 5 0 0.01 0.0 0 15.8 24 20 M M 6 1 33 40
22 73 45 59 -11 6 0 0.00 0.0 0 6.3 15 150 M M 2 8 21 150
================================================================================
SM 1756 1254 15 96 1.86 T 207.7 M 139
================================================================================
AV 79.8 57.0 9.4 FASTST M M 6 MAX(MPH)
MISC ----> 36 140 48 130
================================================================================
NOTES:
# LAST OF SEVERAL OCCURRENCES
COLUMN 17 PEAK WIND IN M.P.H.
PRELIMINARY LOCAL CLIMATOLOGICAL DATA (WS FORM: F-6) , PAGE 2
STATION: AUSTIN BERGSTROM
MONTH: APRIL
YEAR: 2024
LATITUDE: 30 13 N
LONGITUDE: 97 40 W
[TEMPERATURE DATA] [PRECIPITATION DATA] SYMBOLS USED IN COLUMN 16
AVERAGE MONTHLY: 68.4 TOTAL FOR MONTH: 1.86 1 = FOG OR MIST
DPTR FM NORMAL: 1.2 DPTR FM NORMAL: 0.26 2 = FOG REDUCING VISIBILITY
HIGHEST: 89 ON 18 GRTST 24HR 0.80 ON 9-10 TO 1/4 MILE OR LESS
LOWEST: 44 ON 5, 4 3 = THUNDER
SNOW, ICE PELLETS, HAIL 4 = ICE PELLETS
TOTAL MONTH: T 5 = HAIL
GRTST 24HR T ON 9- 9 6 = FREEZING RAIN OR DRIZZLE
GRTST DEPTH: 0 7 = DUSTSTORM OR SANDSTORM:
VSBY 1/2 MILE OR LESS
8 = SMOKE OR HAZE
[NO. OF DAYS WITH] [WEATHER - DAYS WITH] 9 = BLOWING SNOW
X = TORNADO
MAX 32 OR BELOW: 0 0.01 INCH OR MORE: 9
MAX 90 OR ABOVE: 0 0.10 INCH OR MORE: 4
MIN 32 OR BELOW: 0 0.50 INCH OR MORE: 2
MIN 0 OR BELOW: 0 1.00 INCH OR MORE: 0
[HDD (BASE 65) ]
TOTAL THIS MO. 15 CLEAR (SCALE 0-3) 5
DPTR FM NORMAL -30 PTCLDY (SCALE 4-7) 6
TOTAL FM JUL 1 1510 CLOUDY (SCALE 8-10) 11
DPTR FM NORMAL -197
[CDD (BASE 65) ]
TOTAL THIS MO. 96
DPTR FM NORMAL 2 [PRESSURE DATA]
TOTAL FM JAN 1 199 HIGHEST SLP M ON M
DPTR FM NORMAL 16 LOWEST SLP 29.51 ON 9
[REMARKS]