000
CXUS54 KLCH 250851
CF6BPT
PRELIMINARY LOCAL CLIMATOLOGICAL DATA (WS FORM: F-6)

                                          STATION:   BEAUMONT PORT ARTHUR
                                          MONTH:     MAY
                                          YEAR:      2018
                                          LATITUDE:   29 57 N
                                          LONGITUDE:  94  1 W

  TEMPERATURE IN F:       :PCPN:    SNOW:  WIND      :SUNSHINE: SKY     :PK WND
================================================================================
1   2   3   4   5  6A  6B    7    8   9   10  11  12  13   14  15   16   17  18
                                     12Z  AVG MX 2MIN
DY MAX MIN AVG DEP HDD CDD  WTR  SNW DPTH SPD SPD DIR MIN PSBL S-S WX    SPD DR
================================================================================

 1  83  68  76   4   0  11 0.00  0.0    0 13.4 21 130   M    M   6        27 130
 2  87  74  81   8   0  16    T  0.0    0 16.7 24 140   M    M   8        32 140
 3  84  73  79   6   0  14    T  0.0    0 14.0 23 150   M    M   8        30 140
 4  83  68  76   3   0  11    T  0.0    0  7.2 16 150   M    M   5        21 180
 5  84  62  73   0   0   8 0.10  0.0    0  5.9 15  10   M    M   5 1      19 330
 6  88  58  73  -1   0   8    T  0.0    0  4.3 13  20   M    M   1 1      17 310
 7  91  61  76   2   0  11 0.00  0.0    0  5.7 14 180   M    M   0 1      17 180
 8  92  62  77   3   0  12 0.00  0.0    0  4.8 14 190   M    M   0 1      18 190
 9  91  61  76   2   0  11    T  0.0    0  5.5 15 190   M    M   0 12     21 160
10  89  62  76   1   0  11    T  0.0    0  6.9 15 170   M    M   0 12     19 190
11  87  71  79   4   0  14 0.00  0.0    0 11.8 21 160   M    M   2        27 330
12  89  71  80   5   0  15 0.00  0.0    0 10.0 14 170   M    M   2        21 170
13  91  71  81   6   0  16 0.00  0.0    0  7.9 16 150   M    M   2 1      27 130
14  92  67  80   4   0  15 0.00  0.0    0  4.4 12 240   M    M   1 12     20  30
15  95  66  81   5   0  16    T  0.0    0  4.8 15 190   M    M   2 138    34 210
16  96  69  83   7   0  18 0.00  0.0    0  6.7 15 240   M    M   0        20 250
17  96  70  83   7   0  18 0.00  0.0    0  7.2 14 200   M    M   0        24 100
18  91  72  82   6   0  17 0.00  0.0    0  8.8 21 170   M    M   2 1      25 180
19  91  73  82   5   0  17 0.00  0.0    0 10.5 20 160   M    M   2        27 150
20  92  71  82   5   0  17 0.02  0.0    0  7.8 20 120   M    M   3 1      24 130
21  88  71  80   3   0  15 1.45  0.0    0  4.1 22  90   M    M   5 3      36  90
22  89  71  80   3   0  15 0.11  0.0    0  4.1 14 190   M    M   3 13     16 310
23  89  70  80   2   0  15 0.03  0.0    0  4.0 22 130   M    M   4 13     27 130
24  92  72  82   4   0  17 0.02  0.0    0  5.1 21 170   M    M   4 13     28 150
================================================================================
SM 2150 1634         0 338  1.73     0.0 181.6          M       65
================================================================================
AV 89.6 68.1                               7.6 FASTST   M    M   3    MAX(MPH)
                                 MISC ---->  # 24 140               # 36   90
================================================================================
NOTES:
# LAST OF SEVERAL OCCURRENCES

COLUMN 17 PEAK WIND IN M.P.H.

PRELIMINARY LOCAL CLIMATOLOGICAL DATA (WS FORM: F-6) , PAGE 2

                                          STATION:  BEAUMONT PORT ARTHUR
                                          MONTH:    MAY
                                          YEAR:     2018
                                          LATITUDE:   29 57 N
                                          LONGITUDE:  94  1 W

[TEMPERATURE DATA]      [PRECIPITATION DATA]       SYMBOLS USED IN COLUMN 16

AVERAGE MONTHLY: 78.8   TOTAL FOR MONTH:   1.73    1 = FOG OR MIST
DPTR FM NORMAL:   3.7   DPTR FM NORMAL:   -2.28    2 = FOG REDUCING VISIBILITY
HIGHEST:    96 ON 17,16 GRTST 24HR  1.45 ON 21-21      TO 1/4 MILE OR LESS
LOWEST:     58 ON  6                               3 = THUNDER
                        SNOW, ICE PELLETS, HAIL    4 = ICE PELLETS
                        TOTAL MONTH:   0.0 INCH    5 = HAIL
                        GRTST 24HR     0.0         6 = FREEZING RAIN OR DRIZZLE
                        GRTST DEPTH:   0           7 = DUSTSTORM OR SANDSTORM:
                                                       VSBY 1/2 MILE OR LESS
                                                   8 = SMOKE OR HAZE
[NO. OF DAYS WITH]      [WEATHER - DAYS WITH]      9 = BLOWING SNOW
                                                   X = TORNADO
MAX 32 OR BELOW:   0    0.01 INCH OR MORE:   6
MAX 90 OR ABOVE:  12    0.10 INCH OR MORE:   3
MIN 32 OR BELOW:   0    0.50 INCH OR MORE:   1
MIN  0 OR BELOW:   0    1.00 INCH OR MORE:   1

[HDD (BASE 65) ]
TOTAL THIS MO.     0    CLEAR  (SCALE 0-3)  16
DPTR FM NORMAL     0    PTCLDY (SCALE 4-7)   7
TOTAL FM JUL 1  1253    CLOUDY (SCALE 8-10)  1
DPTR FM NORMAL  -147

[CDD (BASE 65) ]
TOTAL THIS MO.   338
DPTR FM NORMAL    93    [PRESSURE DATA]
TOTAL FM JAN 1   634    HIGHEST SLP M ON M
DPTR FM NORMAL   162    LOWEST  SLP 29.81 ON 17

[REMARKS]
