000
CXUS53 KDLH 230633
CF6BRD
PRELIMINARY LOCAL CLIMATOLOGICAL DATA (WS FORM: F-6)
STATION: BRAINERD
MONTH: APRIL
YEAR: 2024
LATITUDE: 46 24 N
LONGITUDE: 94 8 W
TEMPERATURE IN F: :PCPN: SNOW: WIND :SUNSHINE: SKY :PK WND
================================================================================
1 2 3 4 5 6A 6B 7 8 9 10 11 12 13 14 15 16 17 18
12Z AVG MX 2MIN
DY MAX MIN AVG DEP HDD CDD WTR SNW DPTH SPD SPD DIR MIN PSBL S-S WX SPD DR
================================================================================
1 45 24 35 -1 30 0 M M M 4.5 10 50 M M 8 17 150
2 44 33 39 3 26 0 M M M 6.2 15 10 M M 10 21 10
3 50 32 41 4 24 0 M M M 14.4 24 330 M M 1 43 330
4 54 29 42 5 23 0 M M M 8.8 17 360 M M 0 28 10
5 56 24 40 2 25 0 0.00 M M 3.9 13 130 M M 0 1 22 150
6 57 33 45 7 20 0 0.00 M M 9.5 29 130 M M 0 43 130
7 44 37 41 2 24 0 0.53 M M 10.5 20 90 M M 7 1 43 130
8 44 36 40 1 25 0 0.37 M M 5.7 12 90 M M 10 1 19 60
9 61 35 48 8 17 0 0.00 M M 8.5 18 240 M M 5 1 25 250
10 71 34 53 13 12 0 T M M 8.2 25 270 M M 4 1 41 300
11 58 36 47 7 18 0 0.00 M M 9.9 22 330 M M 3 36 360
12 59 32 46 5 19 0 0.00 M M 9.5 20 350 M M 1 32 10
13 78 30 54 13 11 0 0.00 M M 8.2 28 180 M M 1 8 42 180
14 69 40 55 13 10 0 0.00 M M 9.5 20 330 M M 0 35 340
15 64 34 49 7 16 0 0.00 M M 5.3 14 40 M M 1 23 100
16 54 41 48 5 17 0 0.69 M M 11.8 22 80 M M 7 1 37 100
17 52 35 44 1 21 0 0.07 M M 9.4 20 290 M M 8 1 34 300
18 45 34 40 -4 25 0 0.00 M M 14.8 25 240 M M 6 38 280
19 36 29 33 -11 32 0 T M M 14.4 22 270 M M 9 8 35 300
20 48 29 39 -5 26 0 T M M 12.2 18 290 M M 5 31 290
21 61 30 46 1 19 0 0.00 M M 7.8 17 290 M M 0 23 330
22 66 38 52 7 13 0 0.01 M M 11.3 28 190 M M 1 40 200
================================================================================
SM 1216 725 453 0 1.67 M 204.3 M 87
================================================================================
AV 55.3 33.0 9.3 FASTST M M 4 MAX(MPH)
MISC ----> 29 130 # 43 330
================================================================================
NOTES:
# LAST OF SEVERAL OCCURRENCES
COLUMN 17 PEAK WIND IN M.P.H.
PRELIMINARY LOCAL CLIMATOLOGICAL DATA (WS FORM: F-6) , PAGE 2
STATION: BRAINERD
MONTH: APRIL
YEAR: 2024
LATITUDE: 46 24 N
LONGITUDE: 94 8 W
[TEMPERATURE DATA] [PRECIPITATION DATA] SYMBOLS USED IN COLUMN 16
AVERAGE MONTHLY: 44.1 TOTAL FOR MONTH: 1.67 1 = FOG OR MIST
DPTR FM NORMAL: 3.5 DPTR FM NORMAL: 0.60 2 = FOG REDUCING VISIBILITY
HIGHEST: 78 ON 13 GRTST 24HR 0.81 ON 7- 8 TO 1/4 MILE OR LESS
LOWEST: 24 ON 5, 1 3 = THUNDER
SNOW, ICE PELLETS, HAIL 4 = ICE PELLETS
TOTAL MONTH: M 5 = HAIL
GRTST 24HR M ON M 6 = FREEZING RAIN OR DRIZZLE
GRTST DEPTH: M ON M 7 = DUSTSTORM OR SANDSTORM:
VSBY 1/2 MILE OR LESS
8 = SMOKE OR HAZE
[NO. OF DAYS WITH] [WEATHER - DAYS WITH] 9 = BLOWING SNOW
X = TORNADO
MAX 32 OR BELOW: 0 0.01 INCH OR MORE: 5
MAX 90 OR ABOVE: 0 0.10 INCH OR MORE: 3
MIN 32 OR BELOW: 9 0.50 INCH OR MORE: 2
MIN 0 OR BELOW: 0 1.00 INCH OR MORE: 0
[HDD (BASE 65) ]
TOTAL THIS MO. 453 CLEAR (SCALE 0-3) 11
DPTR FM NORMAL -80 PTCLDY (SCALE 4-7) 8
TOTAL FM JUL 1 6734 CLOUDY (SCALE 8-10) 3
DPTR FM NORMAL -1420
[CDD (BASE 65) ]
TOTAL THIS MO. 0
DPTR FM NORMAL 0 [PRESSURE DATA]
TOTAL FM JAN 1 0 HIGHEST SLP M ON M
DPTR FM NORMAL 0 LOWEST SLP 29.53 ON 17
[REMARKS]