000
CXUS54 KHGX 221415
CF6CLL
PRELIMINARY LOCAL CLIMATOLOGICAL DATA (WS FORM: F-6)

                                          STATION:   COLLEGE STATION
                                          MONTH:     APRIL
                                          YEAR:      2018
                                          LATITUDE:   30 34 N
                                          LONGITUDE:  96 22 W

  TEMPERATURE IN F:       :PCPN:    SNOW:  WIND      :SUNSHINE: SKY     :PK WND
================================================================================
1   2   3   4   5  6A  6B    7    8   9   10  11  12  13   14  15   16   17  18
                                     12Z  AVG MX 2MIN
DY MAX MIN AVG DEP HDD CDD  WTR  SNW DPTH SPD SPD DIR MIN PSBL S-S WX    SPD DR
================================================================================

 1  81  58  70   5   0   5 0.00  0.0    0  8.8 18 170   M    M   3        24 150
 2  83  61  72   7   0   7 0.00  0.0    0 12.4 25 170   M    M   5 1      32 170
 3  83  61  72   6   0   7 0.01  0.0    0 13.1 23  10   M    M   8 3      30 350
 4  70  49  60  -6   5   0 0.00  0.0    0 11.6 23  10   M    M   0        30  10
 5  74  52  63  -3   2   0    T  0.0    0 10.4 20 150   M    M   6 1      25 150
 6  84  65  75   9   0  10 0.15  0.0    0 11.9 29 350   M    M   8 13     35 340
 7  68  41  55 -11  10   0 0.01  0.0    0 14.1 26 350   M    M  10 13     33 330
 8  57  42  50 -17  15   0 0.00  0.0    0  6.8 13 140   M    M   9        18 130
 9  71  54  63  -4   2   0 0.00  0.0    0  8.4 17  20   M    M   9 1      23  30
10  75  50  63  -4   2   0 0.00  0.0    0  7.9 16 350   M    M   0        23 360
11  80  47  64  -3   1   0 0.00  0.0    0  9.5 22 160   M    M   0        27 150
12  84  60  72   4   0   7 0.00  0.0    0 16.3 26 160   M    M   5        36 150
13  80  61  71   3   0   6 0.31  0.0    0 17.1 32 320   M    M   9 13     42 310
14  66  48  57 -11   8   0 0.17    M    0 12.9 28 310   M    M   0 13     37 310
15  67  41  54 -14  11   0 0.00  0.0    0  8.8 21 330   M    M   0        30 320
16  80  44  62  -7   3   0 0.00  0.0    0  9.5 22 160   M    M   0        29 160
17  83  59  71   2   0   6 0.00  0.0    0 15.3 26 160   M    M   0        33 150
18  83  64  74   5   0   9 0.00  0.0    0 10.4 20 170   M    M   6        24 180
19  76  57  67  -2   0   2 0.00  0.0    0 11.5 22  20   M    M   1        29  20
20  67  53  60 -10   5   0 0.00  0.0    0  9.1 17  90   M    M   0        23 100
21  70  54  62  -8   3   0 0.83  0.0    0  8.7 20 150   M    M   8 13     24 150
================================================================================
SM 1582 1121        67  59  1.48     0.0 234.5          M       87
================================================================================
AV 75.3 53.4                              11.2 FASTST   M    M   4    MAX(MPH)
                                 MISC ---->  # 32 320               # 42  310
================================================================================
NOTES:
# LAST OF SEVERAL OCCURRENCES

COLUMN 17 PEAK WIND IN M.P.H.

PRELIMINARY LOCAL CLIMATOLOGICAL DATA (WS FORM: F-6) , PAGE 2

                                          STATION:  COLLEGE STATION
                                          MONTH:    APRIL
                                          YEAR:     2018
                                          LATITUDE:   30 34 N
                                          LONGITUDE:  96 22 W

[TEMPERATURE DATA]      [PRECIPITATION DATA]       SYMBOLS USED IN COLUMN 16

AVERAGE MONTHLY: 64.4   TOTAL FOR MONTH:   1.48    1 = FOG OR MIST
DPTR FM NORMAL:  -3.1   DPTR FM NORMAL:   -0.24    2 = FOG REDUCING VISIBILITY
HIGHEST:    84 ON 12, 6 GRTST 24HR  0.83 ON 21-21      TO 1/4 MILE OR LESS
LOWEST:     41 ON 15, 7                            3 = THUNDER
                        SNOW, ICE PELLETS, HAIL    4 = ICE PELLETS
                        TOTAL MONTH:   0.0 INCH    5 = HAIL
                        GRTST 24HR     0.0         6 = FREEZING RAIN OR DRIZZLE
                        GRTST DEPTH:   0           7 = DUSTSTORM OR SANDSTORM:
                                                       VSBY 1/2 MILE OR LESS
                                                   8 = SMOKE OR HAZE
[NO. OF DAYS WITH]      [WEATHER - DAYS WITH]      9 = BLOWING SNOW
                                                   X = TORNADO
MAX 32 OR BELOW:   0    0.01 INCH OR MORE:   6
MAX 90 OR ABOVE:   0    0.10 INCH OR MORE:   4
MIN 32 OR BELOW:   0    0.50 INCH OR MORE:   1
MIN  0 OR BELOW:   0    1.00 INCH OR MORE:   0

[HDD (BASE 65) ]
TOTAL THIS MO.    67    CLEAR  (SCALE 0-3)   9
DPTR FM NORMAL    26    PTCLDY (SCALE 4-7)   6
TOTAL FM JUL 1  1514    CLOUDY (SCALE 8-10)  6
DPTR FM NORMAL   -86

[CDD (BASE 65) ]
TOTAL THIS MO.    59
DPTR FM NORMAL   -33    [PRESSURE DATA]
TOTAL FM JAN 1   207    HIGHEST SLP M ON M
DPTR FM NORMAL    28    LOWEST  SLP 29.65 ON 13

[REMARKS]
