000
CXUS52 KILM 251000
CF6CRE
PRELIMINARY LOCAL CLIMATOLOGICAL DATA (WS FORM: F-6)

                                          STATION:   N.MYRTLE BEACH SOUTH CAROLINA
                                          MONTH:     APRIL
                                          YEAR:      2018
                                          LATITUDE:   33 49 N
                                          LONGITUDE:  78 43 W

  TEMPERATURE IN F:       :PCPN:    SNOW:  WIND      :SUNSHINE: SKY     :PK WND
================================================================================
1   2   3   4   5  6A  6B    7    8   9   10  11  12  13   14  15   16   17  18
                                     12Z  AVG MX 2MIN
DY MAX MIN AVG DEP HDD CDD  WTR  SNW DPTH SPD SPD DIR MIN PSBL S-S WX    SPD DR
================================================================================

 1  69  41  55  -3  10   0 0.00    M    M  4.8 13 170   M    M   1 1      16 180
 2  72  54  63   5   2   0 0.00    M    M  9.8 18 200   M    M   1 12     22 200
 3  72  59  66   8   0   1 0.01    M    M  9.6 24 200   M    M   7 128    33 220
 4  77  58  68   9   0   3 0.01    M    M 12.3 23 210   M    M   3 1      27 200
 5  60  44  52  -7  13   0 0.00    M    M  7.8 16  30   M    M   0        22  20
 6  67  42  55  -4  10   0 0.00    M    M  7.3 18 190   M    M   0 1      25 190
 7  71  43  57  -2   8   0 1.22    M    M 11.9 25  30   M    M   7 13     32  10
 8  56  38  47 -13  18   0 0.04    M    M  6.8 21  30   M    M   2 1      33  30
 9  53  46  50 -10  15   0 0.47    M    M  8.4 20  30   M    M   9 1      24  10
10  56  45  51  -9  14   0 0.02    M    M  6.4 21  30   M    M   9        28  20
11  62  42  52  -8  13   0 0.00    M    M  5.6 14 140   M    M   1 1      18 130
12  67  42  55  -6  10   0 0.00    M    M  5.7 14 160   M    M   0 12     17 180
13  73  58  66   5   0   1 0.00    M    M 11.3 20 200   M    M   1        25 210
14  75  56  66   5   0   1 0.00    M    M  7.2 16 180   M    M   3 1      21 190
15  74  64  69   8   0   4 0.80    M    M 13.1 25 210   M    M   9 13     34 170
16  66  49  58  -4   7   0 0.00    M    M 13.9 24 250   M    M   2        34 250
17  66  38  52 -10  13   0 0.00    M    M  9.3 22 190   M    M   0        26 270
18  78  57  68   6   0   3 0.00    M    M 16.0 26 220   M    M   0        33 210
19  84  54  69   7   0   4 0.00    M    M 13.7 25 250   M    M   0        37 270
20  64  45  55  -8  10   0 0.00    M    M  8.3 21  40   M    M   0        30  30
21  67  42  55  -8  10   0 0.00    M    M  7.7 17 110   M    M   0        22 130
22  70  49  60  -3   5   0    T    M    M 10.1 18  90   M    M   3        26 100
23  66  62  64   0   1   0 0.64    M    M 15.0 24  90   M    M   8 1      34  90
24  71  63  67   3   0   2 1.83    M    M 11.8 29 100   M    M   7 13     39 110
================================================================================
SM 1636 1191       159  19  5.04    M    233.8          M       73
================================================================================
AV 68.2 49.6                               9.7 FASTST   M    M   3    MAX(MPH)
                                 MISC ---->  # 29 100               # 39  110
================================================================================
NOTES:
# LAST OF SEVERAL OCCURRENCES

COLUMN 17 PEAK WIND IN M.P.H.

PRELIMINARY LOCAL CLIMATOLOGICAL DATA (WS FORM: F-6) , PAGE 2

                                          STATION:  N.MYRTLE BEACH SOUTH CAROLINA
                                          MONTH:    APRIL
                                          YEAR:     2018
                                          LATITUDE:   33 49 N
                                          LONGITUDE:  78 43 W

[TEMPERATURE DATA]      [PRECIPITATION DATA]       SYMBOLS USED IN COLUMN 16

AVERAGE MONTHLY: 58.9   TOTAL FOR MONTH:   5.04    1 = FOG OR MIST
DPTR FM NORMAL:  -1.9   DPTR FM NORMAL:    2.61    2 = FOG REDUCING VISIBILITY
HIGHEST:    84 ON 19    GRTST 24HR  1.83 ON 24-24      TO 1/4 MILE OR LESS
LOWEST:     38 ON 17, 8                            3 = THUNDER
                        SNOW, ICE PELLETS, HAIL    4 = ICE PELLETS
                        TOTAL MONTH:    M          5 = HAIL
                        GRTST 24HR    M  ON   M    6 = FREEZING RAIN OR DRIZZLE
                        GRTST DEPTH:  M  ON   M    7 = DUSTSTORM OR SANDSTORM:
                                                       VSBY 1/2 MILE OR LESS
                                                   8 = SMOKE OR HAZE
[NO. OF DAYS WITH]      [WEATHER - DAYS WITH]      9 = BLOWING SNOW
                                                   X = TORNADO
MAX 32 OR BELOW:   0    0.01 INCH OR MORE:   9
MAX 90 OR ABOVE:   0    0.10 INCH OR MORE:   5
MIN 32 OR BELOW:   0    0.50 INCH OR MORE:   4
MIN  0 OR BELOW:   0    1.00 INCH OR MORE:   2

[HDD (BASE 65) ]
TOTAL THIS MO.   159    CLEAR  (SCALE 0-3)  15
DPTR FM NORMAL    33    PTCLDY (SCALE 4-7)   6
TOTAL FM JUL 1  2319    CLOUDY (SCALE 8-10)  3
DPTR FM NORMAL   -89

[CDD (BASE 65) ]
TOTAL THIS MO.    19
DPTR FM NORMAL    -6    [PRESSURE DATA]
TOTAL FM JAN 1    39    HIGHEST SLP M ON M
DPTR FM NORMAL    11    LOWEST  SLP 29.65 ON  7

[REMARKS]
