000
CXUS53 KUNR 260945
CF6CUT
PRELIMINARY LOCAL CLIMATOLOGICAL DATA (WS FORM: F-6)

                                          STATION:   CUSTER COUNTY AIRPORT SD
                                          MONTH:     MAY
                                          YEAR:      2018
                                          LATITUDE:   43 43 N
                                          LONGITUDE: 103 37 W

  TEMPERATURE IN F:       :PCPN:    SNOW:  WIND      :SUNSHINE: SKY     :PK WND
================================================================================
1   2   3   4   5  6A  6B    7    8   9   10  11  12  13   14  15   16   17  18
                                     12Z  AVG MX 2MIN
DY MAX MIN AVG DEP HDD CDD  WTR  SNW DPTH SPD SPD DIR MIN PSBL S-S WX    SPD DR
================================================================================

 1  49  33  41  -3  24   0    T    M    M  5.6 14 240   M    M   6 12     19 270
 2  54  32  43  -1  22   0 0.10    M    M  5.6 13 210   M    M   6 1      20 240
 3  58  38  48   4  17   0 0.10    M    M  5.7 15  30   M    M   6 1      21  40
 4  68  37  53   8  12   0 0.00    M    M  8.1 21 270   M    M   2        27 270
 5  71  41  56  11   9   0 0.05    M    M  6.1 17 290   M    M   3 3      24 240
 6  69  42  56  11   9   0    T    M    M  4.5 13 180   M    M   4        18 180
 7  78  48  63  17   2   0 0.02    M    M  6.5 25 280   M    M   2 3      34 280
 8  65  43  54   8  11   0 0.05    M    M  7.4 20 270   M    M   5        29 280
 9  71  46  59  13   6   0 0.03    M    M  7.7 18 280   M    M   3        25 280
10  63  39  51   4  14   0 0.03    M    M  7.4 18  80   M    M   6 128    25 100
11  56  37  47   0  18   0 0.22    M    M  6.8 16  50   M    M  10 12     20  50
12  46  38  42  -5  23   0 0.13    M    M  4.5 13  50   M    M  10 12     16  50
13  59  41  50   3  15   0    T    M    M  2.9 13 100   M    M   9 12     15 100
14  65  41  53   5  12   0 0.10    M    M  5.8 16  60   M    M   6 13     21 270
15  67  39  53   5  12   0 0.00    M    M  5.2 16 270   M    M   0 1      24 280
16  76  43  60  12   5   0 0.00    M    M  5.2 16 270   M    M   1        23 270
17  73  46  60  12   5   0 0.66    M    M  8.7 30 130   M    M   4 123    55 120
18  63  45  54   5  11   0 0.36    M    M  7.3 17  40   M    M   8 123    26  40
19  45  38  42  -7  23   0 0.05    M    M  9.1 21  20   M    M  10 1      28  30
20  53  31  42  -7  23   0 0.00    M    M  4.7 13  90   M    M   1        16 180
21  71  34  53   3  12   0    T    M    M  5.3 16 180   M    M   1        26 190
22  73  48  61  11   4   0 0.67    M    M  7.7 21  70   M    M   3 13     25  70
23  72  45  59   9   6   0 0.16    M    M  5.4 23 180   M    M   3 13     36 180
24  73  45  59   8   6   0 0.00    M    M  6.8 18 290   M    M   0        26 280
25  77  49  63  12   2   0 0.00    M    M  6.3 21  60   M    M   2        27  60
================================================================================
SM 1615 1019       303   0  2.73    M    156.3          M      111
================================================================================
AV 64.6 40.8                               6.3 FASTST   M    M   4    MAX(MPH)
                                 MISC ---->  # 30 130               # 55  120
================================================================================
NOTES:
# LAST OF SEVERAL OCCURRENCES

COLUMN 17 PEAK WIND IN M.P.H.

PRELIMINARY LOCAL CLIMATOLOGICAL DATA (WS FORM: F-6) , PAGE 2

                                          STATION:  CUSTER COUNTY AIRPORT SD
                                          MONTH:    MAY
                                          YEAR:     2018
                                          LATITUDE:   43 43 N
                                          LONGITUDE: 103 37 W

[TEMPERATURE DATA]      [PRECIPITATION DATA]       SYMBOLS USED IN COLUMN 16

AVERAGE MONTHLY: 52.7   TOTAL FOR MONTH:   2.73    1 = FOG OR MIST
DPTR FM NORMAL:   5.3   DPTR FM NORMAL:    0.27    2 = FOG REDUCING VISIBILITY
HIGHEST:    78 ON  7    GRTST 24HR  0.67 ON 22-22      TO 1/4 MILE OR LESS
LOWEST:     31 ON 20                               3 = THUNDER
                        SNOW, ICE PELLETS, HAIL    4 = ICE PELLETS
                        TOTAL MONTH:    M          5 = HAIL
                        GRTST 24HR    M  ON   M    6 = FREEZING RAIN OR DRIZZLE
                        GRTST DEPTH:  M  ON   M    7 = DUSTSTORM OR SANDSTORM:
                                                       VSBY 1/2 MILE OR LESS
                                                   8 = SMOKE OR HAZE
[NO. OF DAYS WITH]      [WEATHER - DAYS WITH]      9 = BLOWING SNOW
                                                   X = TORNADO
MAX 32 OR BELOW:   0    0.01 INCH OR MORE:  15
MAX 90 OR ABOVE:   0    0.10 INCH OR MORE:   9
MIN 32 OR BELOW:   2    0.50 INCH OR MORE:   2
MIN  0 OR BELOW:   0    1.00 INCH OR MORE:   0

[HDD (BASE 65) ]
TOTAL THIS MO.   303    CLEAR  (SCALE 0-3)  12
DPTR FM NORMAL  -136    PTCLDY (SCALE 4-7)   9
TOTAL FM JUL 1  7973    CLOUDY (SCALE 8-10)  4
DPTR FM NORMAL  -116

[CDD (BASE 65) ]
TOTAL THIS MO.     0
DPTR FM NORMAL     0    [PRESSURE DATA]
TOTAL FM JAN 1     0    HIGHEST SLP M ON M
DPTR FM NORMAL     0    LOWEST  SLP 29.36 ON 17

[REMARKS]
