000
CXUS53 KUNR 260945
CF6D07
PRELIMINARY LOCAL CLIMATOLOGICAL DATA (WS FORM: F-6)

                                          STATION:   FAITH SD
                                          MONTH:     APRIL
                                          YEAR:      2018
                                          LATITUDE:   45  1 N
                                          LONGITUDE: 102  1 W

  TEMPERATURE IN F:       :PCPN:    SNOW:  WIND      :SUNSHINE: SKY     :PK WND
================================================================================
1   2   3   4   5  6A  6B    7    8   9   10  11  12  13   14  15   16   17  18
                                     12Z  AVG MX 2MIN
DY MAX MIN AVG DEP HDD CDD  WTR  SNW DPTH SPD SPD DIR MIN PSBL S-S WX    SPD DR
================================================================================

 1  40  13  27 -12  38   0 0.00    M    M 10.4 21 120   M    M   M        28 160
 2  29  14  22 -17  43   0 0.11    M    M 17.8 30  50   M    M   M        33  50
 3  20   2  11 -29  54   0 0.09    M    M 13.3 28  20   M    M   M        32  20
 4  35   0  18 -22  47   0 0.00    M    M  8.1 21 170   M    M   M        23 170
 5  37  21  29 -11  36   0 0.00    M    M 14.6 24 360   M    M   M        29 350
 6  22   6  14 -27  51   0 0.00    M    M 11.9 26 360   M    M   M        32 360
 7  36  12  24 -17  41   0 0.00    M    M 14.1 29 120   M    M   M        35 120
 8  30  25  28 -14  37   0 0.15    M    M 12.7 26 110   M    M   M        33 120
 9  41  21  31 -11  34   0 0.01    M    M  6.8 16 170   M    M   M        17 170
10  61  29  45   3  20   0 0.00    M    M 10.2 16 300   M    M   M        19 310
11  53  38  46   3  19   0 0.06    M    M 11.3 24 150   M    M   M        28 150
12  44  32  38  -5  27   0 0.00    M    M 14.9 30  80   M    M   M        35  80
13  32  21  27 -17  38   0 0.36    M    M 20.6 30  50   M    M   M        35  50
14  32  16  24 -20  41   0 0.00    M    M 12.2 21 350   M    M   M        23 350
15  35  14  25 -20  40   0 0.00    M    M  6.3 12 150   M    M   M        21 130
16  43  21  32 -13  33   0 0.00    M    M 23.9 36 130   M    M   M        43 130
17  43  27  35 -11  30   0 0.13    M    M 18.3 38 150   M    M   M        47 140
18  53  31  42  -4  23   0 0.06    M    M  8.8 20  40   M    M   M        25  40
19  55  30  43  -3  22   0 0.00    M    M 13.9 22 130   M    M   M        27 130
20  53  32  43  -4  22   0 0.00    M    M 18.6 28 170   M    M   M        34 170
21  53  37  45  -2  20   0 0.00    M    M 19.0 28 160   M    M   M        34 160
22  66  34  50   2  15   0 0.00    M    M 12.7 22 170   M    M   M        26 170
23  69  38  54   6  11   0 0.22    M    M 15.8 33  20   M    M   M        42 260
24  53  32  43  -5  22   0 0.19    M    M 14.8 35 360   M    M   M        41 360
25  69  32  51   2  14   0 0.00    M    M 13.8 26 190   M    M   M        32 350
================================================================================
SM 1104  578       778   0  1.38    M    344.8          M        M
================================================================================
AV 44.2 23.1                              13.8 FASTST   M    M   4    MAX(MPH)
                                 MISC ---->  # 38 150               # 47  140
================================================================================
NOTES:
# LAST OF SEVERAL OCCURRENCES

COLUMN 17 PEAK WIND IN M.P.H.

PRELIMINARY LOCAL CLIMATOLOGICAL DATA (WS FORM: F-6) , PAGE 2

                                          STATION:  FAITH SD
                                          MONTH:    APRIL
                                          YEAR:     2018
                                          LATITUDE:   45  1 N
                                          LONGITUDE: 102  1 W

[TEMPERATURE DATA]      [PRECIPITATION DATA]       SYMBOLS USED IN COLUMN 16

AVERAGE MONTHLY: 33.6   TOTAL FOR MONTH:   1.38    1 = FOG OR MIST
DPTR FM NORMAL: -10.2   DPTR FM NORMAL:    0.18    2 = FOG REDUCING VISIBILITY
HIGHEST:    69 ON 25,23 GRTST 24HR  0.36 ON 13-13      TO 1/4 MILE OR LESS
LOWEST:      0 ON  4                               3 = THUNDER
                        SNOW, ICE PELLETS, HAIL    4 = ICE PELLETS
                        TOTAL MONTH:    M          5 = HAIL
                        GRTST 24HR    M  ON   M    6 = FREEZING RAIN OR DRIZZLE
                        GRTST DEPTH:  M  ON   M    7 = DUSTSTORM OR SANDSTORM:
                                                       VSBY 1/2 MILE OR LESS
                                                   8 = SMOKE OR HAZE
[NO. OF DAYS WITH]      [WEATHER - DAYS WITH]      9 = BLOWING SNOW
                                                   X = TORNADO
MAX 32 OR BELOW:   6    0.01 INCH OR MORE:  10
MAX 90 OR ABOVE:   0    0.10 INCH OR MORE:   6
MIN 32 OR BELOW:  21    0.50 INCH OR MORE:   0
MIN  0 OR BELOW:   1    1.00 INCH OR MORE:   0

[HDD (BASE 65) ]
TOTAL THIS MO.   778    CLEAR  (SCALE 0-3)   0
DPTR FM NORMAL   245    PTCLDY (SCALE 4-7)   0
TOTAL FM JUL 1  7906    CLOUDY (SCALE 8-10)  0
DPTR FM NORMAL   682

[CDD (BASE 65) ]
TOTAL THIS MO.     0
DPTR FM NORMAL     0    [PRESSURE DATA]
TOTAL FM JAN 1     0    HIGHEST SLP M ON M
DPTR FM NORMAL     0    LOWEST  SLP 29.27 ON  8

[REMARKS]
