000
CXUS52 KMLB 250730
CF6DAB
PRELIMINARY LOCAL CLIMATOLOGICAL DATA (WS FORM: F-6)

                                          STATION:   DAYTONA BEACH
                                          MONTH:     JUNE
                                          YEAR:      2018
                                          LATITUDE:   29 10 N
                                          LONGITUDE:  81  3 W

  TEMPERATURE IN F:       :PCPN:    SNOW:  WIND      :SUNSHINE: SKY     :PK WND
================================================================================
1   2   3   4   5  6A  6B    7    8   9   10  11  12  13   14  15   16   17  18
                                     12Z  AVG MX 2MIN
DY MAX MIN AVG DEP HDD CDD  WTR  SNW DPTH SPD SPD DIR MIN PSBL S-S WX    SPD DR
================================================================================

 1  86  72  79   1   0  14    T  0.0    0  5.5 17  50   M    M   6 13     22  10
 2  90  73  82   3   0  17 0.11  0.0    0  5.8 21 300   M    M   5 138    30 290
 3  89  72  81   2   0  16 0.02  0.0    0  9.2 22 250   M    M   7 13     27 250
 4  91  76  84   5   0  19 0.00  0.0    0  8.9 17 240   M    M   5 13     22 240
 5  91  74  83   4   0  18 0.00  0.0    0  5.5 16 260   M    M   4 1      21 260
 6  80  71  76  -3   0  11 0.05  0.0    0  3.4 15 270   M    M   7 1      18 270
 7  85  70  78  -1   0  13 0.48  0.0    0  6.1 17  30   M    M   7 3      21  30
 8  85  69  77  -2   0  12 1.13  0.0    0  5.4 26 260   M    M   6 3      35 270
 9  87  70  79   0   0  14    T  0.0    0  5.5 16 290   M    M   7 3      22 300
10  87  71  79  -1   0  14    T  0.0    0  5.2 20  30   M    M   4 3      23  30
11  89  71  80   0   0  15 0.00  0.0    0  5.9 23 350   M    M   4 13     32 330
12  88  71  80   0   0  15 0.84  0.0    0  4.3 13 310   M    M   6 13     18 220
13  86  71  79  -1   0  14 0.12  0.0    0  3.2 23 280   M    M   6 13     31 260
14  90  72  81   1   0  16 0.15  0.0    0  3.7 20  50   M    M   5 13     23  50
15  88  72  80   0   0  15 0.26  0.0    0  5.0 15 230   M    M   5 138    24 180
16  90  72  81   1   0  16    T  0.0    0  4.4 21 210   M    M   6 3      29 210
17  88  72  80   0   0  15 0.00  0.0    0  5.0 16  50   M    M   5 3      20  60
18  87  74  81   1   0  16 0.00  0.0    0  4.8 13  80   M    M   4        18  60
19  89  72  81   1   0  16 0.00  0.0    0  3.5 12  80   M    M   2        16  80
20  93  74  84   4   0  19 0.39  0.0    0  6.4 22  80   M    M   5 13     29 340
21  90  73  82   2   0  17 2.03  0.0    0  6.9 24 220   M    M   6 13     32 200
22  90  75  83   2   0  18 0.05  0.0    0  6.7 17 310   M    M   8 13     21 290
23  94  75  85   4   0  20 0.06  0.0    0  6.4 15 260   M    M   4 13     19 190
24  89  74  82   1   0  17 0.00  0.0    0  5.5 15  80   M    M   3 1      21 100
================================================================================
SM 2122 1736         0 377  5.69     0.0 132.2          M      127
================================================================================
AV 88.4 72.3                               5.5 FASTST   M    M   5    MAX(MPH)
                                 MISC ---->  # 26 260               # 35  270
================================================================================
NOTES:
# LAST OF SEVERAL OCCURRENCES

COLUMN 17 PEAK WIND IN M.P.H.

PRELIMINARY LOCAL CLIMATOLOGICAL DATA (WS FORM: F-6) , PAGE 2

                                          STATION:  DAYTONA BEACH
                                          MONTH:    JUNE
                                          YEAR:     2018
                                          LATITUDE:   29 10 N
                                          LONGITUDE:  81  3 W

[TEMPERATURE DATA]      [PRECIPITATION DATA]       SYMBOLS USED IN COLUMN 16

AVERAGE MONTHLY: 80.4   TOTAL FOR MONTH:   5.69    1 = FOG OR MIST
DPTR FM NORMAL:   0.7   DPTR FM NORMAL:    1.02    2 = FOG REDUCING VISIBILITY
HIGHEST:    94 ON 23    GRTST 24HR  2.03 ON 21-21      TO 1/4 MILE OR LESS
LOWEST:     69 ON  8                               3 = THUNDER
                        SNOW, ICE PELLETS, HAIL    4 = ICE PELLETS
                        TOTAL MONTH:   0.0 INCH    5 = HAIL
                        GRTST 24HR     0.0         6 = FREEZING RAIN OR DRIZZLE
                        GRTST DEPTH:   0           7 = DUSTSTORM OR SANDSTORM:
                                                       VSBY 1/2 MILE OR LESS
                                                   8 = SMOKE OR HAZE
[NO. OF DAYS WITH]      [WEATHER - DAYS WITH]      9 = BLOWING SNOW
                                                   X = TORNADO
MAX 32 OR BELOW:   0    0.01 INCH OR MORE:  13
MAX 90 OR ABOVE:   9    0.10 INCH OR MORE:   9
MIN 32 OR BELOW:   0    0.50 INCH OR MORE:   3
MIN  0 OR BELOW:   0    1.00 INCH OR MORE:   2

[HDD (BASE 65) ]
TOTAL THIS MO.     0    CLEAR  (SCALE 0-3)   1
DPTR FM NORMAL     0    PTCLDY (SCALE 4-7)  22
TOTAL FM JUL 1   645    CLOUDY (SCALE 8-10)  1
DPTR FM NORMAL  -164

[CDD (BASE 65) ]
TOTAL THIS MO.   377
DPTR FM NORMAL    25    [PRESSURE DATA]
TOTAL FM JAN 1  1089    HIGHEST SLP M ON M
DPTR FM NORMAL   136    LOWEST  SLP 29.82 ON  5

[REMARKS]
