565
CXUS52 KMHX 190700
CF6EWN
PRELIMINARY LOCAL CLIMATOLOGICAL DATA (WS FORM: F-6)

                                          STATION:   NEW BERN NC
                                          MONTH:     APRIL
                                          YEAR:      2018
                                          LATITUDE:   35  4 N
                                          LONGITUDE:  77  3 W

  TEMPERATURE IN F:       :PCPN:    SNOW:  WIND      :SUNSHINE: SKY     :PK WND
================================================================================
1   2   3   4   5  6A  6B    7    8   9   10  11  12  13   14  15   16   17  18
                                     12Z  AVG MX 2MIN
DY MAX MIN AVG DEP HDD CDD  WTR  SNW DPTH SPD SPD DIR MIN PSBL S-S WX    SPD DR
================================================================================

 1  77  38  58   0   7   0 0.00  0.0    0  5.0 15 180   M    M   0 1      20 180
 2  83  49  66   8   0   1 0.00  0.0    0  9.9 18  90   M    M   2 1      25  80
 3  81  48  65   6   0   0 0.00  0.0    0  9.8 24 210   M    M   8 1      29 210
 4  74  53  64   5   1   0    T  0.0    0 13.8 21 180   M    M   5 1      31 180
 5  61  41  51  -8  14   0 0.00  0.0    0  6.7 18 350   M    M   0        25 350
 6  74  36  55  -4  10   0 0.00  0.0    0 10.2 25 190   M    M   1 1      38 210
 7  66  39  53  -7  12   0    M    M    0 11.2 25  10   M    M   6 13     39 360
 8  52  35  44 -16  21   0 0.06    M    0  8.8 21 350   M    M   4 1      27 350
 9  50  39  45 -15  20   0    M  0.0    0  7.1 17  50   M    M   8 1      20  50
10  55  43  49 -11  16   0 0.04  0.0    0  8.6 18  20   M    M   6 1      25  10
11  62  38  50 -11  15   0 0.00  0.0    0  5.2 16  50   M    M   2 18     20  60
12  72  39  56  -5   9   0 0.00    M    0  7.2 23 200   M    M   0 1      30 210
13  79  51  65   4   0   0 0.00  0.0    0  9.9 23 180   M    M   1        33 180
14  80  48  64   2   1   0 0.00  0.0    0 10.2 23 210   M    M   3 1      30 170
15  77  61  69   7   0   4 0.40  0.0    0 11.9 25 170   M    M   8 13     38 210
16  70  48  59  -3   6   0 1.99  0.0    0 13.8 29 200   M    M   7 13     44 210
17  59  39  49 -13  16   0 0.00  0.0    0 11.3 22 320   M    M   1        29 310
18  83  50  67   5   0   2 0.00  0.0    0  8.5 18 180   M    M   0        23 200
================================================================================
SM 1255  795       148   7  2.49     0.0 169.1          M       62
================================================================================
AV 69.7 44.2                               9.4 FASTST   M    M   3    MAX(MPH)
                                 MISC ---->  # 29 200               # 44  210
================================================================================
NOTES:
# LAST OF SEVERAL OCCURRENCES

COLUMN 17 PEAK WIND IN M.P.H.

PRELIMINARY LOCAL CLIMATOLOGICAL DATA (WS FORM: F-6) , PAGE 2

                                          STATION:  NEW BERN NC
                                          MONTH:    APRIL
                                          YEAR:     2018
                                          LATITUDE:   35  4 N
                                          LONGITUDE:  77  3 W

[TEMPERATURE DATA]      [PRECIPITATION DATA]       SYMBOLS USED IN COLUMN 16

AVERAGE MONTHLY: 56.9   TOTAL FOR MONTH:   2.49    1 = FOG OR MIST
DPTR FM NORMAL:  -3.3   DPTR FM NORMAL:    0.61    2 = FOG REDUCING VISIBILITY
HIGHEST:    83 ON 18, 2 GRTST 24HR  1.99 ON 16-16      TO 1/4 MILE OR LESS
LOWEST:     35 ON  8                               3 = THUNDER
                        SNOW, ICE PELLETS, HAIL    4 = ICE PELLETS
                        TOTAL MONTH:   0.0 INCH    5 = HAIL
                        GRTST 24HR     0.0         6 = FREEZING RAIN OR DRIZZLE
                        GRTST DEPTH:   0           7 = DUSTSTORM OR SANDSTORM:
                                                       VSBY 1/2 MILE OR LESS
                                                   8 = SMOKE OR HAZE
[NO. OF DAYS WITH]      [WEATHER - DAYS WITH]      9 = BLOWING SNOW
                                                   X = TORNADO
MAX 32 OR BELOW:   0    0.01 INCH OR MORE:   4
MAX 90 OR ABOVE:   0    0.10 INCH OR MORE:   2
MIN 32 OR BELOW:   0    0.50 INCH OR MORE:   1
MIN  0 OR BELOW:   0    1.00 INCH OR MORE:   1

[HDD (BASE 65) ]
TOTAL THIS MO.   148    CLEAR  (SCALE 0-3)   9
DPTR FM NORMAL    37    PTCLDY (SCALE 4-7)   9
TOTAL FM JUL 1  2840    CLOUDY (SCALE 8-10)  0
DPTR FM NORMAL   214

[CDD (BASE 65) ]
TOTAL THIS MO.     7
DPTR FM NORMAL   -19    [PRESSURE DATA]
TOTAL FM JAN 1    55    HIGHEST SLP M ON M
DPTR FM NORMAL    15    LOWEST  SLP 29.62 ON 16

[REMARKS]
