000
CXUS54 KOUN 200700
CF6FDR
PRELIMINARY LOCAL CLIMATOLOGICAL DATA (WS FORM: F-6)

                                          STATION:   FREDERICK MUNICIPAL
                                          MONTH:     APRIL
                                          YEAR:      2018
                                          LATITUDE:   34 21 N
                                          LONGITUDE:  98 59 W

  TEMPERATURE IN F:       :PCPN:    SNOW:  WIND      :SUNSHINE: SKY     :PK WND
================================================================================
1   2   3   4   5  6A  6B    7    8   9   10  11  12  13   14  15   16   17  18
                                     12Z  AVG MX 2MIN
DY MAX MIN AVG DEP HDD CDD  WTR  SNW DPTH SPD SPD DIR MIN PSBL S-S WX    SPD DR
================================================================================

 1  56  37  47 -12  18   0 0.00  0.0    0 16.1 26  40   M    M   8        33  30
 2  59  35  47 -12  18   0 0.00  0.0    0 10.0 23 160   M    M   7 1      28 160
 3  67  39  53  -6  12   0 0.00  0.0    0 21.9 41 360   M    M   0 1      51  10
 4  63  31  47 -13  18   0 0.00  0.0    0  9.6 23 150   M    M   0        30 150
 5  80  42  61   1   4   0 0.00  0.0    0 12.4 25 150   M    M   1 8      31 180
 6  80  35  58  -2   7   0 0.00  0.0    0 21.0 40 360   M    M   4        48 360
 7  49  27  38 -22  27   0    T    M    M 15.2 32  10   M    M   7        37 360
 8  58  33  46 -15  19   0 0.00  0.0    0  9.6 20 140   M    M   4        23 150
 9  74  37  56  -5   9   0 0.00  0.0    0 10.1 24  20   M    M   0 8      33  20
10  74  38  56  -5   9   0 0.00  0.0    0  9.4 17 170   M    M   0 18     23 200
11  88  51  70   9   0   5 0.00  0.0    0 20.6 33 160   M    M   0        40 170
12  99  59  79  17   0  14 0.00  0.0    0 21.9 36 170   M    M   0        44 170
13  86  50  68   6   0   3 0.00  0.0    0 24.4 39 280   M    M   1 8      47 290
14  61  36  49 -13  16   0 0.00  0.0    0 26.1 45 310   M    M   4 8      52 310
15  69  31  50 -12  15   0 0.00  0.0    0 10.1 20 330   M    M   0 8      26 340
16  90  39  65   2   0   0 0.00  0.0    0 16.3 28 180   M    M   0        37 180
17 100  57  79  16   0  14 0.00  0.0    0 15.6 33 190   M    M   0        42 190
18  76  51  64   1   1   0 0.00  0.0    0 17.8 35 360   M    M   0 8      42 360
19  73  41  57  -7   8   0 0.00  0.0    0  9.6 16  90   M    M   0        22  50
================================================================================
SM 1402  769       181  36    T      0.0 297.7          M       36
================================================================================
AV 73.8 40.5                              15.7 FASTST   M    M   2    MAX(MPH)
                                 MISC ---->  # 45 310               # 52  310
================================================================================
NOTES:
# LAST OF SEVERAL OCCURRENCES

COLUMN 17 PEAK WIND IN M.P.H.

PRELIMINARY LOCAL CLIMATOLOGICAL DATA (WS FORM: F-6) , PAGE 2

                                          STATION:  FREDERICK MUNICIPAL
                                          MONTH:    APRIL
                                          YEAR:     2018
                                          LATITUDE:   34 21 N
                                          LONGITUDE:  98 59 W

[TEMPERATURE DATA]      [PRECIPITATION DATA]       SYMBOLS USED IN COLUMN 16

AVERAGE MONTHLY: 57.1   TOTAL FOR MONTH:      T    1 = FOG OR MIST
DPTR FM NORMAL:  -4.0   DPTR FM NORMAL:   -1.31    2 = FOG REDUCING VISIBILITY
HIGHEST:   100 ON 17    GRTST 24HR    T  ON  7- 7      TO 1/4 MILE OR LESS
LOWEST:     27 ON  7                               3 = THUNDER
                        SNOW, ICE PELLETS, HAIL    4 = ICE PELLETS
                        TOTAL MONTH:   0.0 INCH    5 = HAIL
                        GRTST 24HR     0.0         6 = FREEZING RAIN OR DRIZZLE
                        GRTST DEPTH:   0           7 = DUSTSTORM OR SANDSTORM:
                                                       VSBY 1/2 MILE OR LESS
                                                   8 = SMOKE OR HAZE
[NO. OF DAYS WITH]      [WEATHER - DAYS WITH]      9 = BLOWING SNOW
                                                   X = TORNADO
MAX 32 OR BELOW:   0    0.01 INCH OR MORE:   0
MAX 90 OR ABOVE:   3    0.10 INCH OR MORE:   0
MIN 32 OR BELOW:   3    0.50 INCH OR MORE:   0
MIN  0 OR BELOW:   0    1.00 INCH OR MORE:   0

[HDD (BASE 65) ]
TOTAL THIS MO.   181    CLEAR  (SCALE 0-3)  13
DPTR FM NORMAL    77    PTCLDY (SCALE 4-7)   6
TOTAL FM JUL 1  2861    CLOUDY (SCALE 8-10)  0
DPTR FM NORMAL  -139

[CDD (BASE 65) ]
TOTAL THIS MO.    36
DPTR FM NORMAL     5    [PRESSURE DATA]
TOTAL FM JAN 1    79    HIGHEST SLP M ON M
DPTR FM NORMAL    30    LOWEST  SLP 29.39 ON 13

[REMARKS]
