000
CXUS56 KFGZ 180910
CF6GCN
PRELIMINARY LOCAL CLIMATOLOGICAL DATA (WS FORM: F-6)
STATION: GRAND CANYON AZ AIRPORT
MONTH: APRIL
YEAR: 2024
LATITUDE: 35 57 N
LONGITUDE: 112 9 W
TEMPERATURE IN F: :PCPN: SNOW: WIND :SUNSHINE: SKY :PK WND
================================================================================
1 2 3 4 5 6A 6B 7 8 9 10 11 12 13 14 15 16 17 18
12Z AVG MX 2MIN
DY MAX MIN AVG DEP HDD CDD WTR SNW DPTH SPD SPD DIR MIN PSBL S-S WX SPD DR
================================================================================
1 46 19 33 -8 32 0 0.00 M M 3.3 15 300 M M 3 26 310
2 58 20 39 -2 26 0 0.00 M M 5.5 23 60 M M 0 31 60
3 65 22 44 3 21 0 0.00 M M 3.1 16 210 M M 0 23 210
4 65 23 44 2 21 0 0.00 M M 12.2 31 230 M M 0 44 210
5 47 27 37 -5 28 0 0.03 M M 14.9 29 220 M M 6 1 46 210
6 44 19 32 -10 33 0 0.05 M M 7.4 17 270 M M 5 1 31 270
7 53 14 34 -8 31 0 0.00 M M 2.9 18 220 M M 2 27 240
8 50 21 36 -6 29 0 0.00 M M 7.1 22 60 M M 3 31 50
9 60 21 41 -1 24 0 0.00 M M 5.9 15 50 M M 0 22 300
10 65 20 43 1 22 0 0.00 M M 4.8 13 50 M M 0 19 340
11 70 24 47 5 18 0 0.00 M M 3.2 14 170 M M 0 23 210
12 71 27 49 7 16 0 0.00 M M 9.2 26 220 M M 1 39 220
13 65 26 46 3 19 0 0.00 M M 7.9 24 220 M M 0 34 230
14 62 27 45 2 20 0 0.00 M M 13.0 32 220 M M 1 48 230
15 54 26 40 -3 25 0 T M M 7.0 20 300 M M 4 1 36 260
16 64 22 43 0 22 0 0.00 M M 3.7 12 350 M M 0 21 320
17 71 24 48 5 17 0 0.00 M M 5.4 20 230 M M 0 35 230
================================================================================
SM 1010 382 404 0 0.08 M 116.5 M 25
================================================================================
AV 59.4 22.5 6.9 FASTST M M 1 MAX(MPH)
MISC ----> 32 220 48 230
================================================================================
NOTES:
# LAST OF SEVERAL OCCURRENCES
COLUMN 17 PEAK WIND IN M.P.H.
PRELIMINARY LOCAL CLIMATOLOGICAL DATA (WS FORM: F-6) , PAGE 2
STATION: GRAND CANYON AZ AIRPORT
MONTH: APRIL
YEAR: 2024
LATITUDE: 35 57 N
LONGITUDE: 112 9 W
[TEMPERATURE DATA] [PRECIPITATION DATA] SYMBOLS USED IN COLUMN 16
AVERAGE MONTHLY: 40.9 TOTAL FOR MONTH: 0.08 1 = FOG OR MIST
DPTR FM NORMAL: -1.2 DPTR FM NORMAL: -0.32 2 = FOG REDUCING VISIBILITY
HIGHEST: 71 ON 17,12 GRTST 24HR 0.08 ON 31- 1 TO 1/4 MILE OR LESS
LOWEST: 14 ON 7 3 = THUNDER
SNOW, ICE PELLETS, HAIL 4 = ICE PELLETS
TOTAL MONTH: M 5 = HAIL
GRTST 24HR M ON M 6 = FREEZING RAIN OR DRIZZLE
GRTST DEPTH: M ON M 7 = DUSTSTORM OR SANDSTORM:
VSBY 1/2 MILE OR LESS
8 = SMOKE OR HAZE
[NO. OF DAYS WITH] [WEATHER - DAYS WITH] 9 = BLOWING SNOW
X = TORNADO
MAX 32 OR BELOW: 0 0.01 INCH OR MORE: 2
MAX 90 OR ABOVE: 0 0.10 INCH OR MORE: 0
MIN 32 OR BELOW: 17 0.50 INCH OR MORE: 0
MIN 0 OR BELOW: 0 1.00 INCH OR MORE: 0
[HDD (BASE 65) ]
TOTAL THIS MO. 404 CLEAR (SCALE 0-3) 13
DPTR FM NORMAL 15 PTCLDY (SCALE 4-7) 4
TOTAL FM JUL 1 5598 CLOUDY (SCALE 8-10) 0
DPTR FM NORMAL -352
[CDD (BASE 65) ]
TOTAL THIS MO. 0
DPTR FM NORMAL 0 [PRESSURE DATA]
TOTAL FM JAN 1 0 HIGHEST SLP M ON M
DPTR FM NORMAL 0 LOWEST SLP 29.52 ON 5
[REMARKS]