000
CXUS56 KOTX 220900
CF6GEG
PRELIMINARY LOCAL CLIMATOLOGICAL DATA (WS FORM: F-6)

                                          STATION:   SPOKANE WA AIRPORT
                                          MONTH:     APRIL
                                          YEAR:      2018
                                          LATITUDE:   47 37 N
                                          LONGITUDE: 117 32 W

  TEMPERATURE IN F:       :PCPN:    SNOW:  WIND      :SUNSHINE: SKY     :PK WND
================================================================================
1   2   3   4   5  6A  6B    7    8   9   10  11  12  13   14  15   16   17  18
                                     12Z  AVG MX 2MIN
DY MAX MIN AVG DEP HDD CDD  WTR  SNW DPTH SPD SPD DIR MIN PSBL S-S WX    SPD DR
================================================================================

 1  48  32  40  -4  25   0    T    T    0 15.6 30 220   M    M   8 1      37 230
 2  44  27  36  -8  29   0    T  0.0    0 11.5 21 290   M    M   6        26 220
 3  46  29  38  -7  27   0 0.00  0.0    0  8.2 18 200   M    M   9        25 210
 4  45  35  40  -5  25   0 0.08  0.0    0  7.5 15 220   M    M  10 1      19 230
 5  46  39  43  -2  22   0 0.45  0.0    0  7.7 13  60   M    M  10 12     14  60
 6  47  34  41  -4  24   0    T  0.0    0 11.8 18  70   M    M   8 1      23  70
 7  53  36  45   0  20   0 0.38  0.0    0 12.5 23 200   M    M  10 13     29 210
 8  51  41  46   0  19   0    T  0.0    0 17.9 28 230   M    M   9 1      34 230
 9  56  38  47   1  18   0 0.00  0.0    0  8.6 18 200   M    M   8        23 190
10  54  40  47   1  18   0 0.13  0.0    0  9.1 20 230   M    M   8 1      23 260
11  55  39  47   1  18   0 0.08  0.0    0  9.7 21 220   M    M   8 1      25 220
12  51  35  43  -3  22   0 0.31    T    0 19.9 33 240   M    M   8 15     43 240
13  45  32  39  -7  26   0 0.07  0.0    0 12.8 22 200   M    M   8 1      27 210
14  52  41  47   1  18   0    T  0.0    0 12.5 21 200   M    M   8        27 210
15  56  42  49   2  16   0 0.39  0.0    0  9.1 17 280   M    M   9 1      20 270
16  48  36  42  -5  23   0 0.07  0.0    0 17.7 32 220   M    M   8 1      37 230
17  52  36  44  -3  21   0    T    T    0 18.3 32 250   M    M   7 1      39 250
18  55  32  44  -3  21   0 0.00  0.0    0  6.9 14  20   M    M   6        17  30
19  62  33  48   0  17   0 0.00  0.0    0  7.4 16 260   M    M   2        19 260
20  61  38  50   2  15   0    T  0.0    0  9.7 17 230   M    M   5        21 230
21  58  38  48   0  17   0    T    M    0 18.3 35 240   M    M   6        42 230
================================================================================
SM 1085  753       441   0  1.96    T    252.7          M      161
================================================================================
AV 51.7 35.9                              12.0 FASTST   M    M   8    MAX(MPH)
                                 MISC ---->  # 35 240               # 43  240
================================================================================
NOTES:
# LAST OF SEVERAL OCCURRENCES

COLUMN 17 PEAK WIND IN M.P.H.

PRELIMINARY LOCAL CLIMATOLOGICAL DATA (WS FORM: F-6) , PAGE 2

                                          STATION:  SPOKANE WA AIRPORT
                                          MONTH:    APRIL
                                          YEAR:     2018
                                          LATITUDE:   47 37 N
                                          LONGITUDE: 117 32 W

[TEMPERATURE DATA]      [PRECIPITATION DATA]       SYMBOLS USED IN COLUMN 16

AVERAGE MONTHLY: 43.8   TOTAL FOR MONTH:   1.96    1 = FOG OR MIST
DPTR FM NORMAL:  -2.3   DPTR FM NORMAL:    1.03    2 = FOG REDUCING VISIBILITY
HIGHEST:    62 ON 19    GRTST 24HR  0.45 ON  5- 5      TO 1/4 MILE OR LESS
LOWEST:     27 ON  2                               3 = THUNDER
                        SNOW, ICE PELLETS, HAIL    4 = ICE PELLETS
                        TOTAL MONTH:    T          5 = HAIL
                        GRTST 24HR    T  ON 17-17  6 = FREEZING RAIN OR DRIZZLE
                        GRTST DEPTH:   0           7 = DUSTSTORM OR SANDSTORM:
                                                       VSBY 1/2 MILE OR LESS
                                                   8 = SMOKE OR HAZE
[NO. OF DAYS WITH]      [WEATHER - DAYS WITH]      9 = BLOWING SNOW
                                                   X = TORNADO
MAX 32 OR BELOW:   0    0.01 INCH OR MORE:   9
MAX 90 OR ABOVE:   0    0.10 INCH OR MORE:   5
MIN 32 OR BELOW:   5    0.50 INCH OR MORE:   0
MIN  0 OR BELOW:   0    1.00 INCH OR MORE:   0

[HDD (BASE 65) ]
TOTAL THIS MO.   441    CLEAR  (SCALE 0-3)   1
DPTR FM NORMAL    43    PTCLDY (SCALE 4-7)   9
TOTAL FM JUL 1  5871    CLOUDY (SCALE 8-10) 11
DPTR FM NORMAL  -123

[CDD (BASE 65) ]
TOTAL THIS MO.     0
DPTR FM NORMAL     0    [PRESSURE DATA]
TOTAL FM JAN 1     0    HIGHEST SLP M ON M
DPTR FM NORMAL     0    LOWEST  SLP 29.36 ON  7

[REMARKS]
