128
CXUS55 KBOU 231255
CF6GXY
PRELIMINARY LOCAL CLIMATOLOGICAL DATA (WS FORM: F-6)

                                          STATION:   GREELEY  CO
                                          MONTH:     APRIL
                                          YEAR:      2018
                                          LATITUDE:   40 25 N
                                          LONGITUDE: 104 38 W

  TEMPERATURE IN F:       :PCPN:    SNOW:  WIND      :SUNSHINE: SKY     :PK WND
================================================================================
1   2   3   4   5  6A  6B    7    8   9   10  11  12  13   14  15   16   17  18
                                     12Z  AVG MX 2MIN
DY MAX MIN AVG DEP HDD CDD  WTR  SNW DPTH SPD SPD DIR MIN PSBL S-S WX    SPD DR
================================================================================

 1  54  23  39   M  26   0    M    M    M  7.3 14 150   M    M   5 1       M  M
 2  73  23  48   M  17   0    M    M    M  7.3 29  20   M    M   1        37  20
 3  51  27  39   M  26   0    M    M    M 23.7 45 330   M    M   0        59 330
 4  63  17  40   M  25   0    M    M    M  4.6 10 140   M    M   1         M  M
 5  67  24  46   M  19   0    M    M    M  6.5 15  50   M    M   1         M  M
 6   M   M   M   M   M   M    M    M    M 12.1 18  60   M    M   9 1      24  90
 7  52  20  36   M  29   0    M    M    M  5.4 12 100   M    M   2         M  M
 8  65  41  53   M  12   0    M    M    M 23.0 33 330   M    M   2        45 320
 9  57  33  45   M  20   0    M    M    M  6.9 12  90   M    M   4 1       M  M
10  73  26  50   M  15   0    M    M    M  3.8 10 130   M    M   0         M  M
11  82  40  61   M   4   0    M    M    M  9.4 22 280   M    M   0        37 260
12  78  40  59   M   6   0    M    M    M 11.5 33 340   M    M   1        51 330
13  47  31  39   M  26   0    M    M    M 29.3 41 350   M    M   5        51 360
14  60  28  44   M  21   0    M    M    M 21.2 40 340   M    M   3        51 350
15  65  24  45   M  20   0    M    M    M  6.8 14 100   M    M   1        20 180
16  70  27  49   M  16   0    M    M    M  6.5 15 130   M    M   0         M  M
17  73  27  50   M  15   0    M    M    M 15.9 36 310   M    M   0 8      54 320
18  59  28  44   M  21   0    M    M    M 12.0 25 320   M    M   0 8      35 330
19  71  25  48   M  17   0    M    M    M 14.2 25 150   M    M   0 8      37 140
20  61  34  48   M  17   0    M    M    M 21.7 32 120   M    M   6 1      40 120
21  47  32  40   M  25   0    M    M    M  5.1 10 230   M    M   8 1       M  M
22  68  29  49   M  16   0    M    M    M  4.9 12 130   M    M   2 12      M  M
================================================================================
SM 1336  599       393   0    M     M    259.1          M       51
================================================================================
AV 63.6 28.5                              11.8 FASTST   M    M   2    MAX(MPH)
                                 MISC ---->  # 45 330               # 59  330
================================================================================
NOTES:
# LAST OF SEVERAL OCCURRENCES

COLUMN 17 PEAK WIND IN M.P.H.

PRELIMINARY LOCAL CLIMATOLOGICAL DATA (WS FORM: F-6) , PAGE 2

                                          STATION:  GREELEY  CO
                                          MONTH:    APRIL
                                          YEAR:     2018
                                          LATITUDE:   40 25 N
                                          LONGITUDE: 104 38 W

[TEMPERATURE DATA]      [PRECIPITATION DATA]       SYMBOLS USED IN COLUMN 16

AVERAGE MONTHLY: 46.1   TOTAL FOR MONTH:      M    1 = FOG OR MIST
DPTR FM NORMAL:     M   DPTR FM NORMAL:       M    2 = FOG REDUCING VISIBILITY
HIGHEST:    82 ON 11    GRTST 24HR    T  ON 31- 1      TO 1/4 MILE OR LESS
LOWEST:     17 ON  4                               3 = THUNDER
                        SNOW, ICE PELLETS, HAIL    4 = ICE PELLETS
                        TOTAL MONTH:    M          5 = HAIL
                        GRTST 24HR    M  ON   M    6 = FREEZING RAIN OR DRIZZLE
                        GRTST DEPTH:  M  ON   M    7 = DUSTSTORM OR SANDSTORM:
                                                       VSBY 1/2 MILE OR LESS
                                                   8 = SMOKE OR HAZE
[NO. OF DAYS WITH]      [WEATHER - DAYS WITH]      9 = BLOWING SNOW
                                                   X = TORNADO
MAX 32 OR BELOW:   0    0.01 INCH OR MORE:   0
MAX 90 OR ABOVE:   0    0.10 INCH OR MORE:   0
MIN 32 OR BELOW:  16    0.50 INCH OR MORE:   0
MIN  0 OR BELOW:   0    1.00 INCH OR MORE:   0

[HDD (BASE 65) ]
TOTAL THIS MO.   393    CLEAR  (SCALE 0-3)  16
DPTR FM NORMAL     M    PTCLDY (SCALE 4-7)   4
TOTAL FM JUL 1  5716    CLOUDY (SCALE 8-10)  2
DPTR FM NORMAL     M

[CDD (BASE 65) ]
TOTAL THIS MO.     0
DPTR FM NORMAL     M    [PRESSURE DATA]
TOTAL FM JAN 1     0    HIGHEST SLP M ON M
DPTR FM NORMAL     M    LOWEST  SLP 29.14 ON 12

[REMARKS]
