000
CXUS52 KGSP 252139
CF6HKY
PRELIMINARY LOCAL CLIMATOLOGICAL DATA (WS FORM: F-6)

                                          STATION:   HICKORY NC
                                          MONTH:     APRIL
                                          YEAR:      2018
                                          LATITUDE:   35 45 N
                                          LONGITUDE:  81 23 W

  TEMPERATURE IN F:       :PCPN:    SNOW:  WIND      :SUNSHINE: SKY     :PK WND
================================================================================
1   2   3   4   5  6A  6B    7    8   9   10  11  12  13   14  15   16   17  18
                                     12Z  AVG MX 2MIN
DY MAX MIN AVG DEP HDD CDD  WTR  SNW DPTH SPD SPD DIR MIN PSBL S-S WX    SPD DR
================================================================================

 1  73  40  57   3   8   0 0.00    M    M  3.8 16 270   M    M   1        21 290
 2  78  55  67  12   0   2 0.00    M    M  4.6 15  60   M    M   1        17  60
 3  75  44  60   5   5   0 0.00    M    M  6.9 22 200   M    M   3        32 200
 4  67  43  55   0  10   0 0.06    M    M 10.8 23 310   M    M   2 3      33 290
 5  61  35  48  -8  17   0 0.00    M    M  4.2 12 190   M    M   0        16 180
 6  66  41  54  -2  11   0 0.10    M    M  7.1 21 220   M    M   5        30 210
 7  57  37  47  -9  18   0 0.37    M    M  5.8 16  50   M    M  10 1      23  50
 8  51  30  41 -15  24   0 0.00    M    M  4.0 10  20   M    M   2        16  10
 9  50  41  46 -11  19   0 0.04    M    M  2.4  9 310   M    M   8 1      11 320
10  65  43  54  -3  11   0 0.00    M    M  3.8 10 330   M    M   4        16 280
11  68  42  55  -2  10   0 0.00    M    M  5.2 15 360   M    M   2        21  10
12  73  42  58   0   7   0 0.00    M    M  7.6 20 210   M    M   0        31 200
13  76  52  64   6   1   0 0.00    M    M 10.6 21 200   M    M   0        31 210
14  78  57  68  10   0   3 0.00    M    M  8.2 20 220   M    M   3        28 240
15  71  52  62   4   3   0 2.01    M    M  7.4 22 240   M    M   9 13     30 190
16  55  33  44 -15  21   0 0.00    M    M 11.9 24 300   M    M   7 8      36 300
17  73  31  52  -7  13   0 0.00    M    M  8.3 20 280   M    M   1        28 290
18  81  51  66   7   0   1 0.00    M    M 10.6 23 190   M    M   0        32 220
19  68  40  54  -5  11   0 0.00    M    M 10.3 23 300   M    M   1        32 280
20  67  32  50 -10  15   0 0.00    M    M  1.4  9 280   M    M   0        13  50
21  67  38  53  -7  12   0 0.00    M    M  3.1 10 210   M    M   0        13 210
22  65  42  54  -6  11   0 0.00    M    M  1.4  9 210   M    M   5        14  90
23  58  51  55  -5  10   0 2.13    M    M  8.7 17  60   M    M  10 1      25  90
24  61  52  57  -4   8   0 1.68    M    M  6.9 15  70   M    M  10 1      21  70
================================================================================
SM 1604 1024       245   6  6.39    M    155.0          M       84
================================================================================
AV 66.8 42.7                               6.5 FASTST   M    M   4    MAX(MPH)
                                 MISC ---->  # 24 300               # 36  300
================================================================================
NOTES:
# LAST OF SEVERAL OCCURRENCES

COLUMN 17 PEAK WIND IN M.P.H.

PRELIMINARY LOCAL CLIMATOLOGICAL DATA (WS FORM: F-6) , PAGE 2

                                          STATION:  HICKORY NC
                                          MONTH:    APRIL
                                          YEAR:     2018
                                          LATITUDE:   35 45 N
                                          LONGITUDE:  81 23 W

[TEMPERATURE DATA]      [PRECIPITATION DATA]       SYMBOLS USED IN COLUMN 16

AVERAGE MONTHLY: 54.8   TOTAL FOR MONTH:   6.39    1 = FOG OR MIST
DPTR FM NORMAL:  -2.9   DPTR FM NORMAL:    3.36    2 = FOG REDUCING VISIBILITY
HIGHEST:    81 ON 18    GRTST 24HR  2.13 ON 23-23      TO 1/4 MILE OR LESS
LOWEST:     30 ON  8                               3 = THUNDER
                        SNOW, ICE PELLETS, HAIL    4 = ICE PELLETS
                        TOTAL MONTH:    M          5 = HAIL
                        GRTST 24HR    M  ON   M    6 = FREEZING RAIN OR DRIZZLE
                        GRTST DEPTH:  M  ON   M    7 = DUSTSTORM OR SANDSTORM:
                                                       VSBY 1/2 MILE OR LESS
                                                   8 = SMOKE OR HAZE
[NO. OF DAYS WITH]      [WEATHER - DAYS WITH]      9 = BLOWING SNOW
                                                   X = TORNADO
MAX 32 OR BELOW:   0    0.01 INCH OR MORE:   7
MAX 90 OR ABOVE:   0    0.10 INCH OR MORE:   5
MIN 32 OR BELOW:   3    0.50 INCH OR MORE:   3
MIN  0 OR BELOW:   0    1.00 INCH OR MORE:   3

[HDD (BASE 65) ]
TOTAL THIS MO.   245    CLEAR  (SCALE 0-3)  15
DPTR FM NORMAL    51    PTCLDY (SCALE 4-7)   4
TOTAL FM JUL 1  3494    CLOUDY (SCALE 8-10)  5
DPTR FM NORMAL   -27

[CDD (BASE 65) ]
TOTAL THIS MO.     6
DPTR FM NORMAL   -14    [PRESSURE DATA]
TOTAL FM JAN 1     9    HIGHEST SLP M ON M
DPTR FM NORMAL   -14    LOWEST  SLP 29.50 ON 15

[REMARKS]
