000
CXUS53 KDLH 200645
CF6INL
PRELIMINARY LOCAL CLIMATOLOGICAL DATA (WS FORM: F-6)

                                          STATION:   INTERNATIONAL FALLS
                                          MONTH:     APRIL
                                          YEAR:      2018
                                          LATITUDE:   48 34 N
                                          LONGITUDE:  93 23 W

  TEMPERATURE IN F:       :PCPN:    SNOW:  WIND      :SUNSHINE: SKY     :PK WND
================================================================================
1   2   3   4   5  6A  6B    7    8   9   10  11  12  13   14  15   16   17  18
                                     12Z  AVG MX 2MIN
DY MAX MIN AVG DEP HDD CDD  WTR  SNW DPTH SPD SPD DIR MIN PSBL S-S WX    SPD DR
================================================================================

 1  30   6  18 -14  47   0    T    T   10 11.7 22 280   M    M   4 8      33 250
 2  22  10  16 -16  49   0    T    T   10  6.1 12 360   M    M   3        17 240
 3  22   3  13 -20  52   0    T    T   10  7.8 14 340   M    M   0        19 340
 4  30  -4  13 -21  52   0 0.05  1.3   10  6.7 17 310   M    M   6 18     23 270
 5  29   3  16 -18  49   0 0.00  0.0   11  8.2 18 310   M    M   6 12     25 330
 6  19   6  13 -21  52   0    T    T   11 15.4 26 300   M    M   6 8      34 280
 7  25   3  14 -21  51   0 0.00  0.0   11  8.3 18 280   M    M   0        24 270
 8  34  -3  16 -20  49   0 0.00  0.0   11  1.9  9  40   M    M   0        13  70
 9  33   5  19 -17  46   0 0.00  0.0   10  6.0 15 300   M    M   0        21 290
10  33  11  22 -15  43   0 0.01  0.2   10  5.8 13 210   M    M   7 18     16 220
11  42  19  31  -6  34   0    T    T   10  4.3 10 270   M    M   3        15 270
12  40  22  31  -7  34   0    T    T   10  5.8 14 360   M    M   5 18     17  30
13  34  20  27 -11  38   0 0.00  0.0    9  9.7 17  40   M    M   0        23  40
14  33  19  26 -13  39   0 0.00  0.0    8 11.5 21  90   M    M   0        29  70
15  33  19  26 -13  39   0 0.01  0.1    8 10.9 18  70   M    M   4 18     26  60
16  35  22  29 -11  36   0 0.21  1.8   10 10.5 22 360   M    M   6 18     32 350
17  49  24  37  -3  28   0 0.00  0.0    9  8.0 16  60   M    M   0        25  50
18  48  25  37  -4  28   0 0.00  0.0    7  7.4 17  20   M    M   0        23  20
19  55  18  37  -4  28   0 0.00  0.0    4  2.3 10 330   M    M   0        13 250
================================================================================
SM  646  228       794   0  0.28     3.4 148.3          M       50
================================================================================
AV 34.0 12.0                               7.8 FASTST   M    M   3    MAX(MPH)
                                 MISC ---->  # 26 300               # 34  280
================================================================================
NOTES:
# LAST OF SEVERAL OCCURRENCES

COLUMN 17 PEAK WIND IN M.P.H.

PRELIMINARY LOCAL CLIMATOLOGICAL DATA (WS FORM: F-6) , PAGE 2

                                          STATION:  INTERNATIONAL FALLS
                                          MONTH:    APRIL
                                          YEAR:     2018
                                          LATITUDE:   48 34 N
                                          LONGITUDE:  93 23 W

[TEMPERATURE DATA]      [PRECIPITATION DATA]       SYMBOLS USED IN COLUMN 16

AVERAGE MONTHLY: 23.0   TOTAL FOR MONTH:   0.28    1 = FOG OR MIST
DPTR FM NORMAL: -13.6   DPTR FM NORMAL:   -0.59    2 = FOG REDUCING VISIBILITY
HIGHEST:    55 ON 19    GRTST 24HR  0.21 ON 16-16      TO 1/4 MILE OR LESS
LOWEST:     -4 ON  4                               3 = THUNDER
                        SNOW, ICE PELLETS, HAIL    4 = ICE PELLETS
                        TOTAL MONTH:   3.4 INCHES  5 = HAIL
                        GRTST 24HR   1.8 ON 16-16  6 = FREEZING RAIN OR DRIZZLE
                        GRTST DEPTH:  11 ON  8, 7  7 = DUSTSTORM OR SANDSTORM:
                                                       VSBY 1/2 MILE OR LESS
                                                   8 = SMOKE OR HAZE
[NO. OF DAYS WITH]      [WEATHER - DAYS WITH]      9 = BLOWING SNOW
                                                   X = TORNADO
MAX 32 OR BELOW:   7    0.01 INCH OR MORE:   4
MAX 90 OR ABOVE:   0    0.10 INCH OR MORE:   1
MIN 32 OR BELOW:  19    0.50 INCH OR MORE:   0
MIN  0 OR BELOW:   2    1.00 INCH OR MORE:   0

[HDD (BASE 65) ]
TOTAL THIS MO.   794    CLEAR  (SCALE 0-3)  10
DPTR FM NORMAL   255    PTCLDY (SCALE 4-7)   9
TOTAL FM JUL 1  9845    CLOUDY (SCALE 8-10)  0
DPTR FM NORMAL   440

[CDD (BASE 65) ]
TOTAL THIS MO.     0
DPTR FM NORMAL     0    [PRESSURE DATA]
TOTAL FM JAN 1     0    HIGHEST SLP M ON M
DPTR FM NORMAL     0    LOWEST  SLP 29.67 ON 12

[REMARKS]
