000
CXUS55 KFSD 250905
CF6MHE
PRELIMINARY LOCAL CLIMATOLOGICAL DATA (WS FORM: F-6)

                                          STATION:   MITCHELL SD
                                          MONTH:     APRIL
                                          YEAR:      2018
                                          LATITUDE:   43 46 N
                                          LONGITUDE:  98  2 W

  TEMPERATURE IN F:       :PCPN:    SNOW:  WIND      :SUNSHINE: SKY     :PK WND
================================================================================
1   2   3   4   5  6A  6B    7    8   9   10  11  12  13   14  15   16   17  18
                                     12Z  AVG MX 2MIN
DY MAX MIN AVG DEP HDD CDD  WTR  SNW DPTH SPD SPD DIR MIN PSBL S-S WX    SPD DR
================================================================================

 1  39  16  28 -13  37   0 0.00  0.0    0  8.1 15 280   M    M   1        23 280
 2  42  28  35  -6  30   0 0.01  0.1    0 14.8 29 150   M    M   6 1      36 130
 3  32  10  21 -21  44   0 0.09  1.2    1 17.5 31 340   M    M   7 19     44  10
 4  33   9  21 -21  44   0 0.00  0.0    T  9.5 21 160   M    M   1        29 150
 5  47  22  35  -8  30   0    T  0.0    T  8.9 32 350   M    M   3        39 340
 6  28  13  21 -22  44   0 0.00  0.0    T 17.3 32 350   M    M   5        43 350
 7  40  12  26 -18  39   0 0.00  0.0    0  6.4 16 210   M    M   1        21 150
 8  33  28  31 -13  34   0 0.18  2.0    T 18.2 32 130   M    M   9 126    42 140
 9  36  29  33 -12  32   0 0.00  0.0    2  4.8  9 190   M    M  10        13 180
10  64  26  45   0  20   0 0.00  0.0    2  7.4 17 310   M    M   1        22 270
11  55  35  45  -1  20   0 0.00  0.0    0  9.3 21 120   M    M   1 1      26 130
12  61  32  47   1  18   0 0.00  0.0    0 11.0 23  70   M    M   3 12     31  60
13  43  27  35 -12  30   0 0.41  3.7    4 27.4 44  20   M    M  10 123    60  10
14  29  24  27 -20  38   0 0.65 12.5   10 23.6 43  10   M    M  10 1238   57  10
15  33  20  27 -21  38   0    T    T   16 14.3 22 360   M    M  10 1      27 350
16  35  18  27 -21  38   0 0.00  0.0   15  5.9 12 360   M    M   2         M  M
17  39  20  30 -19  35   0 0.00  0.0    M 11.4 21  60   M    M   2        26  60
18  39  31  35 -14  30   0 0.20    M    M 11.5 24 300   M    M   9 12     31 350
19  46  21  34 -16  31   0 0.00  0.0    M  5.3 13 140   M    M   0 12     15 140
20  45  28  37 -13  28   0    T  0.0    2  9.1 14 140   M    M   3        18 140
21  48  37  43  -7  22   0 0.00  0.0    1  5.4 10 110   M    M   8 1      13 120
22  63  37  50  -1  15   0 0.00  0.0    0  7.3 21 130   M    M   3        28 130
23  70  37  54   3  11   0 0.00  0.0    0  7.2 14 130   M    M   4 1      22 170
24  56  37  47  -5  18   0 0.02  0.0    0 11.7 25  50   M    M   9 1      33  40
================================================================================
SM 1056  597       726   0  1.56    19.5 273.3          M      118
================================================================================
AV 44.0 24.9                              11.4 FASTST   M    M   5    MAX(MPH)
                                 MISC ---->  # 44  20               # 60   10
================================================================================
NOTES:
# LAST OF SEVERAL OCCURRENCES

COLUMN 17 PEAK WIND IN M.P.H.

PRELIMINARY LOCAL CLIMATOLOGICAL DATA (WS FORM: F-6) , PAGE 2

                                          STATION:  MITCHELL SD
                                          MONTH:    APRIL
                                          YEAR:     2018
                                          LATITUDE:   43 46 N
                                          LONGITUDE:  98  2 W

[TEMPERATURE DATA]      [PRECIPITATION DATA]       SYMBOLS USED IN COLUMN 16

AVERAGE MONTHLY: 34.4   TOTAL FOR MONTH:   1.56    1 = FOG OR MIST
DPTR FM NORMAL: -12.0   DPTR FM NORMAL:   -0.03    2 = FOG REDUCING VISIBILITY
HIGHEST:    70 ON 23    GRTST 24HR  0.65 ON 14-14      TO 1/4 MILE OR LESS
LOWEST:      9 ON  4                               3 = THUNDER
                        SNOW, ICE PELLETS, HAIL    4 = ICE PELLETS
                        TOTAL MONTH:  19.5 INCHES  5 = HAIL
                        GRTST 24HR  12.5 ON 14-14  6 = FREEZING RAIN OR DRIZZLE
                        GRTST DEPTH:  16 ON 15     7 = DUSTSTORM OR SANDSTORM:
                                                       VSBY 1/2 MILE OR LESS
                                                   8 = SMOKE OR HAZE
[NO. OF DAYS WITH]      [WEATHER - DAYS WITH]      9 = BLOWING SNOW
                                                   X = TORNADO
MAX 32 OR BELOW:   3    0.01 INCH OR MORE:   7
MAX 90 OR ABOVE:   0    0.10 INCH OR MORE:   4
MIN 32 OR BELOW:  19    0.50 INCH OR MORE:   1
MIN  0 OR BELOW:   0    1.00 INCH OR MORE:   0

[HDD (BASE 65) ]
TOTAL THIS MO.   726    CLEAR  (SCALE 0-3)  10
DPTR FM NORMAL   280    PTCLDY (SCALE 4-7)   7
TOTAL FM JUL 1  7263    CLOUDY (SCALE 8-10)  7
DPTR FM NORMAL   337

[CDD (BASE 65) ]
TOTAL THIS MO.     0
DPTR FM NORMAL     0    [PRESSURE DATA]
TOTAL FM JAN 1     0    HIGHEST SLP M ON M
DPTR FM NORMAL     0    LOWEST  SLP 29.59 ON 13

[REMARKS]
