000
CXUS52 KMHX 200700
CF6MRH
PRELIMINARY LOCAL CLIMATOLOGICAL DATA (WS FORM: F-6)

                                          STATION:   BEAUFORT/SMITH FIELD NC
                                          MONTH:     APRIL
                                          YEAR:      2018
                                          LATITUDE:   34 43 N
                                          LONGITUDE:  76 39 W

  TEMPERATURE IN F:       :PCPN:    SNOW:  WIND      :SUNSHINE: SKY     :PK WND
================================================================================
1   2   3   4   5  6A  6B    7    8   9   10  11  12  13   14  15   16   17  18
                                     12Z  AVG MX 2MIN
DY MAX MIN AVG DEP HDD CDD  WTR  SNW DPTH SPD SPD DIR MIN PSBL S-S WX    SPD DR
================================================================================

 1  69  41  55  -2  10   0 0.00  0.0    0  5.7 15 200   M    M   1 12     18 200
 2  70  52  61   4   4   0 0.00  0.0    0 10.3 21 210   M    M   2 1      26 220
 3  75  52  64   6   1   0 0.00  0.0    0 11.2 18 190   M    M   5 12     24 210
 4  71  56  64   6   1   0 0.15  0.0    0 16.4 26 210   M    M   3 1      35 220
 5  59  42  51  -7  14   0 0.00  0.0    0  8.5 18  20   M    M   0        23 340
 6  68  42  55  -3  10   0    T  0.0    0  9.0 17 200   M    M   2        23 200
 7  71  44  58  -1   7   0 1.35    M    0 12.8 24  10   M    M   9 13     32  20
 8  53  38  46 -13  19   0 0.20    M    0 10.0 24 360   M    M   4 1      32 360
 9  53  43  48 -11  17   0 0.23  0.0    0  8.6 18  30   M    M   7 1      27  20
10  53  47  50 -10  15   0    T  0.0    0 11.0 21  10   M    M   7 1      27  20
11  61  43  52  -8  13   0 0.00  0.0    0  8.2 18  20   M    M   0        27  30
12  66  41  54  -6  11   0 0.00  0.0    0  6.6 14 230   M    M   0 1      17 230
13  72  59  66   6   0   1 0.00  0.0    0 11.9 21 190   M    M   1        27 200
14  76  61  69   8   0   4    T  0.0    0 10.0 20 190   M    M   4 1      25 190
15  74  64  69   8   0   4 0.22  0.0    0 14.0 25 180   M    M   7 1      31 140
16  69  53  61   0   4   0 0.80  0.0    0 22.1 33 220   M    M   5 13     45 220
17  61  42  52 -10  13   0 0.00  0.0    0 17.2 29 320   M    M   1        37 320
18  69  59  64   2   1   0 0.00  0.0    0 16.1 25 230   M    M   0        33 230
19  71  53  62   0   3   0 0.00  0.0    0 20.8 29 220   M    M   2        37 220
================================================================================
SM 1261  932       143   9  2.95     0.0 230.4          M       60
================================================================================
AV 66.4 49.1                              12.1 FASTST   M    M   3    MAX(MPH)
                                 MISC ---->  # 33 220               # 45  220
================================================================================
NOTES:
# LAST OF SEVERAL OCCURRENCES

COLUMN 17 PEAK WIND IN M.P.H.

PRELIMINARY LOCAL CLIMATOLOGICAL DATA (WS FORM: F-6) , PAGE 2

                                          STATION:  BEAUFORT/SMITH FIELD NC
                                          MONTH:    APRIL
                                          YEAR:     2018
                                          LATITUDE:   34 43 N
                                          LONGITUDE:  76 39 W

[TEMPERATURE DATA]      [PRECIPITATION DATA]       SYMBOLS USED IN COLUMN 16

AVERAGE MONTHLY: 57.7   TOTAL FOR MONTH:   2.95    1 = FOG OR MIST
DPTR FM NORMAL:  -1.9   DPTR FM NORMAL:    0.80    2 = FOG REDUCING VISIBILITY
HIGHEST:    76 ON 14    GRTST 24HR  1.35 ON  7- 7      TO 1/4 MILE OR LESS
LOWEST:     38 ON  8                               3 = THUNDER
                        SNOW, ICE PELLETS, HAIL    4 = ICE PELLETS
                        TOTAL MONTH:   0.0 INCH    5 = HAIL
                        GRTST 24HR     0.0         6 = FREEZING RAIN OR DRIZZLE
                        GRTST DEPTH:   0           7 = DUSTSTORM OR SANDSTORM:
                                                       VSBY 1/2 MILE OR LESS
                                                   8 = SMOKE OR HAZE
[NO. OF DAYS WITH]      [WEATHER - DAYS WITH]      9 = BLOWING SNOW
                                                   X = TORNADO
MAX 32 OR BELOW:   0    0.01 INCH OR MORE:   6
MAX 90 OR ABOVE:   0    0.10 INCH OR MORE:   6
MIN 32 OR BELOW:   0    0.50 INCH OR MORE:   2
MIN  0 OR BELOW:   0    1.00 INCH OR MORE:   1

[HDD (BASE 65) ]
TOTAL THIS MO.   143    CLEAR  (SCALE 0-3)  11
DPTR FM NORMAL    26    PTCLDY (SCALE 4-7)   7
TOTAL FM JUL 1  2466    CLOUDY (SCALE 8-10)  1
DPTR FM NORMAL   -24

[CDD (BASE 65) ]
TOTAL THIS MO.     9
DPTR FM NORMAL    -4    [PRESSURE DATA]
TOTAL FM JAN 1    28    HIGHEST SLP M ON M
DPTR FM NORMAL    13    LOWEST  SLP 29.62 ON 16

[REMARKS]
