000
CXUS55 KBOI 261002
CF6MYL
PRELIMINARY LOCAL CLIMATOLOGICAL DATA (WS FORM: F-6)

                                          STATION:   MCCALL ID
                                          MONTH:     MAY
                                          YEAR:      2018
                                          LATITUDE:   44 52 N
                                          LONGITUDE: 116  6 W

  TEMPERATURE IN F:       :PCPN:    SNOW:  WIND      :SUNSHINE: SKY     :PK WND
================================================================================
1   2   3   4   5  6A  6B    7    8   9   10  11  12  13   14  15   16   17  18
                                     12Z  AVG MX 2MIN
DY MAX MIN AVG DEP HDD CDD  WTR  SNW DPTH SPD SPD DIR MIN PSBL S-S WX    SPD DR
================================================================================

 1  50  30  40  -2  25   0    T    M    M  9.5 20 340   M    M   5        29  10
 2  58  36  47   5  18   0 0.00    M    M  9.0 18 350   M    M   0        24  10
 3  67  30  49   7  16   0 0.00    M    M  3.8 12 340   M    M   0        16 330
 4  72  37  55  12  10   0 0.01    M    M  5.2 17 180   M    M   0        23 160
 5  71  41  56  13   9   0 0.01    M    M  4.0 18  40   M    M   3        23  40
 6  74  43  59  16   6   0    T    M    M  4.8 17 260   M    M   2        25 270
 7  65  35  50   6  15   0 0.00    M    M  4.6 14 310   M    M   2        18 310
 8  73  36  55  11  10   0    T    M    M  2.6  7 300   M    M   0         M  M
 9  69  41  55  11  10   0 0.07    M    M  5.3 22 300   M    M   3        30 310
10  58  35  47   3  18   0 0.05    M    M  5.8 22 280   M    M   5 123    32 290
11  51  37  44  -1  21   0 0.00    M    M 12.8 25 350   M    M   7        34 350
12  64  44  54   9  11   0 0.00    M    M 12.5 21 350   M    M   4        31 330
13  61  43  52   7  13   0 0.02    M    M  6.9 16 170   M    M   7 1      19 180
14  73  34  54   8  11   0 0.00    M    M  4.4 12 360   M    M   3        16 330
15  74  39  57  11   8   0 0.10    M    M  5.5 26 140   M    M   4 3      35 130
16  64  46  55   9  10   0 0.21    M    M  3.2 14 280   M    M   6 18     16 290
17  63  42  53   7  12   0 0.12    M    M  4.7 16 300   M    M   6 1      20 300
18  56  41  49   2  16   0 0.02    M    M  4.1 15 350   M    M   7 3      19 340
19  66  33  50   3  15   0    T    M    M  2.8  9 180   M    M   4 12     12 220
20  65  46  56   9   9   0 0.26    M    M  5.2 14  90   M    M   9 1      18 100
21  68  49  59  12   6   0    T    M    M  6.0 16 350   M    M   8        23 350
22  72  45  59  11   6   0 0.42    M    M  4.6 23 110   M    M   3 13     30 110
23  67  41  54   6  11   0 0.01    M    M  2.8 15 280   M    M   5 123    21 280
24  69  50  60  12   5   0 0.06    M    M  4.6 13 290   M    M   8        15 290
25  76  43  60  12   5   0 0.54    M    M  4.1 26 170   M    M   2 13     36 170
================================================================================
SM 1646  997       296   0  1.90    M    138.8          M      103
================================================================================
AV 65.8 39.9                               5.6 FASTST   M    M   4    MAX(MPH)
                                 MISC ---->  # 26 140               # 36  170
================================================================================
NOTES:
# LAST OF SEVERAL OCCURRENCES

COLUMN 17 PEAK WIND IN M.P.H.

PRELIMINARY LOCAL CLIMATOLOGICAL DATA (WS FORM: F-6) , PAGE 2

                                          STATION:  MCCALL ID
                                          MONTH:    MAY
                                          YEAR:     2018
                                          LATITUDE:   44 52 N
                                          LONGITUDE: 116  6 W

[TEMPERATURE DATA]      [PRECIPITATION DATA]       SYMBOLS USED IN COLUMN 16

AVERAGE MONTHLY: 52.9   TOTAL FOR MONTH:   1.90    1 = FOG OR MIST
DPTR FM NORMAL:   7.7   DPTR FM NORMAL:    0.14    2 = FOG REDUCING VISIBILITY
HIGHEST:    76 ON 25    GRTST 24HR  0.54 ON 25-25      TO 1/4 MILE OR LESS
LOWEST:     30 ON  3, 1                            3 = THUNDER
                        SNOW, ICE PELLETS, HAIL    4 = ICE PELLETS
                        TOTAL MONTH:    M          5 = HAIL
                        GRTST 24HR    M  ON   M    6 = FREEZING RAIN OR DRIZZLE
                        GRTST DEPTH:  M  ON   M    7 = DUSTSTORM OR SANDSTORM:
                                                       VSBY 1/2 MILE OR LESS
                                                   8 = SMOKE OR HAZE
[NO. OF DAYS WITH]      [WEATHER - DAYS WITH]      9 = BLOWING SNOW
                                                   X = TORNADO
MAX 32 OR BELOW:   0    0.01 INCH OR MORE:  14
MAX 90 OR ABOVE:   0    0.10 INCH OR MORE:   6
MIN 32 OR BELOW:   2    0.50 INCH OR MORE:   1
MIN  0 OR BELOW:   0    1.00 INCH OR MORE:   0

[HDD (BASE 65) ]
TOTAL THIS MO.   296    CLEAR  (SCALE 0-3)  10
DPTR FM NORMAL  -200    PTCLDY (SCALE 4-7)  14
TOTAL FM JUL 1  7980    CLOUDY (SCALE 8-10)  1
DPTR FM NORMAL -1151

[CDD (BASE 65) ]
TOTAL THIS MO.     0
DPTR FM NORMAL     0    [PRESSURE DATA]
TOTAL FM JAN 1     0    HIGHEST SLP M ON M
DPTR FM NORMAL     0    LOWEST  SLP 29.57 ON 25

[REMARKS]
