410
CXUS53 KARX 240930
CF6OLZ
PRELIMINARY LOCAL CLIMATOLOGICAL DATA (WS FORM: F-6)

                                          STATION:   OELWEIN IA
                                          MONTH:     APRIL
                                          YEAR:      2018
                                          LATITUDE:   42 40 N
                                          LONGITUDE:  91 58 W

  TEMPERATURE IN F:       :PCPN:    SNOW:  WIND      :SUNSHINE: SKY     :PK WND
================================================================================
1   2   3   4   5  6A  6B    7    8   9   10  11  12  13   14  15   16   17  18
                                     12Z  AVG MX 2MIN
DY MAX MIN AVG DEP HDD CDD  WTR  SNW DPTH SPD SPD DIR MIN PSBL S-S WX    SPD DR
================================================================================

 1  34  18  26   M  39   0 0.00  0.0    0 10.6 18 330   M    M   0        20 310
 2  39  18  29   M  36   0 0.00  0.0    0 10.6 18 150   M    M   4 1      27 150
 3  32  23  28   M  37   0 0.02    M    M 14.6 30 310   M    M  10 1      33 310
 4  25  14  20   M  45   0    M    M    M 13.5 27 310   M    M   4 1      37 310
 5  39  21  30   M  35   0 0.00  0.0    M  7.6 13 180   M    M   6         M  M
 6  34  16  25   M  40   0 0.00  0.0    M 22.2 32 330   M    M   4        43 330
 7  34  12  23   M  42   0 0.00  0.0    M 12.7 20 320   M    M   0        27 310
 8  34  18  26   M  39   0    M    M    M  7.3 15 120   M    M   3         M  M
 9  36  25  31   M  34   0 0.06    M    M  7.5 10 340   M    M   8         M  M
10  45  21  33   M  32   0 0.00  0.0    M  8.5 13 220   M    M   6        15 240
11  57  32  45   M  20   0 0.05    M    0  9.0 21 150   M    M   4        22 100
12  61  39  50   M  15   0 0.00  0.0    0 12.5 21 160   M    M   3        29 160
13  50  36  43   M  22   0 0.70    M    0 23.3 30  60   M    M  10 3      43  60
14  36  27  32   M  33   0 0.30    M    0 28.5 39  70   M    M   9 1      52  70
15  28  23  26   M  39   0    M    M    M 16.1 25  20   M    M   8 1      29  20
16  32  23  28   M  37   0    M    M    M 18.5 24 320   M    M   9        32 320
17  41  25  33   M  32   0 0.00  0.0    M 10.3 15  60   M    M   2        21  60
18  32  28  30   M  35   0    M    M    M 12.6 17  80   M    M   4        24  80
19  45  19  32   M  33   0 0.00  0.0    M  8.0 12 340   M    M   0         M  M
20  55  28  42   M  23   0 0.00  0.0    M  5.5 10  20   M    M   1        12 200
21  57  41  49   M  16   0 0.00  0.0    M  9.7 16 130   M    M   7        18  80
22  64  41  53   M  12   0 0.00  0.0    0 10.0 18 100   M    M   2        22  80
23  70  39  55   M  10   0 0.00  0.0    0  7.8 12  80   M    M   1        15  99
================================================================================
SM  980  587       706   0  1.13     0.0 286.9          M      105
================================================================================
AV 42.6 25.5                              12.5 FASTST   M    M   5    MAX(MPH)
                                 MISC ---->  # 39  70               # 52   70
================================================================================
NOTES:
# LAST OF SEVERAL OCCURRENCES

COLUMN 17 PEAK WIND IN M.P.H.

PRELIMINARY LOCAL CLIMATOLOGICAL DATA (WS FORM: F-6) , PAGE 2

                                          STATION:  OELWEIN IA
                                          MONTH:    APRIL
                                          YEAR:     2018
                                          LATITUDE:   42 40 N
                                          LONGITUDE:  91 58 W

[TEMPERATURE DATA]      [PRECIPITATION DATA]       SYMBOLS USED IN COLUMN 16

AVERAGE MONTHLY: 34.1   TOTAL FOR MONTH:   1.13    1 = FOG OR MIST
DPTR FM NORMAL:     M   DPTR FM NORMAL:       M    2 = FOG REDUCING VISIBILITY
HIGHEST:    70 ON 23    GRTST 24HR  0.70 ON 13-13      TO 1/4 MILE OR LESS
LOWEST:     12 ON  7                               3 = THUNDER
                        SNOW, ICE PELLETS, HAIL    4 = ICE PELLETS
                        TOTAL MONTH:   0.0 INCH    5 = HAIL
                        GRTST 24HR     0.0         6 = FREEZING RAIN OR DRIZZLE
                        GRTST DEPTH:   0           7 = DUSTSTORM OR SANDSTORM:
                                                       VSBY 1/2 MILE OR LESS
                                                   8 = SMOKE OR HAZE
[NO. OF DAYS WITH]      [WEATHER - DAYS WITH]      9 = BLOWING SNOW
                                                   X = TORNADO
MAX 32 OR BELOW:   5    0.01 INCH OR MORE:   5
MAX 90 OR ABOVE:   0    0.10 INCH OR MORE:   2
MIN 32 OR BELOW:  18    0.50 INCH OR MORE:   1
MIN  0 OR BELOW:   0    1.00 INCH OR MORE:   0

[HDD (BASE 65) ]
TOTAL THIS MO.   706    CLEAR  (SCALE 0-3)   8
DPTR FM NORMAL     M    PTCLDY (SCALE 4-7)  11
TOTAL FM JUL 1  7120    CLOUDY (SCALE 8-10)  4
DPTR FM NORMAL     M

[CDD (BASE 65) ]
TOTAL THIS MO.     0
DPTR FM NORMAL     M    [PRESSURE DATA]
TOTAL FM JAN 1     0    HIGHEST SLP M ON M
DPTR FM NORMAL     M    LOWEST  SLP M ON M

[REMARKS]
