648
CXUS51 KPBZ 240804
CF6PHD
PRELIMINARY LOCAL CLIMATOLOGICAL DATA (WS FORM: F-6)

                                          STATION:   NEW PHILADELPHIA OH
                                          MONTH:     MAY
                                          YEAR:      2018
                                          LATITUDE:   40 28 N
                                          LONGITUDE:  81 25 W

  TEMPERATURE IN F:       :PCPN:    SNOW:  WIND      :SUNSHINE: SKY     :PK WND
================================================================================
1   2   3   4   5  6A  6B    7    8   9   10  11  12  13   14  15   16   17  18
                                     12Z  AVG MX 2MIN
DY MAX MIN AVG DEP HDD CDD  WTR  SNW DPTH SPD SPD DIR MIN PSBL S-S WX    SPD DR
================================================================================

 1  81  36  59   3   6   0 0.00  0.0    0  5.0 15 240   M    M   0        22 210
 2  85  45  65   9   0   0 0.00  0.0    0  7.8 20 230   M    M   2        29 250
 3  84  65  75  19   0  10 0.10  0.0    0  7.4 23 300   M    M   7 138    34 280
 4  82  54  68  12   0   3 0.09  0.0    0  8.3 26 310   M    M   6 13     40 320
 5  72  46  59   2   6   0    T    M    0  2.4  9 170   M    M   2        13 130
 6  76  54  65   8   0   0    T  0.0    0  3.4 23 340   M    M   4 1      30 330
 7  75  51  63   6   2   0 0.00    M    M  5.4 16 330   M    M   2 1      20 330
 8  80  47  64   6   1   0 0.00  0.0    0  2.0  8 340   M    M   2 8       M  M
 9  84  50  67   9   0   2 0.00  0.0    0  6.5 12 190   M    M   2        23 200
10  80  57  69  11   0   4 0.14  0.0    0  8.3 18 300   M    M   4 138    28 290
11  68  53  61   3   4   0 0.00  0.0    0  5.7 13  70   M    M   4        19  60
12  83  51  67   8   0   2 0.34  0.0    0  5.2 18 330   M    M   4 13     27 320
13  80  55  68   9   0   3 0.14    M    M  4.1 14 340   M    M   8 138    16 350
14  79  61  70  11   0   5 0.05    M    M  3.2 23 330   M    M   5 123    30 340
15  82  62  72  12   0   7    T  0.0    0  6.5 17 330   M    M   4 1      25 290
16  73  63  68   8   0   3    T  0.0    0  2.1  8 340   M    M   7 1      10 340
17  84  63  74  14   0   9 0.00  0.0    0  5.1 15  20   M    M   5 1      22  20
18  76  59  68   8   0   3 0.01  0.0    0  9.2 24 120   M    M   6        32 120
19  78  62  70   9   0   5 0.37  0.0    0  7.3 17 120   M    M   5 13     23 180
20  75  60  68   7   0   3 0.01    M    M  4.9 14 340   M    M   6 1      17 330
21  83  56  70   9   0   5 0.72    M    M  3.5 10 280   M    M   1 13     18 110
22  81  64  73  11   0   8 0.15    M    M  4.2 30 290   M    M   8 13     41 290
23  76  57  67   5   0   2 0.00  0.0    0  5.1 13  80   M    M   5 1      19  50
================================================================================
SM 1817 1271        19  74  2.12     0.0 122.6          M       99
================================================================================
AV 79.0 55.3                               5.3 FASTST   M    M   4    MAX(MPH)
                                 MISC ---->  # 30 290               # 41  290
================================================================================
NOTES:
# LAST OF SEVERAL OCCURRENCES

COLUMN 17 PEAK WIND IN M.P.H.

PRELIMINARY LOCAL CLIMATOLOGICAL DATA (WS FORM: F-6) , PAGE 2

                                          STATION:  NEW PHILADELPHIA OH
                                          MONTH:    MAY
                                          YEAR:     2018
                                          LATITUDE:   40 28 N
                                          LONGITUDE:  81 25 W

[TEMPERATURE DATA]      [PRECIPITATION DATA]       SYMBOLS USED IN COLUMN 16

AVERAGE MONTHLY: 67.1   TOTAL FOR MONTH:   2.12    1 = FOG OR MIST
DPTR FM NORMAL:   8.4   DPTR FM NORMAL:   -0.87    2 = FOG REDUCING VISIBILITY
HIGHEST:    85 ON  2    GRTST 24HR  0.72 ON 21-21      TO 1/4 MILE OR LESS
LOWEST:     36 ON  1                               3 = THUNDER
                        SNOW, ICE PELLETS, HAIL    4 = ICE PELLETS
                        TOTAL MONTH:   0.0 INCH    5 = HAIL
                        GRTST 24HR     0.0         6 = FREEZING RAIN OR DRIZZLE
                        GRTST DEPTH:   0           7 = DUSTSTORM OR SANDSTORM:
                                                       VSBY 1/2 MILE OR LESS
                                                   8 = SMOKE OR HAZE
[NO. OF DAYS WITH]      [WEATHER - DAYS WITH]      9 = BLOWING SNOW
                                                   X = TORNADO
MAX 32 OR BELOW:   0    0.01 INCH OR MORE:  11
MAX 90 OR ABOVE:   0    0.10 INCH OR MORE:   7
MIN 32 OR BELOW:   0    0.50 INCH OR MORE:   1
MIN  0 OR BELOW:   0    1.00 INCH OR MORE:   0

[HDD (BASE 65) ]
TOTAL THIS MO.    19    CLEAR  (SCALE 0-3)   7
DPTR FM NORMAL  -144    PTCLDY (SCALE 4-7)  16
TOTAL FM JUL 1  5586    CLOUDY (SCALE 8-10)  0
DPTR FM NORMAL     8

[CDD (BASE 65) ]
TOTAL THIS MO.    74
DPTR FM NORMAL    57    [PRESSURE DATA]
TOTAL FM JAN 1    87    HIGHEST SLP M ON M
DPTR FM NORMAL    63    LOWEST  SLP 29.78 ON 10

[REMARKS]
