000
CXUS52 KFFC 191110
CF6RMG
PRELIMINARY LOCAL CLIMATOLOGICAL DATA (WS FORM: F-6)

                                          STATION:   ROME
                                          MONTH:     APRIL
                                          YEAR:      2018
                                          LATITUDE:   34 20 N
                                          LONGITUDE:  85 10 W

  TEMPERATURE IN F:       :PCPN:    SNOW:  WIND      :SUNSHINE: SKY     :PK WND
================================================================================
1   2   3   4   5  6A  6B    7    8   9   10  11  12  13   14  15   16   17  18
                                     12Z  AVG MX 2MIN
DY MAX MIN AVG DEP HDD CDD  WTR  SNW DPTH SPD SPD DIR MIN PSBL S-S WX    SPD DR
================================================================================

 1  79  40  60   4   5   0 0.00  0.0    0  2.8 12 190   M    M   0 1      16 230
 2  81  48  65   8   0   0 0.00  0.0    0  3.5 13 280   M    M   0        18 220
 3  81  53  67  10   0   2 0.00  0.0    0  5.3 16 200   M    M   4        23 220
 4  72  45  59   2   6   0    T    M    0  9.6 29 280   M    M   3 1      43 280
 5  67  37  52  -5  13   0 0.00  0.0    0  3.5 13  10   M    M   0        15  10
 6  66  44  55  -2  10   0 0.10    M    0  3.3 13 330   M    M   8 1      15 320
 7  55  40  48 -10  17   0 0.05    M    0  9.6 21 350   M    M   9 1      25 360
 8  57  35  46 -12  19   0 0.00  0.0    0  7.2 17  10   M    M   5        22 350
 9  68  47  58   0   7   0 0.04    M    0  3.6 10 100   M    M   8 1      18 360
10  69  49  59   1   6   0 0.00  0.0    0  6.4 17  60   M    M   2        20  60
11  71  40  56  -3   9   0 0.00  0.0    0  3.8 12 360   M    M   0        15 300
12  80  41  61   2   4   0 0.00  0.0    0  4.3 18 160   M    M   0        30 170
13  83  46  65   6   0   0 0.00  0.0    0  6.3 18 170   M    M   0        24 160
14  82  58  70  11   0   5 0.53  0.0    0  9.3 24 180   M    M   6 138    32 190
15  64  42  53  -7  12   0 0.78    M    0  7.8 20 290   M    M  10 1      27 320
16  54  36  45 -15  20   0 0.00  0.0    0  9.1 22 280   M    M   6        28 280
17  77  30  54  -6  11   0 0.00  0.0    0  4.7 18 250   M    M   0        25 250
18  82  47  65   5   0   0 0.00  0.0    0  8.0 18 240   M    M   1        30 250
================================================================================
SM 1288  778       139   7  1.50     0.0 108.1          M       62
================================================================================
AV 71.6 43.2                               6.0 FASTST   M    M   3    MAX(MPH)
                                 MISC ---->  # 29 280               # 43  280
================================================================================
NOTES:
# LAST OF SEVERAL OCCURRENCES

COLUMN 17 PEAK WIND IN M.P.H.

PRELIMINARY LOCAL CLIMATOLOGICAL DATA (WS FORM: F-6) , PAGE 2

                                          STATION:  ROME
                                          MONTH:    APRIL
                                          YEAR:     2018
                                          LATITUDE:   34 20 N
                                          LONGITUDE:  85 10 W

[TEMPERATURE DATA]      [PRECIPITATION DATA]       SYMBOLS USED IN COLUMN 16

AVERAGE MONTHLY: 57.4   TOTAL FOR MONTH:   1.50    1 = FOG OR MIST
DPTR FM NORMAL:  -0.9   DPTR FM NORMAL:   -0.67    2 = FOG REDUCING VISIBILITY
HIGHEST:    83 ON 13    GRTST 24HR  0.78 ON 15-15      TO 1/4 MILE OR LESS
LOWEST:     30 ON 17                               3 = THUNDER
                        SNOW, ICE PELLETS, HAIL    4 = ICE PELLETS
                        TOTAL MONTH:   0.0 INCH    5 = HAIL
                        GRTST 24HR     0.0         6 = FREEZING RAIN OR DRIZZLE
                        GRTST DEPTH:   0           7 = DUSTSTORM OR SANDSTORM:
                                                       VSBY 1/2 MILE OR LESS
                                                   8 = SMOKE OR HAZE
[NO. OF DAYS WITH]      [WEATHER - DAYS WITH]      9 = BLOWING SNOW
                                                   X = TORNADO
MAX 32 OR BELOW:   0    0.01 INCH OR MORE:   5
MAX 90 OR ABOVE:   0    0.10 INCH OR MORE:   3
MIN 32 OR BELOW:   1    0.50 INCH OR MORE:   2
MIN  0 OR BELOW:   0    1.00 INCH OR MORE:   0

[HDD (BASE 65) ]
TOTAL THIS MO.   139    CLEAR  (SCALE 0-3)  10
DPTR FM NORMAL     5    PTCLDY (SCALE 4-7)   6
TOTAL FM JUL 1  2827    CLOUDY (SCALE 8-10)  2
DPTR FM NORMAL  -334

[CDD (BASE 65) ]
TOTAL THIS MO.     7
DPTR FM NORMAL    -7    [PRESSURE DATA]
TOTAL FM JAN 1    36    HIGHEST SLP M ON M
DPTR FM NORMAL    18    LOWEST  SLP 29.62 ON 15

[REMARKS]
